{"id":725,"date":"2025-07-09T13:32:12","date_gmt":"2025-07-09T11:32:12","guid":{"rendered":"https:\/\/webs.uab.cat\/nitrecercat\/?page_id=725"},"modified":"2025-09-25T12:33:26","modified_gmt":"2025-09-25T10:33:26","slug":"visites-als-espais-de-recerca","status":"publish","type":"page","link":"https:\/\/webs.uab.cat\/nitrecercat\/visites-als-espais-de-recerca\/","title":{"rendered":"Visites als espais de recerca"},"content":{"rendered":"\n<p>Pots inscriure&#8217;t a les visites al Punt d&#8217;Informaci\u00f3 al costar de la Facultat de Ci\u00e8ncies a partir de les 17h.<\/p>\n\n\n\n<div class=\"wp-block-columns alignfull is-layout-flex wp-container-core-columns-is-layout-9d6595d7 wp-block-columns-is-layout-flex\">\n<div class=\"wp-block-column is-layout-flow wp-block-column-is-layout-flow\" style=\"flex-basis:100%\">\n<div class=\"wp-block-media-text alignwide has-media-on-the-right is-stacked-on-mobile has-gris-pubilla-background-color has-background\"><div class=\"wp-block-media-text__content\">\n<h2 class=\"wp-block-heading\">Visita als laboratoris del Grup de recerca Sostenipra<\/h2>\n\n\n\n<p class=\"has-small-font-size\">Les persones visitants podran veure un espai \u00fanic a Catalunya en el qual s&#8217;experimenta amb la producci\u00f3 d&#8217;aliments en hivernacles integrats als edificis. Es podran visitar els espais dedicats als cultius hidrop\u00f2nics i es mostraran de primera m\u00e0 les sin\u00e8rgies entre els hivernacles i l&#8217;edifici, com ara la recuperaci\u00f3 d&#8217;aigua pluvial, l&#8217;orina i el compost. Ser\u00e0 una oportunitat \u00fanica d&#8217;accedir a l&#8217;edifici ICTA-ICP, guardonat amb diversos premis d&#8217;arquitectura i certificacions ambientals pel seu disseny biodin\u00e0mic.&nbsp;<br><\/p>\n<\/div><figure class=\"wp-block-media-text__media\"><img loading=\"lazy\" decoding=\"async\" width=\"1024\" height=\"575\" src=\"https:\/\/webs.uab.cat\/nitrecercat\/wp-content\/uploads\/sites\/565\/2025\/07\/2025032810423871296-1024x575.jpg\" alt=\"\" class=\"wp-image-740 size-full\" srcset=\"https:\/\/webs.uab.cat\/nitrecercat\/wp-content\/uploads\/sites\/565\/2025\/07\/2025032810423871296-1024x575.jpg 1024w, https:\/\/webs.uab.cat\/nitrecercat\/wp-content\/uploads\/sites\/565\/2025\/07\/2025032810423871296-300x169.jpg 300w, https:\/\/webs.uab.cat\/nitrecercat\/wp-content\/uploads\/sites\/565\/2025\/07\/2025032810423871296-768x431.jpg 768w, https:\/\/webs.uab.cat\/nitrecercat\/wp-content\/uploads\/sites\/565\/2025\/07\/2025032810423871296-1536x863.jpg 1536w, https:\/\/webs.uab.cat\/nitrecercat\/wp-content\/uploads\/sites\/565\/2025\/07\/2025032810423871296-1200x674.jpg 1200w, https:\/\/webs.uab.cat\/nitrecercat\/wp-content\/uploads\/sites\/565\/2025\/07\/2025032810423871296.jpg 1620w\" sizes=\"auto, (max-width: 1024px) 100vw, 1024px\" \/><\/figure><\/div>\n\n\n\n<div class=\"wp-block-media-text alignwide is-stacked-on-mobile has-verd-tropic-transparent-background-color has-background\"><figure class=\"wp-block-media-text__media\"><img loading=\"lazy\" decoding=\"async\" width=\"1024\" height=\"683\" src=\"https:\/\/webs.uab.cat\/nitrecercat\/wp-content\/uploads\/sites\/565\/2025\/07\/escolaenginyeria-1024x683.jpg\" alt=\"\" class=\"wp-image-732 size-full\" srcset=\"https:\/\/webs.uab.cat\/nitrecercat\/wp-content\/uploads\/sites\/565\/2025\/07\/escolaenginyeria-1024x683.jpg 1024w, https:\/\/webs.uab.cat\/nitrecercat\/wp-content\/uploads\/sites\/565\/2025\/07\/escolaenginyeria-300x200.jpg 300w, https:\/\/webs.uab.cat\/nitrecercat\/wp-content\/uploads\/sites\/565\/2025\/07\/escolaenginyeria-768x512.jpg 768w, https:\/\/webs.uab.cat\/nitrecercat\/wp-content\/uploads\/sites\/565\/2025\/07\/escolaenginyeria.jpg 1086w\" sizes=\"auto, (max-width: 1024px) 100vw, 1024px\" \/><\/figure><div class=\"wp-block-media-text__content\">\n<h2 class=\"wp-block-heading\">Visita als laboratoris del Grup de Recerca en Compostatge<\/h2>\n\n\n\n<p class=\"has-small-font-size\">Visita els laboratoris del Grup de Recerca en Compostatge. Els investigadors proporcionaran explicacions dels processos microbians, els dissenys de sistemes i les aplicacions reals d&#8217;aquestes tecnologies sostenibles, dirigides a un p\u00fablic ampli amb diferents nivells de formaci\u00f3 cient\u00edfica. La visita conclour\u00e0 amb una demostraci\u00f3 de bioprocessos i una sessi\u00f3 de preguntes i respostes amb els investigadors per fomentar el di\u00e0leg obert i promoure l&#8217;alfabetitzaci\u00f3 cient\u00edfica al voltant de les solucions d&#8217;economia circular i la innovaci\u00f3 verda.<\/p>\n<\/div><\/div>\n\n\n\n<div class=\"wp-block-media-text alignwide has-media-on-the-right is-stacked-on-mobile has-gris-pubilla-background-color has-background\"><div class=\"wp-block-media-text__content\">\n<h2 class=\"wp-block-heading\">Visita als laboratoris del Grup de Recerca en Antropolog\u00eda Biol\u00f3gica<\/h2>\n\n\n\n<p class=\"has-small-font-size\">Visita als laboratoris del Grup de Recerca en Antropologia Biol\u00f2gica en que es fa l\u2019estudi morfol\u00f2gic, histol\u00f2gic i gen\u00e8tic de restes esquel\u00e8tiques \u2013 complementa el taller \u201cEntra a la m\u00e0quina del temps\u201d<\/p>\n<\/div><figure class=\"wp-block-media-text__media\"><img loading=\"lazy\" decoding=\"async\" width=\"1024\" height=\"683\" src=\"https:\/\/webs.uab.cat\/nitrecercat\/wp-content\/uploads\/sites\/565\/2024\/07\/iStock-1496113079-1024x683.jpg\" alt=\"\" class=\"wp-image-314 size-full\" srcset=\"https:\/\/webs.uab.cat\/nitrecercat\/wp-content\/uploads\/sites\/565\/2024\/07\/iStock-1496113079-1024x683.jpg 1024w, https:\/\/webs.uab.cat\/nitrecercat\/wp-content\/uploads\/sites\/565\/2024\/07\/iStock-1496113079-300x200.jpg 300w, https:\/\/webs.uab.cat\/nitrecercat\/wp-content\/uploads\/sites\/565\/2024\/07\/iStock-1496113079-768x512.jpg 768w, https:\/\/webs.uab.cat\/nitrecercat\/wp-content\/uploads\/sites\/565\/2024\/07\/iStock-1496113079-1200x801.jpg 1200w, https:\/\/webs.uab.cat\/nitrecercat\/wp-content\/uploads\/sites\/565\/2024\/07\/iStock-1496113079.jpg 1253w\" sizes=\"auto, (max-width: 1024px) 100vw, 1024px\" \/><\/figure><\/div>\n\n\n\n<div class=\"wp-block-media-text alignwide is-stacked-on-mobile has-verd-tropic-transparent-background-color has-background\" style=\"grid-template-columns:49% auto\"><figure class=\"wp-block-media-text__media\"><img loading=\"lazy\" decoding=\"async\" width=\"787\" height=\"591\" src=\"https:\/\/webs.uab.cat\/nitrecercat\/wp-content\/uploads\/sites\/565\/2025\/07\/im3.png\" alt=\"\" class=\"wp-image-842 size-full\" srcset=\"https:\/\/webs.uab.cat\/nitrecercat\/wp-content\/uploads\/sites\/565\/2025\/07\/im3.png 787w, https:\/\/webs.uab.cat\/nitrecercat\/wp-content\/uploads\/sites\/565\/2025\/07\/im3-300x225.png 300w, https:\/\/webs.uab.cat\/nitrecercat\/wp-content\/uploads\/sites\/565\/2025\/07\/im3-768x577.png 768w\" sizes=\"auto, (max-width: 787px) 100vw, 787px\" \/><\/figure><div class=\"wp-block-media-text__content\">\n<h2 class=\"wp-block-heading\">Visita les instal\u00b7lacions del Grup de Recerca en Fiabilitat de Dispositius i Circuits Electr\u00f2nics<\/h2>\n\n\n\n<p class=\"has-small-font-size\">El grup REDEC disposa de dos laboratoris completament equipats amb instruments de mesura de darrera generaci\u00f3. Un d\u2019ells permet avaluar les propietats dels dispositius i dels circuits de manera global, mentre que l\u2019altre incorpora t\u00e8cniques de microscopia de forces at\u00f2miques (AFM) per avaluar les propietats dels materials que els constitueixen a escala de pocs nan\u00f2metres.<\/p>\n<\/div><\/div>\n\n\n\n<div class=\"wp-block-media-text alignwide has-media-on-the-right is-stacked-on-mobile has-gris-pubilla-background-color has-background\"><div class=\"wp-block-media-text__content\">\n<h2 class=\"wp-block-heading\">Visita als laboratoris de l&#8217;Institut de Biotecnologia i de Biomedicina<\/h2>\n\n\n\n<p>Es proposa una visita itinerant a un institut de recerca biom\u00e8dica propi de la UAB: l&#8217;lnstitut de Biotecnologia i de Biomedicina. Oferim dos itineraris possibles:<\/p>\n\n\n\n<p>(1) Itinerari MODELS ANIMALS: coneixerem alguns models animals importants per la investigaci\u00f3 de malalties humanes<\/p>\n\n\n\n<p>(2) Itinerari PROTE\u00cfNES: veurem qu\u00e8 s\u00f3n les prote\u00efnes i com les seves propietats impacten en el desenvolupament de nous f\u00e0rmacs<\/p>\n<\/div><figure class=\"wp-block-media-text__media\"><img loading=\"lazy\" decoding=\"async\" width=\"1024\" height=\"768\" src=\"https:\/\/webs.uab.cat\/nitrecercat\/wp-content\/uploads\/sites\/565\/2024\/09\/WhatsApp-Image-2024-02-09-at-13.57.39-1024x768.jpeg\" alt=\"\" class=\"wp-image-520 size-full\" srcset=\"https:\/\/webs.uab.cat\/nitrecercat\/wp-content\/uploads\/sites\/565\/2024\/09\/WhatsApp-Image-2024-02-09-at-13.57.39-1024x768.jpeg 1024w, https:\/\/webs.uab.cat\/nitrecercat\/wp-content\/uploads\/sites\/565\/2024\/09\/WhatsApp-Image-2024-02-09-at-13.57.39-300x225.jpeg 300w, https:\/\/webs.uab.cat\/nitrecercat\/wp-content\/uploads\/sites\/565\/2024\/09\/WhatsApp-Image-2024-02-09-at-13.57.39-768x576.jpeg 768w, https:\/\/webs.uab.cat\/nitrecercat\/wp-content\/uploads\/sites\/565\/2024\/09\/WhatsApp-Image-2024-02-09-at-13.57.39-1536x1152.jpeg 1536w, https:\/\/webs.uab.cat\/nitrecercat\/wp-content\/uploads\/sites\/565\/2024\/09\/WhatsApp-Image-2024-02-09-at-13.57.39-1200x900.jpeg 1200w, https:\/\/webs.uab.cat\/nitrecercat\/wp-content\/uploads\/sites\/565\/2024\/09\/WhatsApp-Image-2024-02-09-at-13.57.39.jpeg 1600w\" sizes=\"auto, (max-width: 1024px) 100vw, 1024px\" \/><\/figure><\/div>\n\n\n\n<div class=\"wp-block-media-text alignwide is-stacked-on-mobile has-verd-tropic-transparent-background-color has-background\" style=\"grid-template-columns:49% auto\"><figure class=\"wp-block-media-text__media\"><img loading=\"lazy\" decoding=\"async\" width=\"742\" height=\"471\" src=\"https:\/\/webs.uab.cat\/nitrecercat\/wp-content\/uploads\/sites\/565\/2025\/07\/iStock-692685540.jpg\" alt=\"\" class=\"wp-image-805 size-full\" srcset=\"https:\/\/webs.uab.cat\/nitrecercat\/wp-content\/uploads\/sites\/565\/2025\/07\/iStock-692685540.jpg 742w, https:\/\/webs.uab.cat\/nitrecercat\/wp-content\/uploads\/sites\/565\/2025\/07\/iStock-692685540-300x190.jpg 300w\" sizes=\"auto, (max-width: 742px) 100vw, 742px\" \/><\/figure><div class=\"wp-block-media-text__content\">\n<h2 class=\"wp-block-heading\">Visita la sala de disecci\u00f3 de la Facultat de Medicina<\/h2>\n\n\n\n<p class=\"has-small-font-size\">Vols viure una experi\u00e8ncia \u00fanica? Vine a visitar la sala de dissecci\u00f3 de la Facultat de Medicina i descobreix de prop com s&#8217;estudia l&#8217;anatomia humana. Tindrem dues sessions: a les 17:30h i a les 18:30h, amb una durada de 30 minuts cadascuna. Una oportunitat excepcional per con\u00e8ixer un espai clau en la formaci\u00f3 en Ci\u00e8ncies de la Salut! Places limitades, no t&#8217;ho perdis!<\/p>\n<\/div><\/div>\n<\/div>\n<\/div>\n\n\n\n<p><\/p>\n","protected":false},"excerpt":{"rendered":"<p>Pots inscriure&#8217;t a les visites al Punt d&#8217;Informaci\u00f3 al costar de la Facultat de Ci\u00e8ncies a partir de les 17h. Visita als laboratoris del Grup de recerca Sostenipra Les persones visitants podran veure un espai \u00fanic a Catalunya en el qual s&#8217;experimenta amb la producci\u00f3 d&#8217;aliments en hivernacles integrats als edificis. Es podran visitar els [&hellip;]<\/p>\n","protected":false},"author":20,"featured_media":0,"parent":0,"menu_order":0,"comment_status":"closed","ping_status":"closed","template":"","meta":{"footnotes":""},"class_list":["post-725","page","type-page","status-publish","hentry"],"_links":{"self":[{"href":"https:\/\/webs.uab.cat\/nitrecercat\/wp-json\/wp\/v2\/pages\/725","targetHints":{"allow":["GET"]}}],"collection":[{"href":"https:\/\/webs.uab.cat\/nitrecercat\/wp-json\/wp\/v2\/pages"}],"about":[{"href":"https:\/\/webs.uab.cat\/nitrecercat\/wp-json\/wp\/v2\/types\/page"}],"author":[{"embeddable":true,"href":"https:\/\/webs.uab.cat\/nitrecercat\/wp-json\/wp\/v2\/users\/20"}],"replies":[{"embeddable":true,"href":"https:\/\/webs.uab.cat\/nitrecercat\/wp-json\/wp\/v2\/comments?post=725"}],"version-history":[{"count":24,"href":"https:\/\/webs.uab.cat\/nitrecercat\/wp-json\/wp\/v2\/pages\/725\/revisions"}],"predecessor-version":[{"id":889,"href":"https:\/\/webs.uab.cat\/nitrecercat\/wp-json\/wp\/v2\/pages\/725\/revisions\/889"}],"wp:attachment":[{"href":"https:\/\/webs.uab.cat\/nitrecercat\/wp-json\/wp\/v2\/media?parent=725"}],"curies":[{"name":"wp","href":"https:\/\/api.w.org\/{rel}","templated":true}]}}