{"id":73,"date":"2016-01-21T15:08:33","date_gmt":"2016-01-21T13:08:33","guid":{"rendered":"http:\/\/blogs.uab.cat\/nonsexistlanguage\/?page_id=73"},"modified":"2024-02-12T10:27:06","modified_gmt":"2024-02-12T10:27:06","slug":"estereotips","status":"publish","type":"page","link":"https:\/\/webs.uab.cat\/nonsexistlanguage\/estereotips\/","title":{"rendered":"Estereotips"},"content":{"rendered":"<p>En aquest apartat recollim una s\u00e8rie d\u2019apunts sobre estereotips sexistes que sovint s\u2019amaguen darrere de determinats enunciats. La intenci\u00f3 \u00e9s reflexionar sobre aquest tema per tal de detectar aquests estereotips m\u00e9s f\u00e0cilment i poder eliminar-los del nostre discurs.<\/p>\n<hr \/>\n<p><a href=\"http:\/\/webs.uab.cat\/nonsexistlanguage\/estereotips\/us-asimetric\/\">\u00das asim\u00e8tric dels cognoms i dels tractaments, i altres asimetries<\/a><\/p>\n<hr \/>\n<p><a href=\"http:\/\/webs.uab.cat\/nonsexistlanguage\/estereotips\/adjectius-i-noms\/\">Adjectius i noms amb diferent valor sem\u00e0ntic si es refereixen a homes o a dones<\/a><\/p>\n<hr \/>\n<p><a href=\"http:\/\/webs.uab.cat\/nonsexistlanguage\/estereotips\/pressuposits\/\">Pressup\u00f2sits<\/a><\/p>\n<hr \/>\n","protected":false},"excerpt":{"rendered":"<p>En aquest apartat recollim una s\u00e8rie d\u2019apunts sobre estereotips sexistes que sovint s\u2019amaguen darrere de determinats enunciats. La intenci\u00f3 \u00e9s reflexionar sobre aquest tema per tal de detectar aquests estereotips m\u00e9s f\u00e0cilment i poder eliminar-los del nostre discurs. \u00das asim\u00e8tric dels cognoms i dels tractaments, i altres asimetries Adjectius i noms amb diferent valor sem\u00e0ntic [&hellip;]<\/p>\n","protected":false},"author":59,"featured_media":0,"parent":0,"menu_order":4,"comment_status":"closed","ping_status":"closed","template":"","meta":{"footnotes":""},"class_list":["post-73","page","type-page","status-publish","hentry"],"_links":{"self":[{"href":"https:\/\/webs.uab.cat\/nonsexistlanguage\/wp-json\/wp\/v2\/pages\/73","targetHints":{"allow":["GET"]}}],"collection":[{"href":"https:\/\/webs.uab.cat\/nonsexistlanguage\/wp-json\/wp\/v2\/pages"}],"about":[{"href":"https:\/\/webs.uab.cat\/nonsexistlanguage\/wp-json\/wp\/v2\/types\/page"}],"author":[{"embeddable":true,"href":"https:\/\/webs.uab.cat\/nonsexistlanguage\/wp-json\/wp\/v2\/users\/59"}],"replies":[{"embeddable":true,"href":"https:\/\/webs.uab.cat\/nonsexistlanguage\/wp-json\/wp\/v2\/comments?post=73"}],"version-history":[{"count":1,"href":"https:\/\/webs.uab.cat\/nonsexistlanguage\/wp-json\/wp\/v2\/pages\/73\/revisions"}],"predecessor-version":[{"id":318,"href":"https:\/\/webs.uab.cat\/nonsexistlanguage\/wp-json\/wp\/v2\/pages\/73\/revisions\/318"}],"wp:attachment":[{"href":"https:\/\/webs.uab.cat\/nonsexistlanguage\/wp-json\/wp\/v2\/media?parent=73"}],"curies":[{"name":"wp","href":"https:\/\/api.w.org\/{rel}","templated":true}]}}