{"id":86,"date":"2022-11-09T18:48:54","date_gmt":"2022-11-09T16:48:54","guid":{"rendered":"https:\/\/webs.uab.cat\/nuevosdesarrollosao\/?page_id=86"},"modified":"2025-03-07T20:00:28","modified_gmt":"2025-03-07T18:00:28","slug":"tesis-doctorales","status":"publish","type":"page","link":"https:\/\/webs.uab.cat\/nuevosdesarrollosao\/tesis-doctorales\/","title":{"rendered":"Tesis doctorales"},"content":{"rendered":"\n<h2 class=\"wp-block-heading\">Tesis en curso<\/h2>\n\n\n\n<p><strong>\u00c0ngela Altisent Altisent<\/strong>, Arte religioso en China: producci\u00f3n y distribuci\u00f3n contempor\u00e1nea del arte chino cristiano en la China continental. Dra.&nbsp;<strong>Amelia S\u00e1iz L\u00f3pez<\/strong>, UAB.<\/p>\n\n\n\n<p><strong>Oriol Mir Villegas<\/strong>, Statu quo socio-legal del hentai manga en Jap\u00f3n y en Espa\u00f1a. Dirs:&nbsp;<strong>Amelia S\u00e1iz L\u00f3pez<\/strong>&nbsp;and&nbsp;<strong>Artur Lozano M\u00e9ndez<\/strong>, UAB<\/p>\n\n\n\n<p><strong>Yang Zhao,&nbsp;<\/strong>The Impact of Socioeconomic Factors on Home Care Pattens in Palliative Care: A Mixed Research based on t<strong>wo Regions of Chinese Mainland.&nbsp;<\/strong><strong>Dirs. Amelia S\u00e1iz L\u00f3pez<\/strong>&nbsp;y&nbsp;<strong>Laura Lamas Abraira<\/strong><\/p>\n\n\n\n<p><strong>Jianing Zhang<\/strong>, Subt\u00edtulos m\u00e1s visibles, un estudio sobre el uso de los subt\u00edtulos en China: pr\u00e1cticas intraling\u00fc\u00edsticas y de traducci\u00f3n. Dirs:&nbsp;<strong>Artur Lozano<\/strong>&nbsp;y<strong>&nbsp;Ayumi Shimoyoshi<\/strong><\/p>\n\n\n\n<p><strong>Budi Buhamo<\/strong>. Ethnic Tourism and Ethnic Entrepreneurship: A Case Study of the Yi (Nuosu) in Southwest China. Dirs.&nbsp;<strong>Joaqu\u00edn Beltr\u00e1n<\/strong>&nbsp;y Francesc Romagosa, UAB.<\/p>\n\n\n\n<p><strong>Martin Te-Chi Chih<\/strong>, La cultura en la negociaci\u00f3n comercial entre personas chinas e hispanohablantes. Dir.&nbsp;<strong>Joaqu\u00edn Beltr\u00e1n Antol\u00edn<\/strong>&nbsp;y&nbsp;<strong>Andr\u00e9s Herrera-Feligreras<\/strong>. UAB<\/p>\n\n\n\n<p><strong>Julia Fern\u00e1ndez Garc\u00eda<\/strong>, Labour Market, Migration and Identity in the Special Administrative Region of Hong Kong, 1997-2023. Dir.&nbsp;<strong>Joaqu\u00edn Beltr\u00e1n<\/strong>&nbsp;y&nbsp;<strong>D\u00eddac Cubeiro.<\/strong>&nbsp;UAB<\/p>\n\n\n\n<p><strong>Minerva Terrades<\/strong>. Romance in Japanese TV Dramas. An analysis of Fuji TV Getsuku Dramas of the 1990s. Direcci\u00f3:&nbsp;<strong>Artur Lozano M\u00e9ndez<\/strong>.<\/p>\n\n\n\n<p><strong>Ivette Abul\u00ed Federico<\/strong>. M\u00e9s que bona esposa i mare s\u00e0via. Una aproximaci\u00f3 als feminismes japonesos des dels estudis culturals. Direcci\u00f3:&nbsp;<strong>Artur Lozano y Amelia S\u00e1iz<\/strong>.<\/p>\n\n\n\n<p><strong>Oscar Garc\u00eda Aranda<\/strong>. La transformaci\u00f3n art\u00edstica del manga en la evoluci\u00f3n est\u00e9tica de su dise\u00f1o de personajes: el caso de One Piece. Direcci\u00f3:&nbsp;<strong>Artur Lozano y Joaqu\u00edn Beltr\u00e1n<\/strong>.<\/p>\n\n\n\n<p><strong>Apodaca Ibarguren, Maialen<\/strong>. Estudio contrastivo sobre la psicolog\u00eda oriental y la psicolog\u00eda occidental: el origen y desarrollo de la psicolog\u00eda en Jap\u00f3n y la aplicaci\u00f3n de la Terapia Morita y la Terapia Naikan en Occidente. Direcci\u00f3:&nbsp;<strong>Artur Lozano<\/strong>.<\/p>\n\n\n\n<p><strong>Raquel Navarro Caparros<\/strong>. Historical revisionism in Japanese cultural products: A study on The Grave of Fireflies and The Wind Rises. Direcci\u00f3:&nbsp;<strong>Artur Lozano<\/strong>.<\/p>\n\n\n\n<p><strong>Sun Xuewei<\/strong>. Nacionalismo y consumo en China. Dir:&nbsp;<strong>Joaqu\u00edn Beltr\u00e1n y Amelia S\u00e1iz L\u00f3pez<\/strong>.<\/p>\n\n\n\n<p><strong>Rafael Flores Paz<\/strong>. El proyecto formativo del Han Kitab: t\u00e9cnicas, m\u00e9todos y objetivos Dir:&nbsp;<strong>Joaqu\u00edn Beltr\u00e1n<\/strong>. Beca Joint Research PhD Fellowship del Confucius China Studies Program<\/p>\n\n\n\n<p><strong>Marina Dmukhovskaya<\/strong>. Rise of Olympic movement in East Asia and gender issues: PyeongChang 2018, Tokyo 2020 and Beijing 2022. Dir:&nbsp;<strong>Joaqu\u00edn Beltr\u00e1n<\/strong>.<\/p>\n\n\n\n<p><strong>Zhang Qi<\/strong>. China\u2019s Trade Agreements with the European Union and with Latin American and the Caribbean in the 21st Century: A Comparative Analysis. Dir:&nbsp;<strong>Joaqu\u00edn Beltr\u00e1n<\/strong>.<\/p>\n\n\n\n<h2 class=\"wp-block-heading\">Tesis defendidas<\/h2>\n\n\n\n<p><strong>Huang Junyu,<\/strong>&nbsp;La representaci\u00f3n de la sinidad en la literatura espa\u00f1ola del siglo XXI.&nbsp;Dir:&nbsp;<strong>Amelia S\u00e1iz L\u00f3pez<\/strong>, UAB, 31\/01\/2025.<\/p>\n\n\n\n<p><strong>Marina Shafir,<\/strong>\u00a0<em><a href=\"https:\/\/ddd.uab.cat\/record\/299359\">The Formation of the Greater Bay Area in China as a Regional Innovation System<\/a>.\u00a0<\/em>Dir:\u00a0<strong>Joaqu\u00edn Beltr\u00e1n Antol\u00edn<\/strong>, UAB, 10\/05\/2024. Joint Research PhD Fellowship del Confucius China Studies Program<\/p>\n\n\n\n<p><strong>Fang Shuxin,\u00a0<\/strong><em><a href=\"https:\/\/ddd.uab.cat\/record\/296711\">Coproducci\u00f3n cinematogr\u00e1fica sino-europea en el siglo XXI<\/a><\/em>. Tesis dirigida por\u00a0<strong>Joaqu\u00edn Beltr\u00e1n Antol\u00edn y Amelia S\u00e1iz L\u00f3pez<\/strong>, UAB. 8\/03\/2024. PhD sholarship del China Scholarship Council<\/p>\n\n\n\n<p><strong>Mar\u00eda del Valle Guerra<\/strong>, El impacto de la m\u00fasica pop de Asia Oriental en Am\u00e9rica Latina. Estudio de caso de Mayday (Taiwan-China) y Super Junior (Corea del Sur) en Argentina.Tesis dirigida por <strong>Joaqu\u00edn Beltr\u00e1n Antol\u00edn y Amelia S\u00e1iz L\u00f3pez<\/strong>, UAB (2022) Tesis depositada 18\/01\/2022<\/p>\n\n\n\n<p><strong>Ruizhe Fang<\/strong>, <a rel=\"noreferrer noopener\" href=\"https:\/\/ddd.uab.cat\/record\/257683\" target=\"_blank\">Chinese tourists\u2019 perception of destination, travel motivation, value pursuit, and their connections.<\/a> Tesis doctoral dirigida por <strong>Jordi Rosell Fox\u00e1<\/strong>, UAB (2021)<\/p>\n\n\n\n<p><strong>Teresa Madue\u00f1o Hidalgo<\/strong>, <a href=\"https:\/\/burjcdigital.urjc.es\/handle\/10115\/18737\">La prostituci\u00f3n china en la Comunidad de Madrid. Un an\u00e1lisis desde la perspectiva de g\u00e9nero<\/a>. Tesis doctoral dirigida por Ana de Miguel y <strong>Amelia S\u00e1iz L\u00f3pez<\/strong>, Universidad Rey Juan Carlos de Madrid (2021)<\/p>\n\n\n\n<p><strong>Javiera Reyes Navarro<\/strong>, &nbsp;<a href=\"https:\/\/www.tdx.cat\/handle\/10803\/672025?locale-attribute=es#page=1\">Creating Chilean Identities to the Rhythm of Japanese Rock: A Study of Santiago de Chile\u00b4s Visual Kei Fandom as Subculture<\/a><em>.<\/em>Tesis doctoral dirigida por Jordi Mas L\u00f3pez y <strong>Artur Lozano M\u00e9ndez<\/strong>, UAB (2021). Menci\u00f3n Internacional.<\/p>\n\n\n\n<p><strong>Alfonso S\u00e1nchez Romera<\/strong>, <a href=\"https:\/\/www.tdx.cat\/handle\/10803\/671319\">The middle class in contemporary urban China: construction, practices and representations<\/a>. Tesis doctoral dirigida por <strong>Joaqu\u00edn Beltr\u00e1n Antol\u00edn y Amelia S\u00e1iz L\u00f3pez<\/strong>, UAB (2020) Menci\u00f3n Internacional.<\/p>\n\n\n\n<p><strong>Aran Romero Moreno<\/strong>, &nbsp;<a href=\"https:\/\/www.tesisenred.net\/handle\/10803\/670797#page=1\">El concepto wenming: Discurso, espacio y pr\u00e0ctica \u201ccivilizatoria\u201d en Nanjing, China<\/a><em>.&nbsp;<\/em>Tesis doctoral dirigida por Blai Guarn\u00e9 Cabello e <strong>Irene Masdeu Torruella<\/strong>, UAB (2020)<\/p>\n\n\n\n<p><strong>Eduardo Gonz\u00e1lez de la Fuente<\/strong>, &nbsp;<a rel=\"noreferrer noopener\" href=\"https:\/\/www.tesisenred.net\/handle\/10803\/670545#page=1\" target=\"_blank\">La conformaci\u00f3n del Karate de Okinawa entre la tradici\u00f3n y la modernidad. Una aproximaci\u00f3n a los procesos interculturales en el contexto de la globalizaci\u00f3n.<\/a> Tesis doctoral dirigida por Blai Guarn\u00e9 Cabello y <strong>Gustavo Pital C\u00e9spedes<\/strong>, UAB (2020).<\/p>\n\n\n\n<p><strong>Liang Lin<\/strong>, &nbsp;<a rel=\"noreferrer noopener\" href=\"https:\/\/www.tesisenred.net\/handle\/10803\/670614\" target=\"_blank\">An\u00e1lisis contrastivo de la traducci\u00f3n cient\u00edfico \u2013 t\u00e9cnica del espa\u00f1ol al chino con enfoques terminol\u00f3gicos \u2013 Caso del petr\u00f3leo<\/a><a>. <\/a>Tesis doctoral dirigida por <strong>Minkang Zhou<\/strong>. UAB (2020)<\/p>\n\n\n\n<p><strong>Yunong Liu<\/strong>, <a href=\"https:\/\/www.tesisenred.net\/handle\/10803\/672033#page=1\">The Communication System of the Chinese Community in Spain<\/a>. Tesis doctoral dirigida por <strong>Minkang Zhou<\/strong> y Mar\u00eda Jos\u00e9 Recoder..UAB (2020)<\/p>\n\n\n\n<p><strong>Laura Lamas Abraira<\/strong>, &nbsp;<a rel=\"noreferrer noopener\" href=\"https:\/\/www.tesisenred.net\/handle\/10803\/667942\" target=\"_blank\">The Whole and its Parts. Care Circulation and Children\u2019s Life Paths in Qingtianese Transnational<\/a>. Tesis doctoral dirigida por <strong>Joaqu\u00edn Beltr\u00e1n Antol\u00edn y Amelia S\u00e1iz L\u00f3pez<\/strong>, UAB (2019) Menci\u00f3n Internacional.<\/p>\n","protected":false},"excerpt":{"rendered":"<p>Tesis en curso \u00c0ngela Altisent Altisent, Arte religioso en China: producci\u00f3n y distribuci\u00f3n contempor\u00e1nea del arte chino cristiano en la China continental. Dra.&nbsp;Amelia S\u00e1iz L\u00f3pez, UAB. Oriol Mir Villegas, Statu quo socio-legal del hentai manga en Jap\u00f3n y en Espa\u00f1a. Dirs:&nbsp;Amelia S\u00e1iz L\u00f3pez&nbsp;and&nbsp;Artur Lozano M\u00e9ndez, UAB Yang Zhao,&nbsp;The Impact of Socioeconomic Factors on Home Care [&hellip;]<\/p>\n","protected":false},"author":304,"featured_media":0,"parent":0,"menu_order":0,"comment_status":"closed","ping_status":"closed","template":"","meta":{"footnotes":""},"class_list":["post-86","page","type-page","status-publish","hentry"],"_links":{"self":[{"href":"https:\/\/webs.uab.cat\/nuevosdesarrollosao\/wp-json\/wp\/v2\/pages\/86","targetHints":{"allow":["GET"]}}],"collection":[{"href":"https:\/\/webs.uab.cat\/nuevosdesarrollosao\/wp-json\/wp\/v2\/pages"}],"about":[{"href":"https:\/\/webs.uab.cat\/nuevosdesarrollosao\/wp-json\/wp\/v2\/types\/page"}],"author":[{"embeddable":true,"href":"https:\/\/webs.uab.cat\/nuevosdesarrollosao\/wp-json\/wp\/v2\/users\/304"}],"replies":[{"embeddable":true,"href":"https:\/\/webs.uab.cat\/nuevosdesarrollosao\/wp-json\/wp\/v2\/comments?post=86"}],"version-history":[{"count":6,"href":"https:\/\/webs.uab.cat\/nuevosdesarrollosao\/wp-json\/wp\/v2\/pages\/86\/revisions"}],"predecessor-version":[{"id":441,"href":"https:\/\/webs.uab.cat\/nuevosdesarrollosao\/wp-json\/wp\/v2\/pages\/86\/revisions\/441"}],"wp:attachment":[{"href":"https:\/\/webs.uab.cat\/nuevosdesarrollosao\/wp-json\/wp\/v2\/media?parent=86"}],"curies":[{"name":"wp","href":"https:\/\/api.w.org\/{rel}","templated":true}]}}