{"id":150,"date":"2015-05-13T11:13:29","date_gmt":"2015-05-13T11:13:29","guid":{"rendered":"https:\/\/webs.uab.cat\/occita\/altres-activitats\/"},"modified":"2015-05-13T11:13:29","modified_gmt":"2015-05-13T11:13:29","slug":"altres-activitats","status":"publish","type":"page","link":"https:\/\/webs.uab.cat\/occita\/altres-activitats\/","title":{"rendered":"Altres activitats"},"content":{"rendered":"<table border=\"0\" style=\"width: 1191px; height: 387px;\">\n<tbody>\n<tr>\n<td>\n<p align=\"justify\"><a href=\"https:\/\/www.aquodaqui.info\/Tres-autors-Provencaus-premiats-fora-lei-frontieras_a1639.html?TOKEN_RETURN\" target=\"_blank\" rel=\"noopener\"><strong>Tres autors Proven\u00e7aus premiats f\u00f2ra lei frontieras<\/strong><\/a><\/p>\n<\/td>\n<td>&nbsp;<\/td>\n<\/tr>\n<tr>\n<td>\n<p align=\"justify\"><strong>Concert Antoni Rossell (veu i mandora) i Clara Hern\u00e1ndez (viola):<br \/>\n\t\t\t&#8220;Era\u00b7s qan vei verdeiar: d\u2019Occit\u00e0nia a Fisterra&#8221;. 29 de maig de 2004<\/strong><\/p>\n<\/td>\n<td>\n<p align=\"justify\"><strong>&nbsp;<\/strong><\/p>\n<\/td>\n<\/tr>\n<tr>\n<td>\n<p><strong>Col\u00b7loqui \u201cDi\u00e0leg, debat i diversitat cultural en la tradici\u00f3 d\u2019Espanya\u201d,<br \/>\n\t\t\tdel 26 al 28 de novembre del 2000<\/strong><\/p>\n<\/td>\n<td>&nbsp;<\/td>\n<\/tr>\n<tr>\n<td>\n<p><strong>\u201cLiteratura i m\u00fasica a l\u2019Edat Mitjana: la can\u00e7\u00f3 \u00e8pica\u201d, per Antoni Rossell<\/strong><\/p>\n<\/td>\n<td>&nbsp;<\/td>\n<\/tr>\n<tr>\n<td>\n<p align=\"justify\"><strong>&#8220;Literatura i m\u00fasica a l&#8217;Edat Mitjana: l\u00edrica&#8221;, per Antoni Rossell<\/strong><\/p>\n<\/td>\n<td>&nbsp;<\/td>\n<\/tr>\n<\/tbody>\n<\/table>\n","protected":false},"excerpt":{"rendered":"<p>Tres autors Proven\u00e7aus premiats f\u00f2ra lei frontieras &nbsp; Concert Antoni Rossell (veu i mandora) i Clara Hern\u00e1ndez (viola): &#8220;Era\u00b7s qan vei verdeiar: d\u2019Occit\u00e0nia a Fisterra&#8221;. 29 de maig de 2004 &nbsp; Col\u00b7loqui \u201cDi\u00e0leg, debat i diversitat cultural en la tradici\u00f3 d\u2019Espanya\u201d, del 26 al 28 de novembre del 2000 &nbsp; \u201cLiteratura i m\u00fasica a l\u2019Edat [&hellip;]<\/p>\n","protected":false},"author":20,"featured_media":0,"parent":0,"menu_order":0,"comment_status":"closed","ping_status":"closed","template":"","meta":{"footnotes":""},"class_list":["post-150","page","type-page","status-publish","hentry"],"_links":{"self":[{"href":"https:\/\/webs.uab.cat\/occita\/wp-json\/wp\/v2\/pages\/150","targetHints":{"allow":["GET"]}}],"collection":[{"href":"https:\/\/webs.uab.cat\/occita\/wp-json\/wp\/v2\/pages"}],"about":[{"href":"https:\/\/webs.uab.cat\/occita\/wp-json\/wp\/v2\/types\/page"}],"author":[{"embeddable":true,"href":"https:\/\/webs.uab.cat\/occita\/wp-json\/wp\/v2\/users\/20"}],"replies":[{"embeddable":true,"href":"https:\/\/webs.uab.cat\/occita\/wp-json\/wp\/v2\/comments?post=150"}],"version-history":[{"count":0,"href":"https:\/\/webs.uab.cat\/occita\/wp-json\/wp\/v2\/pages\/150\/revisions"}],"wp:attachment":[{"href":"https:\/\/webs.uab.cat\/occita\/wp-json\/wp\/v2\/media?parent=150"}],"curies":[{"name":"wp","href":"https:\/\/api.w.org\/{rel}","templated":true}]}}