{"id":198,"date":"2017-01-24T11:23:26","date_gmt":"2017-01-24T11:23:26","guid":{"rendered":"https:\/\/webs.uab.cat\/occita\/antoni-rossell\/"},"modified":"2022-09-09T10:50:09","modified_gmt":"2022-09-09T10:50:09","slug":"antoni-rossell","status":"publish","type":"page","link":"https:\/\/webs.uab.cat\/occita\/antoni-rossell\/","title":{"rendered":"Antoni Rossell"},"content":{"rendered":"<div class=\"wp-block-image\">\n<figure class=\"aligncenter\"><img loading=\"lazy\" decoding=\"async\" width=\"300\" height=\"210\" src=\"https:\/\/webs.uab.cat\/occita\/wp-content\/uploads\/sites\/196\/2017\/01\/rossell.fw_.png\" alt=\"rossell.fw_.png\" class=\"wp-image-197\"\/><\/figure>\n<\/div>\n\n\n<p>Antoni Rossell \u00e9s professor titular de Filologia Rom\u00e0nica de la&nbsp;<a href=\"http:\/\/www.uab.cat\/\" target=\"_blank\" rel=\"noopener\">Universitat Aut\u00f2noma de Barcelona<\/a> (UAB) i director de l\u2019Arxiu Occit\u00e0 (Institut d\u2019Estudis Medievals, UAB). &nbsp;Membre del <a href=\"http:\/\/ciham.ish-lyon.cnrs.fr\/\" target=\"_blank\" rel=\"noopener\"><em>Centre Interuniversitaire&nbsp;&nbsp; d&#8217;Histoire&nbsp;&nbsp; et&nbsp;&nbsp; d&#8217;Arch\u00e9ologie&nbsp;&nbsp; M\u00e9di\u00e9vales&nbsp;&nbsp; \u2013 <\/em><em>CIHAM <\/em>de l\u2019<em>\u00c9cole Normale Sup\u00e9ri\u00e8ure de Lyon<\/em><\/a><em>.&nbsp;&nbsp; <\/em>Membre dels Consells Editorials de les revistes <em><a href=\"http:\/\/www.revistarodadafortuna.com\/\" target=\"_blank\" rel=\"noopener\">Roda da Fortuna<\/a> (<\/em>Electronic Journal about Antiquity and Middle Ages); de <em>Nuevas de Indias (Anuario del CEAC); Medievalia (UAB-IEM), &nbsp;i <\/em><em><a href=\"https:\/\/periodicos.unifap.br\/index.php\/iaca\" target=\"_blank\" rel=\"noopener\">IA\u00c7\u00c1: Artes da Cena<\/a> &nbsp;<\/em>(Universidad &nbsp;Federal &nbsp;de&nbsp; Amapa, &nbsp;Brasil); &nbsp;Medievalia (UAB). \u00c9s int\u00e8rpret de m\u00fasica medieval i director de C. Courtly Music&nbsp; Consort,&nbsp; ha&nbsp; actuat&nbsp; com&nbsp; a&nbsp; tenor&nbsp; i&nbsp; bar\u00edton,&nbsp; ha&nbsp; realitzat diverses&nbsp; composicions&nbsp; i&nbsp; ha&nbsp; col\u00b7laborat en&nbsp; diferents&nbsp; espectacles tamb\u00e9 de m\u00fasica contempor\u00e0nia. Ha publicat nombrosos llibres, articles i enregistraments dedicats principalment a la poesia i la m\u00fasica de l&#8217;edat mitjana. Dirigeix la col\u00b7lecci\u00f3 d\u2019E-Books \u201cEscrits i mem\u00f2ria\u201d&nbsp;de la <a href=\"http:\/\/www.bnc.cat\/\" target=\"_blank\" rel=\"noopener\">Biblioteca de Catalunya<\/a>. Int\u00e8rpret de m\u00fasica medieval i director del <em>Courtly Music Consort.<\/em><\/p>\n\n\n\n<p>&nbsp;<\/p>\n\n\n\n<p><a rel=\"noopener\" href=\"http:\/\/grupsderecerca.uab.cat\/occita\/sites\/grupsderecerca.uab.cat.occita\/files\/curriculum_uab_arxiu_oc_0.pdf\" target=\"_blank\">Curr\u00edcul<\/a><a href=\"https:\/\/webs.uab.cat\/occita\/wp-content\/uploads\/sites\/196\/2017\/01\/curriculum_uab_arxiu_oc_0.pdf\" data-type=\"attachment\" data-id=\"200\" target=\"_blank\" rel=\"noreferrer noopener\">um ampliat<\/a><\/p>\n","protected":false},"excerpt":{"rendered":"<p>Antoni Rossell \u00e9s professor titular de Filologia Rom\u00e0nica de la&nbsp;Universitat Aut\u00f2noma de Barcelona (UAB) i director de l\u2019Arxiu Occit\u00e0 (Institut d\u2019Estudis Medievals, UAB). &nbsp;Membre del Centre Interuniversitaire&nbsp;&nbsp; d&#8217;Histoire&nbsp;&nbsp; et&nbsp;&nbsp; d&#8217;Arch\u00e9ologie&nbsp;&nbsp; M\u00e9di\u00e9vales&nbsp;&nbsp; \u2013 CIHAM de l\u2019\u00c9cole Normale Sup\u00e9ri\u00e8ure de Lyon.&nbsp;&nbsp; Membre dels Consells Editorials de les revistes Roda da Fortuna (Electronic Journal about Antiquity and Middle [&hellip;]<\/p>\n","protected":false},"author":20,"featured_media":0,"parent":0,"menu_order":0,"comment_status":"closed","ping_status":"closed","template":"","meta":{"footnotes":""},"class_list":["post-198","page","type-page","status-publish","hentry"],"_links":{"self":[{"href":"https:\/\/webs.uab.cat\/occita\/wp-json\/wp\/v2\/pages\/198","targetHints":{"allow":["GET"]}}],"collection":[{"href":"https:\/\/webs.uab.cat\/occita\/wp-json\/wp\/v2\/pages"}],"about":[{"href":"https:\/\/webs.uab.cat\/occita\/wp-json\/wp\/v2\/types\/page"}],"author":[{"embeddable":true,"href":"https:\/\/webs.uab.cat\/occita\/wp-json\/wp\/v2\/users\/20"}],"replies":[{"embeddable":true,"href":"https:\/\/webs.uab.cat\/occita\/wp-json\/wp\/v2\/comments?post=198"}],"version-history":[{"count":1,"href":"https:\/\/webs.uab.cat\/occita\/wp-json\/wp\/v2\/pages\/198\/revisions"}],"predecessor-version":[{"id":444,"href":"https:\/\/webs.uab.cat\/occita\/wp-json\/wp\/v2\/pages\/198\/revisions\/444"}],"wp:attachment":[{"href":"https:\/\/webs.uab.cat\/occita\/wp-json\/wp\/v2\/media?parent=198"}],"curies":[{"name":"wp","href":"https:\/\/api.w.org\/{rel}","templated":true}]}}