{"id":64,"date":"2011-03-09T17:56:06","date_gmt":"2011-03-09T17:56:06","guid":{"rendered":"https:\/\/webs.uab.cat\/occita\/occitania\/"},"modified":"2011-03-09T17:56:06","modified_gmt":"2011-03-09T17:56:06","slug":"occitania","status":"publish","type":"page","link":"https:\/\/webs.uab.cat\/occita\/occitania\/","title":{"rendered":"Occit\u00e0nia"},"content":{"rendered":"<p style=\"text-align: justify;\">Occit\u00e0nia abasta ben b\u00e9 una tercera part de l&#8217;Estat franc\u00e8s amb una extensi\u00f3 de 190.000 Km2 i 13 milions d&#8217;habitants. S&#8217;est\u00e9n des dels Pirineus (amb la Vall d&#8217;Aran inclosa) fins els Alps (incloses 12 valls occitanes a la vessant del Piemont d&#8217;It\u00e0lia) i des de l&#8217;Atl\u00e0ntic (des de Bordeus a Baiona) i fins el Mediterrani (des de Salses fins m\u00e9s enll\u00e0 de Ni\u00e7a passant la frontera italiana). Inclou, doncs, una gran ossada f\u00edsica que s\u00f3n la serralada del Pirineu, el Mass\u00eds Central i els Alps proven\u00e7als.<\/p>\n<p style=\"text-align: justify;\">Occit\u00e0nia no \u00e9s una naci\u00f3 amb l\u00edmits geogr\u00e0fics determinats per muntanyes i rius. Els l\u00edmits d&#8217;Occit\u00e0nia s\u00f3n la seva llengua, que passa rius i muntanyes i divisions administratives interiors i d&#8217;estats. S\u00f3n 32 departaments de l&#8217;Estat franc\u00e8s, 12 valls alpines de l&#8217;Estat itali\u00e0 i una vall pirinenca, la Val d&#8217;Aran, a l&#8217;Estat espanyol.<\/p>\n<p style=\"text-align: justify;\">Hist\u00f2ricament ha estat composada per Gascunya, Guiena, Llemos\u00ed, Alv\u00e8rnia, Delfinat, Proven\u00e7a i Llenguadoc, malgrat que avui la divisi\u00f3 administrativa \u00e9s sensiblement diferent quant a l\u00edmits i denominaci\u00f3 de cada pa\u00eds. Les regions avui definides s\u00f3n: Aquit\u00e0nia (que inclou part de Gascunya i de Guiena i el Perigord, a m\u00e9s del Pa\u00eds Basc Nord), Llemos\u00ed, Alv\u00e8rnia, Roine-Alps (que inclou part del Delfinat, a m\u00e9s de zones franco-proven\u00e7als), Proven\u00e7a-Alps-Costa Blava (Proven\u00e7a), Migdia-Pirineus (part de Gascunya i part del Llenguadoc) i Llenguadoc-Rossell\u00f3 (la resta del Llenguadoc i una petita part de Proven\u00e7a, a m\u00e9s de la Catalunya Nord).<\/p>\n<p style=\"text-align: justify;\">La hist\u00f2ria d\u00b4Occit\u00e0nia ha estat molt intensa, i la porositat cultural del pa\u00eds ha estat extraordin\u00e0ria. T\u00e9 un substrat ibero-basc de la cultura pirinenca i influ\u00e8ncies celtes derivades d\u2019immigracions, s\u2019hi van introduir els l\u00edgurs en el seu extrem m\u00e9s oriental, els grecs van colonitzar Proven\u00e7a i finalment Occit\u00e0nia va patir una profunda romanitzaci\u00f3.<\/p>\n<p style=\"text-align: justify;\"><span style=\"line-height: 20.7999992370605px;\">Al llarg de l&#8217;alta edat mitjana, l&#8217;orient d&#8217;Occit\u00e0nia va consolidar una estructura de poders comtals cada vegada m\u00e9s cohesionats entre ells i, a la vegada, m\u00e9s distants de l&#8217;autoritat reial. A imitaci\u00f3 del comte de Barcelona, el comte de Tolosa feia i desfeia amb independ\u00e8ncia de l&#8217;autoritat reial, tot tractant de teixir un futur regne. Les pol\u00edtiques matrimonials i els lligams tradicionals entre vassalls del mateix emperador a nord i sud del Pirineu van comen\u00e7ar a configurar, d&#8217;una forma expl\u00edcita en el regnat de Pere I de Catalunya-Arag\u00f3, la possibilitat d&#8217;una confederaci\u00f3 catalano-occitana. \u00c9s en aquest moment que es produeix la croada contra els albigesos i l&#8217;estroncament no sols d&#8217;aquest projecte pol\u00edtic sin\u00f3 tamb\u00e9 de la viabilitat d&#8217;Occit\u00e0nia com a construcci\u00f3.<\/span><\/p>\n<p>&nbsp;<\/p>\n<ul>\n<li><a href=\"http:\/\/grupsderecerca.uab.cat\/occita\/content\/lo-territ%C3%B2ri-occitan\" title=\"Lo territ\u00f2ri occitan\">Lo territ\u00f2ri occitan<\/a><\/li>\n<li><a href=\"http:\/\/grupsderecerca.uab.cat\/occita\/content\/situacion-soci%C3%B2-ling%C3%BCistica-de-loccitan\" title=\"Situacion soci\u00f2-ling\u00fcistica de l'occitan\">Situacion soci\u00f2-ling\u00fcistica de l&#8217;occitan<\/a><\/li>\n<li><a href=\"http:\/\/grupsderecerca.uab.cat\/occita\/content\/enquistas-sus-la-situacion-de-loccitan\" title=\"Enquistas...\">ENQUISTAS SUS LA SITUACION DE L&#8217;OCCITAN<\/a><\/li>\n<li><a href=\"http:\/\/grupsderecerca.uab.cat\/occita\/content\/m%C3%A9s-sobre-occit%C3%A0nia-en-catal%C3%A0\" title=\"M\u00c9S SOBRE OCCIT\u00c0NIA EN CATAL\u00c0\">M\u00c9S SOBRE OCCIT\u00c0NIA EN CATAL\u00c0<\/a>\n<p>&nbsp;<\/p>\n<\/li>\n<\/ul>\n","protected":false},"excerpt":{"rendered":"<p>Occit\u00e0nia abasta ben b\u00e9 una tercera part de l&#8217;Estat franc\u00e8s amb una extensi\u00f3 de 190.000 Km2 i 13 milions d&#8217;habitants. S&#8217;est\u00e9n des dels Pirineus (amb la Vall d&#8217;Aran inclosa) fins els Alps (incloses 12 valls occitanes a la vessant del Piemont d&#8217;It\u00e0lia) i des de l&#8217;Atl\u00e0ntic (des de Bordeus a Baiona) i fins el Mediterrani [&hellip;]<\/p>\n","protected":false},"author":20,"featured_media":0,"parent":0,"menu_order":0,"comment_status":"closed","ping_status":"closed","template":"","meta":{"footnotes":""},"class_list":["post-64","page","type-page","status-publish","hentry"],"_links":{"self":[{"href":"https:\/\/webs.uab.cat\/occita\/wp-json\/wp\/v2\/pages\/64","targetHints":{"allow":["GET"]}}],"collection":[{"href":"https:\/\/webs.uab.cat\/occita\/wp-json\/wp\/v2\/pages"}],"about":[{"href":"https:\/\/webs.uab.cat\/occita\/wp-json\/wp\/v2\/types\/page"}],"author":[{"embeddable":true,"href":"https:\/\/webs.uab.cat\/occita\/wp-json\/wp\/v2\/users\/20"}],"replies":[{"embeddable":true,"href":"https:\/\/webs.uab.cat\/occita\/wp-json\/wp\/v2\/comments?post=64"}],"version-history":[{"count":1,"href":"https:\/\/webs.uab.cat\/occita\/wp-json\/wp\/v2\/pages\/64\/revisions"}],"predecessor-version":[{"id":454,"href":"https:\/\/webs.uab.cat\/occita\/wp-json\/wp\/v2\/pages\/64\/revisions\/454"}],"wp:attachment":[{"href":"https:\/\/webs.uab.cat\/occita\/wp-json\/wp\/v2\/media?parent=64"}],"curies":[{"name":"wp","href":"https:\/\/api.w.org\/{rel}","templated":true}]}}

Occitània

<p style="text-align: justify;">Occitània abasta ben bé una tercera part de l&#8217;Estat francès amb una extensió de 190.000 Km2 i 13 milions d&#8217;habitants. S&#8217;estén des dels Pirineus (amb la Vall d&#8217;Aran inclosa) fins els Alps (incloses 12 valls occitanes a la vessant del Piemont d&#8217;Itàlia) i des de l&#8217;Atlàntic (des de Bordeus a Baiona) i fins el Mediterrani (des de Salses fins més enllà de Niça passant la frontera italiana). Inclou, doncs, una gran ossada física que són la serralada del Pirineu, el Massís Central i els Alps provençals.</p>
<p style="text-align: justify;">Occitània no és una nació amb límits geogràfics determinats per muntanyes i rius. Els límits d&#8217;Occitània són la seva llengua, que passa rius i muntanyes i divisions administratives interiors i d&#8217;estats. Són 32 departaments de l&#8217;Estat francès, 12 valls alpines de l&#8217;Estat italià i una vall pirinenca, la Val d&#8217;Aran, a l&#8217;Estat espanyol.</p>
<p style="text-align: justify;">Històricament ha estat composada per Gascunya, Guiena, Llemosí, Alvèrnia, Delfinat, Provença i Llenguadoc, malgrat que avui la divisió administrativa és sensiblement diferent quant a límits i denominació de cada país. Les regions avui definides són: Aquitània (que inclou part de Gascunya i de Guiena i el Perigord, a més del País Basc Nord), Llemosí, Alvèrnia, Roine-Alps (que inclou part del Delfinat, a més de zones franco-provençals), Provença-Alps-Costa Blava (Provença), Migdia-Pirineus (part de Gascunya i part del Llenguadoc) i Llenguadoc-Rosselló (la resta del Llenguadoc i una petita part de Provença, a més de la Catalunya Nord).</p>
<p style="text-align: justify;">La història d´Occitània ha estat molt intensa, i la porositat cultural del país ha estat extraordinària. Té un substrat ibero-basc de la cultura pirinenca i influències celtes derivades d’immigracions, s’hi van introduir els lígurs en el seu extrem més oriental, els grecs van colonitzar Provença i finalment Occitània va patir una profunda romanització.</p>
<p style="text-align: justify;"><span style="line-height: 20.7999992370605px;">Al llarg de l&#8217;alta edat mitjana, l&#8217;orient d&#8217;Occitània va consolidar una estructura de poders comtals cada vegada més cohesionats entre ells i, a la vegada, més distants de l&#8217;autoritat reial. A imitació del comte de Barcelona, el comte de Tolosa feia i desfeia amb independència de l&#8217;autoritat reial, tot tractant de teixir un futur regne. Les polítiques matrimonials i els lligams tradicionals entre vassalls del mateix emperador a nord i sud del Pirineu van començar a configurar, d&#8217;una forma explícita en el regnat de Pere I de Catalunya-Aragó, la possibilitat d&#8217;una confederació catalano-occitana. És en aquest moment que es produeix la croada contra els albigesos i l&#8217;estroncament no sols d&#8217;aquest projecte polític sinó també de la viabilitat d&#8217;Occitània com a construcció.</span></p>
<p>&nbsp;</p>
<ul>
<li><a href="http://grupsderecerca.uab.cat/occita/content/lo-territ%C3%B2ri-occitan" title="Lo territòri occitan">Lo territòri occitan</a></li>
<li><a href="http://grupsderecerca.uab.cat/occita/content/situacion-soci%C3%B2-ling%C3%BCistica-de-loccitan" title="Situacion sociò-lingüistica de l'occitan">Situacion sociò-lingüistica de l&#8217;occitan</a></li>
<li><a href="http://grupsderecerca.uab.cat/occita/content/enquistas-sus-la-situacion-de-loccitan" title="Enquistas...">ENQUISTAS SUS LA SITUACION DE L&#8217;OCCITAN</a></li>
<li><a href="http://grupsderecerca.uab.cat/occita/content/m%C3%A9s-sobre-occit%C3%A0nia-en-catal%C3%A0" title="MÉS SOBRE OCCITÀNIA EN CATALÀ">MÉS SOBRE OCCITÀNIA EN CATALÀ</a>
<p>&nbsp;</p>
</li>
</ul>

<p>Occitània abasta ben bé una tercera part de l&#8217;Estat francès amb una extensió de 190.000 Km2 i 13 milions d&#8217;habitants. S&#8217;estén des dels Pirineus (amb la Vall d&#8217;Aran inclosa) fins els Alps (incloses 12 valls occitanes a la vessant del Piemont d&#8217;Itàlia) i des de l&#8217;Atlàntic (des de Bordeus a Baiona) i fins el Mediterrani [&hellip;]</p>
