{"id":785,"date":"2026-04-13T12:34:11","date_gmt":"2026-04-13T12:34:11","guid":{"rendered":"https:\/\/webs.uab.cat\/occita\/?page_id=785"},"modified":"2026-04-14T09:47:58","modified_gmt":"2026-04-14T09:47:58","slug":"membres","status":"publish","type":"page","link":"https:\/\/webs.uab.cat\/occita\/membres\/","title":{"rendered":"Membres"},"content":{"rendered":"\n<h2 class=\"wp-block-heading\">Antoni Rossell<\/h2>\n\n\n\n<figure class=\"wp-block-image size-full is-resized\"><img loading=\"lazy\" decoding=\"async\" width=\"300\" height=\"317\" src=\"https:\/\/webs.uab.cat\/occita\/wp-content\/uploads\/sites\/196\/2026\/04\/FotoAntoni.png\" alt=\"\" class=\"wp-image-786\" style=\"aspect-ratio:0.9464188889436586;width:166px;height:auto\" srcset=\"https:\/\/webs.uab.cat\/occita\/wp-content\/uploads\/sites\/196\/2026\/04\/FotoAntoni.png 300w, https:\/\/webs.uab.cat\/occita\/wp-content\/uploads\/sites\/196\/2026\/04\/FotoAntoni-284x300.png 284w\" sizes=\"auto, (max-width: 300px) 100vw, 300px\" \/><\/figure>\n\n\n\n<p><strong>Antoni Rossell<\/strong> \u00e9s Professor Titular de Filologia Rom\u00e0nica de la Universitat Aut\u00f2noma de Barcelona (UAB) i director de l&#8217;Arxiu Occit\u00e0 (Institut d&#8217;Estudis Medievals, UAB). Membre del <em>Centre Interuniversitaire d&#8217;Histoire et d&#8217;Arch\u00e9ologie M\u00e9di\u00e9vales \u2013 CIHAM de l\u2019\u00c9cole Normale Sup\u00e9ri\u00e8ure de Lyon<\/em> (Fran\u00e7a), i dels consells editorials de diferents revistes acad\u00e8miques. Ha publicat nombrosos llibres, articles i enregistraments dedicats principalment a la poesia, la novel\u00b7la i la m\u00fasica de l&#8217;Edat Mitjana. Investiga les relacions literatura-m\u00fasica, i la <em>performance<\/em> dels repertoris orals medievals i tradicionals per un p\u00fablic contemporani. Becat per l\u2019<em>Alexander von Humboldt Stiftung<\/em> per realitzar estudis comparats de literatura i m\u00fasica \u00e8pica. <\/p>\n\n\n\n<p>Dirigeix la col\u00b7lecci\u00f3 d&#8217;<em>E-Books<\/em> &#8220;Escrits i mem\u00f2ria&#8221; de la Biblioteca de Catalunya. \u00c9s int\u00e8rpret de m\u00fasica medieval i director de <em>C. Courtly Music Consort<\/em>. L\u2019any 2018 li ha estat concedit el premi Enderrock al millor CD de m\u00fasica cl\u00e0ssica, per l\u2019\u00e0lbum <em>Las Cantigas de Santa Mar\u00eda de Alfonso X el sabio y Galicia<\/em> (Columna m\u00fasica 2017).        Ha enregistrats diferents cds de m\u00fasica medieval i tradicional, i recentment ha presentat el llibre-disc <em>Ar de proven\u00e7a. Can\u00e7\u00f4es dos trovadores<\/em>, Augusto de Campos, Antoni Rossell, Luiz Fiaminghi, Valeria Vitar. Cobalto Edit. (<em>V. de Moura Mendon\u00e7a Livros<\/em>) S\u00e2o Paulo-Brasil, 2024; i el CD <em>Ballads of Love and Death \u2013 Romances del amor y de la muerte<\/em>. Antoni Rossell &amp; Brasil Opus Musica. Columna m\u00fasica, Barcelona 2024. Ha protagonitzat el film \u00ab<em>Le Cid chant\u00e9 par Antoni Rossell<\/em>\u00bb, France ENS-Lyon, dirigida per Carles Heusch, ENS-Lyon, Fran\u00e7a, 2017.<\/p>\n\n\n\n<h2 class=\"wp-block-heading\">Adriana Camprub\u00ed Vinyals<\/h2>\n\n\n\n<figure class=\"wp-block-image size-full is-resized\"><img loading=\"lazy\" decoding=\"async\" width=\"300\" height=\"294\" src=\"https:\/\/webs.uab.cat\/occita\/wp-content\/uploads\/sites\/196\/2026\/04\/foto-Adriana-Camprubi-1.jpg\" alt=\"\" class=\"wp-image-791\" style=\"aspect-ratio:1.0204623970236513;width:193px;height:auto\" \/><\/figure>\n\n\n\n<p><strong>Adriana Camprub\u00ed Vinyals<\/strong> \u00e9s professora associada de Filologia Rom\u00e0nica a la Universitat de Barcelona i doctora en Teoria de la Literatura i Literatura Comparada per la Universitat Aut\u00f2noma de Barcelona amb la tesi \u00abRepertorio M\u00e9trico y Mel\u00f3dico de la nova <em>cantica<\/em> (siglos XI, XII y XIII): de la l\u00edrica latina a la l\u00edrica rom\u00e1nica\u00bb.  Graduada en Musicologia amb l&#8217;especialitat en Literatura i Cultura Rom\u00e0nica (2013), va obtenir un M\u00e0ster en Estudis Medievals a la Universitat de Santiago de Compostel\u00b7la (2014). Tamb\u00e9 \u00e9s M\u00e0ster en Estudis de Literatura Comparada por la Universitat Pompeu Fabra (2015) i M\u00e0ster en Humanitats Digitals (UNED, 2021).<\/p>\n\n\n\n<p>                                           <br>Ha participat en diversos projectes nacionals i internacionals i ha fet diverses estades de recerca a It\u00e0lia. \u00c9s col\u00b7laboradora del Corpus des Troubadours de l&#8217;Institut d&#8217;Estudis Catlans i actualment forma part de l&#8217;equip investigador del projecte Veus Femenines i Filologia Digital de la Universitat de Barcelona, dirigit per la Dra. Meritxell Sim\u00f3.<br>Les seves principals l\u00ednies de recerca giren entorn a l&#8217;estudi de la m\u00e8trica comparada en la l\u00edrica medieval, las relacions entre text i m\u00fasica en la l\u00edrica trobadoresca, la l\u00edrica llatina paralit\u00fargica i les Humanitats Digitals.<\/p>\n\n\n\n<h2 class=\"wp-block-heading\">Maria Incoronata Colantuono<\/h2>\n\n\n\n<figure class=\"wp-block-image size-full is-resized\"><img loading=\"lazy\" decoding=\"async\" width=\"300\" height=\"294\" src=\"https:\/\/webs.uab.cat\/occita\/wp-content\/uploads\/sites\/196\/2026\/04\/FotoMaria.png\" alt=\"\" class=\"wp-image-793\" style=\"aspect-ratio:1.0204623970236513;width:194px;height:auto\" \/><\/figure>\n\n\n\n<p><strong>Maria Incoronata Colantuono<\/strong> \u00e9s Professora Lectora de M\u00fasica Medieval i Notacions Medievals al Departament d\u2019Art i Musicologia de la Universitat Aut\u00f2noma de Barcelona (UAB). La seva traject\u00f2ria acad\u00e8mica i investigadora s\u2019ha consolidat a trav\u00e9s d\u2019una intensa activitat docent, de recerca i de difusi\u00f3 del patrimoni musical medieval. \u00c9s membre de l\u2019Institut d\u2019Estudis Medievals de la UAB, membre i codirectora de l\u2019Arxiu Occit\u00e0 de la UAB, i del grup de recerca <em>Magistri Cataloniae et Mediterranei<\/em>, adscrit al Departament d\u2019Art i Musicologia. Tamb\u00e9 exerceix com a responsable de la secci\u00f3 de ressenyes de la revista <em>Medievalia<\/em>, publicada per la mateixa universitat.<br>Actualment lidera com a investigadora principal el projecte precompetitiu \u201cImago mundi in Cantigas de Santa Maria\u201d (PPC 2025), concedit per la Universitat Aut\u00f2noma de Barcelona. En l\u2019\u00e0mbit internacional, ha col\u00b7laborat com a docent en el M\u00e0ster of Advanced Studies (MAS) en Cant Gregori\u00e0 del Conservatorio di Musica de Lugano, i participa activament en iniciatives institucionals com el conveni entre la UAB i l\u2019Ajuntament de Sant Cugat, del qual \u00e9s responsable conjuntament amb Carles S\u00e0nchez.<br>Ha participat com a ponent en diversos congressos internacionals dedicats a la musicologia, la lit\u00fargia i l\u2019estudi del patrimoni medieval, i ha organitzat el I Simposi Internacional <em>El monestir de Sant Cugat del Vall\u00e8s: el claustre i la seva consueta<\/em>, dedicat a la recerca i difusi\u00f3 del context lit\u00fargic, musical i arquitect\u00f2nic del monestir.<br>La seva producci\u00f3 cient\u00edfica inclou diverses monografies i articles especialitzats. Entre les obres m\u00e9s destacades hi ha <em>M\u00fasica i lit\u00fargia medieval a la Biblioteca de Catalunya, s. IX-XIII<\/em>, publicada per la Generalitat de Catalunya dins la col\u00b7lecci\u00f3 Escrits i Mem\u00f2ries, i la seva versi\u00f3 en angl\u00e8s <em>Music and Medieval Liturgy in the Biblioteca de Catalunya (9th\u201313th centuries)<\/em>. Tamb\u00e9 ha publicat <em>El canto lit\u00fargico en las Cantigas de Santa Maria<\/em> (Cuadernos Phase 265), i ha coeditat el volum <em>Le culture del Francescanesimo (secoli XIII\u2013XVI): sguardi e voci dentro e fuori del chiostro<\/em>, dins la s\u00e8rie Vox Antiqua.<br>Entre les seves contribucions recents destaquen l\u2019article \u201cEl so i la seva codificaci\u00f3 en el ms El Escorial b.I.2 de les Cantigas de Santa Maria\u201d, publicat a la Revista catalana de Musicologia (2023), \u201cMontserrat, arteria del Cammino di Santiago, nelle Cantigas de Santa Maria\u201d a la revista <em>Ad Limina<\/em>, i \u201cFacta sunt prosas noves: un excursus sul repertorio sequenziale a partire da un\u2019analisi metrico-musicologica di una prosa nova tratta dal Messale ms. lat 1333 BnF\u201d, publicat a la <em>Rivista italiana de Musicologia<\/em> (2021), en col\u00b7laboraci\u00f3 amb A. Camprub\u00ed.<br>La seva recerca es caracteritza per una mirada interdisciplin\u00e0ria que combina musicologia, lit\u00fargia, hist\u00f2ria i filologia, amb una atenci\u00f3 especial tant a les fonts manuscrites com a la transmissi\u00f3 oral del repertori medieval. Actualment, est\u00e0 treballant en diverses publicacions amb l\u2019editorial Brepols, entre les quals destaquen <em>From the body and towards the body: performativity and sensorial experience from the liturgical rites to the Cantigas de Santa Maria<\/em> i <em>The Sensorial Experience of Singing and Reciting Ave Maria in the Thirteenth Century Romance Repertoires<\/em>. Tamb\u00e9 t\u00e9 en fase de publicaci\u00f3 el cap\u00edtol <em>Itineraris de l\u00edrica religiosa a la baixa edat mitjana des dels monestirs occitano-catalans fins a la cort d&#8217;Alfons X<\/em>, dins el volum <em>Mobilitat a l\u2019\u00e0rea occitanocatalana medieval: cultura, pol\u00edtica, art<\/em>, publicat per l\u2019Association Internationale d\u2019\u00c9tudes Occitanes (Brepols).<\/p>\n\n\n\n<h2 class=\"wp-block-heading\">Antoni Peremart\u00ed Fort<\/h2>\n\n\n\n<figure class=\"wp-block-image size-full is-resized\"><img loading=\"lazy\" decoding=\"async\" width=\"288\" height=\"288\" src=\"https:\/\/webs.uab.cat\/occita\/wp-content\/uploads\/sites\/196\/2026\/04\/Foto-Peremarti.jpg\" alt=\"\" class=\"wp-image-797\" style=\"width:196px;height:auto\" srcset=\"https:\/\/webs.uab.cat\/occita\/wp-content\/uploads\/sites\/196\/2026\/04\/Foto-Peremarti.jpg 288w, https:\/\/webs.uab.cat\/occita\/wp-content\/uploads\/sites\/196\/2026\/04\/Foto-Peremarti-150x150.jpg 150w\" sizes=\"auto, (max-width: 288px) 100vw, 288px\" \/><\/figure>\n\n\n\n<p><strong>Antoni Peremart\u00ed Fort<\/strong> (Boss\u00f2st 1962) \u00e9s editor de la revista cultural <em>Quaerendo Invenietis<\/em> que t\u00e9 l&#8217;aran\u00e8s-occit\u00e0 com a llengua vehicular. Tamb\u00e9 \u00e9s president de l&#8217;associaci\u00f3 <em>AranMedia Cultura<\/em> que t\u00e9 com a finalitat principal la difusi\u00f3 de la cultura i el foment de l&#8217;aran\u00e8s a la Vall d&#8217;Aran afavorint aix\u00ed el seu \u00fas social. <\/p>\n\n\n\n<p>Des de l&#8217;any 1986 treballa a la Ccma (Corporaci\u00f3 catalana de mitjans audiovisuals) tv3 (3Cat) al departament IDT (Infaestructures Digitals i Tecnol\u00f2giques) com Enc. t\u00e8cnic d&#8217;Estudis i Plat\u00f3s. Els seus estudis en l&#8217;\u00e0mbit t\u00e8cnic, Eng. Telecomunicacions (URL La Salle, UPC) i Grd. en Multim\u00e8dia (UOC), els ha compaginat amb altres en l&#8217;\u00e0mbit de les lletres, la ci\u00e8ncia i les humanitats. Com li agrada dir, &#8221; <em>Tot m&#8217;interessa, tinc curiositat per tot <\/em>&#8220;.<\/p>\n\n\n\n<h2 class=\"wp-block-heading\">Jordi R\u00e0fols i Bras\u00f3<\/h2>\n\n\n\n<p><strong>Jordi R\u00e0fols i Bras\u00f3<\/strong> \u00e9s llicenciat en Hist\u00f2ria per la Universitat Aut\u00f2noma de Barcelona, amb especialitat en hist\u00f2ria medieval i arqueologia. Ha desenvolupat part de la seva traject\u00f2ria en l\u2019\u00e0mbit dels estudis occitans, amb estades a Tolosa de Llenguadoc i a Pau, on va treballar a l\u2019Institut Occit\u00e0 de Vilh\u00e8ra, alhora que va aprofundir en el coneixement de la llengua occitana, particularment en la seva variant gascona.<\/p>\n\n\n\n<p>Entre els anys 2011 i 2015 va impulsar a Barcelona la taverna occitana <em>Jan Petit<\/em>, concebuda com a un espai de difusi\u00f3 ling\u00fc\u00edstica i cultural. Actualment \u00e9s redactor del diari <em>Jornalet<\/em> i \u00e9s docent de llengua occitana al Cercle d\u2019Agermanament Occitano-Catal\u00e0 (CAOC). La seva activitat s\u2019inscriu en el camp de la promoci\u00f3, l\u2019ensenyament i l\u2019estudi de la llengua i la cultura occitanes contempor\u00e0nies, tot mantenint l\u2019inter\u00e8s pel per\u00edode medieval.<\/p>\n\n\n\n<p><\/p>\n","protected":false},"excerpt":{"rendered":"<p>Antoni Rossell Antoni Rossell \u00e9s Professor Titular de Filologia Rom\u00e0nica de la Universitat Aut\u00f2noma de Barcelona (UAB) i director de l&#8217;Arxiu Occit\u00e0 (Institut d&#8217;Estudis Medievals, UAB). Membre del Centre Interuniversitaire d&#8217;Histoire et d&#8217;Arch\u00e9ologie M\u00e9di\u00e9vales \u2013 CIHAM de l\u2019\u00c9cole Normale Sup\u00e9ri\u00e8ure de Lyon (Fran\u00e7a), i dels consells editorials de diferents revistes acad\u00e8miques. Ha publicat nombrosos llibres, [&hellip;]<\/p>\n","protected":false},"author":74,"featured_media":0,"parent":0,"menu_order":0,"comment_status":"closed","ping_status":"closed","template":"","meta":{"footnotes":""},"class_list":["post-785","page","type-page","status-publish","hentry"],"_links":{"self":[{"href":"https:\/\/webs.uab.cat\/occita\/wp-json\/wp\/v2\/pages\/785","targetHints":{"allow":["GET"]}}],"collection":[{"href":"https:\/\/webs.uab.cat\/occita\/wp-json\/wp\/v2\/pages"}],"about":[{"href":"https:\/\/webs.uab.cat\/occita\/wp-json\/wp\/v2\/types\/page"}],"author":[{"embeddable":true,"href":"https:\/\/webs.uab.cat\/occita\/wp-json\/wp\/v2\/users\/74"}],"replies":[{"embeddable":true,"href":"https:\/\/webs.uab.cat\/occita\/wp-json\/wp\/v2\/comments?post=785"}],"version-history":[{"count":9,"href":"https:\/\/webs.uab.cat\/occita\/wp-json\/wp\/v2\/pages\/785\/revisions"}],"predecessor-version":[{"id":800,"href":"https:\/\/webs.uab.cat\/occita\/wp-json\/wp\/v2\/pages\/785\/revisions\/800"}],"wp:attachment":[{"href":"https:\/\/webs.uab.cat\/occita\/wp-json\/wp\/v2\/media?parent=785"}],"curies":[{"name":"wp","href":"https:\/\/api.w.org\/{rel}","templated":true}]}}