{"id":21,"date":"2024-02-06T15:01:54","date_gmt":"2024-02-06T13:01:54","guid":{"rendered":"https:\/\/webs.uab.cat\/oficinasakura\/?page_id=21"},"modified":"2024-04-04T14:04:10","modified_gmt":"2024-04-04T12:04:10","slug":"matriculacio","status":"publish","type":"page","link":"https:\/\/webs.uab.cat\/oficinasakura\/matriculacio\/","title":{"rendered":"Matriculaci\u00f3"},"content":{"rendered":"\n<p><strong><u>Oferta de cursos 2024<\/u><\/strong><\/p>\n\n\n\n<p>Impartim cursos de japon\u00e8s de diferents nivells en modalitat presencial o virtual des de febrer fins a maig de 2024 (2 classes de 2 hores \/ setmana: tant les dates i hores com la modalitat es determinaran segons la disponibilitat de l&#8217;alumnat i del professorat).<\/p>\n\n\n\n<p>En aquests cursos, apliquem el nou m\u00e8tode de Marugoto, desenvolupat per la pr\u00f2pia Japan Foundation com a instituci\u00f3 oficial responsable de la promoci\u00f3 de llengua japonesa en l&#8217;exterior, permetent a cada estudiant millorar les seves destreses comunicatives en una varietat de situacions de la vida real japonesa.<\/p>\n\n\n\n<blockquote class=\"wp-block-quote is-layout-flow wp-block-quote-is-layout-flow\">\n<p>Sobre el m\u00e8tode Marugoto i els detalls de cada nivell, si us plau, consulta la seg\u00fcent p\u00e0gina web (angl\u00e8s):<\/p>\n<cite><a href=\"https:\/\/marugoto.jpf.go.jp\/en\/about\/marugoto\/\" target=\"_blank\" rel=\"noreferrer noopener\">https:\/\/marugoto.jpf.go.jp\/en\/about\/marugoto<\/a><\/cite><\/blockquote>\n\n\n\n<p><strong>Preu<\/strong><\/p>\n\n\n\n<figure class=\"wp-block-table\"><table><tbody><tr><td><strong>Categoria<\/strong><\/td><td><strong>Preu del Curs A1-1* (44H)<\/strong><\/td><td><strong><strong>Preu del Curs<\/strong><\/strong> <strong>A1-2* (40H)<\/strong><\/td><td><strong><strong>Preu del Curs<\/strong><\/strong> <strong>A2-1** (44H)<\/strong><\/td><\/tr><tr><td><strong>Alumnat i Personal UAB<\/strong><\/td><td>422,40\u20ac<\/td><td>384,00\u20ac<\/td><td>422,40\u20ac<\/td><\/tr><tr><td><strong>Comunitat Universit\u00e0ria Vinculada<\/strong><\/td><td>448,80\u20ac<\/td><td>408,00\u20ac<\/td><td>448,80\u20ac<\/td><\/tr><tr><td><strong>Persones Externes<\/strong><\/td><td>528,00\u20ac<\/td><td>480,00\u20ac<\/td><td>528,00\u20ac<\/td><\/tr><\/tbody><\/table><\/figure>\n\n\n\n<p>*El preu del curs inclou la matricula i tots els materials, incl\u00f2s el llibre de text Marugoto. <\/p>\n\n\n\n<ul class=\"wp-block-list\">\n<li>Alumnat i Personal UAB: Alumnes (grau i postgrau), Personal Acad\u00e8mic i PAS de centres propis de la UAB. El preu del curs per a les persones en aquesta categoria inclou un descompte del 20% sobre el preu per a les persones externes.<\/li>\n\n\n\n<li>Comunitat Universit\u00e0ria Vinculada: Amics UAB, Esfera UAB, Parc d&#8217;Investigaci\u00f3, PAS d&#8217;Escoles Adscrites, Alumni UAB, Fundaci\u00f3 Aut\u00f2noma i antics alumnes del Servei de Lleng\u00fces. El preu del curs per a les persones d&#8217;aquesta categoria inclou un descompte del 15% sobre el preu per a les persones externes.<\/li>\n<\/ul>\n\n\n\n<p><strong>Per\u00edodes de preinscripci\u00f3 <\/strong><\/p>\n\n\n\n<p>Tots els interessats en la matricula han de realitzar la preinscripci\u00f3 a trav\u00e9s del formulari digital (<a href=\"https:\/\/forms.gle\/uiYmRCJXe9fEKZpr8\" target=\"_blank\" rel=\"noreferrer noopener\">https:\/\/forms.gle\/uiYmRCJXe9fEKZpr8<\/a>&nbsp;) dins de la disponibilitat de l&#8217;1 de gener fins al 15 de febrer de 2024.<\/p>\n\n\n\n<ul class=\"wp-block-list\">\n<li>Degut a que el n\u00famero de places en el curs es limitat, les places s&#8217;assignaran per rigor\u00f3s ordre de preinscripci\u00f3.<\/li>\n\n\n\n<li>Quan s&#8217;hagi formalitzat la preinscripci\u00f3, ens pondrem en contacte amb tu per que puguis oficialitzar la matricula.<\/li>\n<\/ul>\n\n\n\n<p><strong>Per\u00edode de matricula: <\/strong>Matricula oberta fins a partir de l&#8217;1 de Gener de 2024 <\/p>\n\n\n\n<ul class=\"wp-block-list\">\n<li>La formalitzaci\u00f3 de la matricula no es pot fer efectiva fins que es comprovin que els requisits per accedir son els exigits. <\/li>\n\n\n\n<li>Quan s&#8217;hagi formalitzat la matricula, ens pondrem en contacte amb tu per fer la confirmaci\u00f3. <\/li>\n\n\n\n<li>L&#8217;Oficina d&#8217;Estudis Japonesos de la UAB &#8211; JF Sakura Network es reserva el dret per a cancel\u00b7lar qualsevol grup en el cas de que no hi hagi un m\u00ednim d&#8217;alumnat matriculat, tornant els diners de la matricula a cadascun de l&#8217;alumnat inscrit.<\/li>\n\n\n\n<li>Un cop iniciat el curs, no es realitzar\u00e0 cap devoluci\u00f3 de la matricula abonada. <\/li>\n<\/ul>\n\n\n\n<blockquote class=\"wp-block-quote is-layout-flow wp-block-quote-is-layout-flow\">\n<p>Sobre el m\u00e8tode Marugoto i els detalls de cada nivell, si us plau, consulta la seg\u00fcent p\u00e0gina web (angl\u00e8s):<\/p>\n<cite>&nbsp;<a href=\"https:\/\/marugoto.jpf.go.jp\/en\/about\/marugoto\/\" target=\"_blank\" rel=\"noreferrer noopener\">https:\/\/marugoto.jpf.go.jp\/en\/about\/marugoto\/<\/a><br><\/cite><\/blockquote>\n","protected":false},"excerpt":{"rendered":"<p>Oferta de cursos 2024 Impartim cursos de japon\u00e8s de diferents nivells en modalitat presencial o virtual des de febrer fins a maig de 2024 (2 classes de 2 hores \/ setmana: tant les dates i hores com la modalitat es determinaran segons la disponibilitat de l&#8217;alumnat i del professorat). En aquests cursos, apliquem el nou [&hellip;]<\/p>\n","protected":false},"author":2856,"featured_media":0,"parent":0,"menu_order":0,"comment_status":"closed","ping_status":"closed","template":"","meta":{"footnotes":""},"class_list":["post-21","page","type-page","status-publish","hentry"],"_links":{"self":[{"href":"https:\/\/webs.uab.cat\/oficinasakura\/wp-json\/wp\/v2\/pages\/21","targetHints":{"allow":["GET"]}}],"collection":[{"href":"https:\/\/webs.uab.cat\/oficinasakura\/wp-json\/wp\/v2\/pages"}],"about":[{"href":"https:\/\/webs.uab.cat\/oficinasakura\/wp-json\/wp\/v2\/types\/page"}],"author":[{"embeddable":true,"href":"https:\/\/webs.uab.cat\/oficinasakura\/wp-json\/wp\/v2\/users\/2856"}],"replies":[{"embeddable":true,"href":"https:\/\/webs.uab.cat\/oficinasakura\/wp-json\/wp\/v2\/comments?post=21"}],"version-history":[{"count":7,"href":"https:\/\/webs.uab.cat\/oficinasakura\/wp-json\/wp\/v2\/pages\/21\/revisions"}],"predecessor-version":[{"id":202,"href":"https:\/\/webs.uab.cat\/oficinasakura\/wp-json\/wp\/v2\/pages\/21\/revisions\/202"}],"wp:attachment":[{"href":"https:\/\/webs.uab.cat\/oficinasakura\/wp-json\/wp\/v2\/media?parent=21"}],"curies":[{"name":"wp","href":"https:\/\/api.w.org\/{rel}","templated":true}]}}

Matriculació

<p><strong><u>Oferta de cursos 2024</u></strong></p>



<p>Impartim cursos de japonès de diferents nivells en modalitat presencial o virtual des de febrer fins a maig de 2024 (2 classes de 2 hores / setmana: tant les dates i hores com la modalitat es determinaran segons la disponibilitat de l&#8217;alumnat i del professorat).</p>



<p>En aquests cursos, apliquem el nou mètode de Marugoto, desenvolupat per la pròpia Japan Foundation com a institució oficial responsable de la promoció de llengua japonesa en l&#8217;exterior, permetent a cada estudiant millorar les seves destreses comunicatives en una varietat de situacions de la vida real japonesa.</p>



<blockquote class="wp-block-quote is-layout-flow wp-block-quote-is-layout-flow">
<p>Sobre el mètode Marugoto i els detalls de cada nivell, si us plau, consulta la següent pàgina web (anglès):</p>
<cite><a href="https://marugoto.jpf.go.jp/en/about/marugoto/" target="_blank" rel="noreferrer noopener">https://marugoto.jpf.go.jp/en/about/marugoto</a></cite></blockquote>



<p><strong>Preu</strong></p>



<figure class="wp-block-table"><table><tbody><tr><td><strong>Categoria</strong></td><td><strong>Preu del Curs A1-1* (44H)</strong></td><td><strong><strong>Preu del Curs</strong></strong> <strong>A1-2* (40H)</strong></td><td><strong><strong>Preu del Curs</strong></strong> <strong>A2-1** (44H)</strong></td></tr><tr><td><strong>Alumnat i Personal UAB</strong></td><td>422,40€</td><td>384,00€</td><td>422,40€</td></tr><tr><td><strong>Comunitat Universitària Vinculada</strong></td><td>448,80€</td><td>408,00€</td><td>448,80€</td></tr><tr><td><strong>Persones Externes</strong></td><td>528,00€</td><td>480,00€</td><td>528,00€</td></tr></tbody></table></figure>



<p>*El preu del curs inclou la matricula i tots els materials, inclòs el llibre de text Marugoto. </p>



<ul class="wp-block-list">
<li>Alumnat i Personal UAB: Alumnes (grau i postgrau), Personal Acadèmic i PAS de centres propis de la UAB. El preu del curs per a les persones en aquesta categoria inclou un descompte del 20% sobre el preu per a les persones externes.</li>



<li>Comunitat Universitària Vinculada: Amics UAB, Esfera UAB, Parc d&#8217;Investigació, PAS d&#8217;Escoles Adscrites, Alumni UAB, Fundació Autònoma i antics alumnes del Servei de Llengües. El preu del curs per a les persones d&#8217;aquesta categoria inclou un descompte del 15% sobre el preu per a les persones externes.</li>
</ul>



<p><strong>Períodes de preinscripció </strong></p>



<p>Tots els interessats en la matricula han de realitzar la preinscripció a través del formulari digital (<a href="https://forms.gle/uiYmRCJXe9fEKZpr8" target="_blank" rel="noreferrer noopener">https://forms.gle/uiYmRCJXe9fEKZpr8</a>&nbsp;) dins de la disponibilitat de l&#8217;1 de gener fins al 15 de febrer de 2024.</p>



<ul class="wp-block-list">
<li>Degut a que el número de places en el curs es limitat, les places s&#8217;assignaran per rigorós ordre de preinscripció.</li>



<li>Quan s&#8217;hagi formalitzat la preinscripció, ens pondrem en contacte amb tu per que puguis oficialitzar la matricula.</li>
</ul>



<p><strong>Període de matricula: </strong>Matricula oberta fins a partir de l&#8217;1 de Gener de 2024 </p>



<ul class="wp-block-list">
<li>La formalització de la matricula no es pot fer efectiva fins que es comprovin que els requisits per accedir son els exigits. </li>



<li>Quan s&#8217;hagi formalitzat la matricula, ens pondrem en contacte amb tu per fer la confirmació. </li>



<li>L&#8217;Oficina d&#8217;Estudis Japonesos de la UAB &#8211; JF Sakura Network es reserva el dret per a cancel·lar qualsevol grup en el cas de que no hi hagi un mínim d&#8217;alumnat matriculat, tornant els diners de la matricula a cadascun de l&#8217;alumnat inscrit.</li>



<li>Un cop iniciat el curs, no es realitzarà cap devolució de la matricula abonada. </li>
</ul>



<blockquote class="wp-block-quote is-layout-flow wp-block-quote-is-layout-flow">
<p>Sobre el mètode Marugoto i els detalls de cada nivell, si us plau, consulta la següent pàgina web (anglès):</p>
<cite>&nbsp;<a href="https://marugoto.jpf.go.jp/en/about/marugoto/" target="_blank" rel="noreferrer noopener">https://marugoto.jpf.go.jp/en/about/marugoto/</a><br></cite></blockquote>

<p>Oferta de cursos 2024 Impartim cursos de japonès de diferents nivells en modalitat presencial o virtual des de febrer fins a maig de 2024 (2 classes de 2 hores / setmana: tant les dates i hores com la modalitat es determinaran segons la disponibilitat de l&#8217;alumnat i del professorat). En aquests cursos, apliquem el nou [&hellip;]</p>
