{"id":45,"date":"2024-02-06T15:10:32","date_gmt":"2024-02-06T13:10:32","guid":{"rendered":"https:\/\/webs.uab.cat\/oficinasakura\/?page_id=45"},"modified":"2026-03-02T15:53:28","modified_gmt":"2026-03-02T13:53:28","slug":"matriculacio-2","status":"publish","type":"page","link":"https:\/\/webs.uab.cat\/oficinasakura\/matriculacio-2\/","title":{"rendered":"Matriculaci\u00f3"},"content":{"rendered":"\n<p><strong>Convocat\u00f2ria oberta de cursos de japon\u00e8s (primavera 2026)!<\/strong><\/p>\n\n\n\n<p><strong>Oferta de cursos 2026<\/strong><\/p>\n\n\n\n<p>Oferim cursos de japon\u00e8s de nivell inicial a avan\u00e7at, en modalitat presencial o en l\u00ednia. Les classes es fan dues vegades per setmana, amb sessions de dues hores. Hi ha un curs de primavera (de mitjans de mar\u00e7 a finals de juny) i un curs de tardor (de mitjans d\u2019octubre a finals de gener). Les dates, els horaris i la modalitat s\u2019estableixen segons la disponibilitat de l\u2019alumnat i del professorat.<\/p>\n\n\n\n<p>En aquests cursos, apliquem el nou m\u00e8tode de Marugoto, desenvolupat per la pr\u00f2pia Japan Foundation com a instituci\u00f3 oficial responsable de la promoci\u00f3 de llengua japonesa en l&#8217;exterior, permetent a cada estudiant millorar les seves destreses comunicatives en una varietat de situacions de la vida real japonesa.<\/p>\n\n\n\n<blockquote class=\"wp-block-quote is-layout-flow wp-block-quote-is-layout-flow\">\n<p>Sobre el m\u00e8tode Marugoto i els detalls de cada nivell, si us plau, consulta la seg\u00fcent p\u00e0gina web (angl\u00e8s):<\/p>\n<cite><a href=\"https:\/\/marugoto.jpf.go.jp\/en\/about\/marugoto\/\" target=\"_blank\" rel=\"noreferrer noopener\">https:\/\/marugoto.jpf.go.jp\/en\/about\/marugoto<\/a><\/cite><\/blockquote>\n\n\n\n<p><strong>Preu<\/strong><\/p>\n\n\n\n<figure class=\"wp-block-table\"><table class=\"has-fixed-layout\"><tbody><tr><td class=\"has-text-align-center\" data-align=\"center\"><strong>Curs<\/strong><\/td><td class=\"has-text-align-center\" data-align=\"center\"><strong>Alumnat i Personal UAB<\/strong><\/td><td class=\"has-text-align-center\" data-align=\"center\"><strong>Comunitat Universit\u00e0ria Vinculada<\/strong><\/td><td class=\"has-text-align-center\" data-align=\"center\"><strong>Persones <\/strong><br><strong>Externes<\/strong><\/td><\/tr><tr><td class=\"has-text-align-center\" data-align=\"center\"><strong>A1-1 (44H)<\/strong>*<\/td><td class=\"has-text-align-center\" data-align=\"center\">422,40\u20ac<\/td><td class=\"has-text-align-center\" data-align=\"center\">448,80\u20ac<\/td><td class=\"has-text-align-center\" data-align=\"center\">528,00\u20ac<\/td><\/tr><tr><td class=\"has-text-align-center\" data-align=\"center\"><strong>A1-2 (40H)<\/strong>*<\/td><td class=\"has-text-align-center\" data-align=\"center\">384,00\u20ac<\/td><td class=\"has-text-align-center\" data-align=\"center\">408,00\u20ac<\/td><td class=\"has-text-align-center\" data-align=\"center\">480,00\u20ac<\/td><\/tr><tr><td class=\"has-text-align-center\" data-align=\"center\"><strong>A2-1 (44H)<\/strong>*<\/td><td class=\"has-text-align-center\" data-align=\"center\">422,40\u20ac<\/td><td class=\"has-text-align-center\" data-align=\"center\">448,80\u20ac<\/td><td class=\"has-text-align-center\" data-align=\"center\">528,00\u20ac<\/td><\/tr><tr><td class=\"has-text-align-center\" data-align=\"center\"><strong>A2-2 (40H)<\/strong>*<\/td><td class=\"has-text-align-center\" data-align=\"center\">384,00\u20ac<\/td><td class=\"has-text-align-center\" data-align=\"center\">408,00\u20ac<\/td><td class=\"has-text-align-center\" data-align=\"center\">480,00\u20ac<\/td><\/tr><tr><td class=\"has-text-align-center\" data-align=\"center\"><strong>A2-3 (40H)<\/strong>*<\/td><td class=\"has-text-align-center\" data-align=\"center\">384,00\u20ac<\/td><td class=\"has-text-align-center\" data-align=\"center\">408,00\u20ac<\/td><td class=\"has-text-align-center\" data-align=\"center\">480,00\u20ac<\/td><\/tr><tr><td class=\"has-text-align-center\" data-align=\"center\"><strong>A2-4 (40H)<\/strong>*<\/td><td class=\"has-text-align-center\" data-align=\"center\">384,00\u20ac<\/td><td class=\"has-text-align-center\" data-align=\"center\">408,00\u20ac<\/td><td class=\"has-text-align-center\" data-align=\"center\">480,00\u20ac<\/td><\/tr><tr><td class=\"has-text-align-center\" data-align=\"center\"><strong>A2-5 (40H)<\/strong>*<\/td><td class=\"has-text-align-center\" data-align=\"center\">384,00\u20ac<\/td><td class=\"has-text-align-center\" data-align=\"center\">408,00\u20ac<\/td><td class=\"has-text-align-center\" data-align=\"center\">480,00\u20ac<\/td><\/tr><\/tbody><\/table><\/figure>\n\n\n\n<p>*El preu del curs inclou la matricula i tots els materials, incl\u00f2s el llibre de text Marugoto (PDF).<\/p>\n\n\n\n<ul class=\"wp-block-list\">\n<li>Alumnat i Personal UAB: Alumnes (grau i postgrau), Personal Acad\u00e8mic i PAS de centres propis de la UAB. El preu del curs per a les persones en aquesta categoria inclou un descompte del 20% sobre el preu per a les persones externes.<\/li>\n\n\n\n<li>Comunitat Universit\u00e0ria Vinculada: Amics UAB, Esfera UAB, Parc d&#8217;Investigaci\u00f3, PAS d&#8217;Escoles Adscrites, Alumni UAB, Fundaci\u00f3 Aut\u00f2noma i antics alumnes del Servei de Lleng\u00fces. El preu del curs per a les persones d&#8217;aquesta categoria inclou un descompte del 15% sobre el preu per a les persones externes.<\/li>\n<\/ul>\n\n\n\n<p><strong>Per\u00edodes de preinscripci\u00f3 <\/strong><\/p>\n\n\n\n<p>Tots els interessats en la matricula han de realitzar la preinscripci\u00f3 a trav\u00e9s del <a href=\"https:\/\/docs.google.com\/forms\/d\/1pLr-hnSvwJj3E2vsDTLIEsommYWOkLsoxj1xlH8DQ9c\/edit\">formulario digital.<\/a><\/p>\n\n\n\n<ul class=\"wp-block-list\">\n<li>Degut a que el n\u00famero de places en el curs es limitat, les places s&#8217;assignaran per rigor\u00f3s ordre de preinscripci\u00f3.<\/li>\n\n\n\n<li>Quan s&#8217;hagi formalitzat la preinscripci\u00f3, ens pondrem en contacte amb tu per que puguis oficialitzar la matricula.<\/li>\n<\/ul>\n\n\n\n<p><strong>Per\u00edode de matricula (primavera 2026)<\/strong><\/p>\n\n\n\n<p>Matricula oberta fins al 9 de mar\u00e7 de 2026.<\/p>\n\n\n\n<ul class=\"wp-block-list\">\n<li>La formalitzaci\u00f3 de la matricula no es pot fer efectiva fins que es comprovin que els requisits per accedir son els exigits. <\/li>\n\n\n\n<li>Quan s&#8217;hagi formalitzat la matricula, ens pondrem en contacte amb tu per fer la confirmaci\u00f3. <\/li>\n\n\n\n<li>L&#8217;Oficina d&#8217;Estudis Japonesos de la UAB &#8211; JF Sakura Network es reserva el dret per a cancel\u00b7lar qualsevol grup en el cas de que no hi hagi un m\u00ednim d&#8217;alumnat matriculat, tornant els diners de la matricula a cadascun de l&#8217;alumnat inscrit.<\/li>\n\n\n\n<li>Un cop iniciat el curs, no es realitzar\u00e0 cap devoluci\u00f3 de la matricula abonada. <\/li>\n<\/ul>\n\n\n\n<blockquote class=\"wp-block-quote is-layout-flow wp-block-quote-is-layout-flow\">\n<p>Sobre el m\u00e8tode Marugoto i els detalls de cada nivell, si us plau, consulta la seg\u00fcent p\u00e0gina web (angl\u00e8s):<\/p>\n<cite>&nbsp;<a href=\"https:\/\/marugoto.jpf.go.jp\/en\/about\/marugoto\/\" target=\"_blank\" rel=\"noreferrer noopener\">https:\/\/marugoto.jpf.go.jp\/en\/about\/marugoto\/<\/a><br><\/cite><\/blockquote>\n","protected":false},"excerpt":{"rendered":"<p>Convocat\u00f2ria oberta de cursos de japon\u00e8s (primavera 2026)! Oferta de cursos 2026 Oferim cursos de japon\u00e8s de nivell inicial a avan\u00e7at, en modalitat presencial o en l\u00ednia. Les classes es fan dues vegades per setmana, amb sessions de dues hores. Hi ha un curs de primavera (de mitjans de mar\u00e7 a finals de juny) i [&hellip;]<\/p>\n","protected":false},"author":2856,"featured_media":0,"parent":0,"menu_order":0,"comment_status":"closed","ping_status":"closed","template":"","meta":{"footnotes":""},"class_list":["post-45","page","type-page","status-publish","hentry"],"_links":{"self":[{"href":"https:\/\/webs.uab.cat\/oficinasakura\/wp-json\/wp\/v2\/pages\/45","targetHints":{"allow":["GET"]}}],"collection":[{"href":"https:\/\/webs.uab.cat\/oficinasakura\/wp-json\/wp\/v2\/pages"}],"about":[{"href":"https:\/\/webs.uab.cat\/oficinasakura\/wp-json\/wp\/v2\/types\/page"}],"author":[{"embeddable":true,"href":"https:\/\/webs.uab.cat\/oficinasakura\/wp-json\/wp\/v2\/users\/2856"}],"replies":[{"embeddable":true,"href":"https:\/\/webs.uab.cat\/oficinasakura\/wp-json\/wp\/v2\/comments?post=45"}],"version-history":[{"count":31,"href":"https:\/\/webs.uab.cat\/oficinasakura\/wp-json\/wp\/v2\/pages\/45\/revisions"}],"predecessor-version":[{"id":784,"href":"https:\/\/webs.uab.cat\/oficinasakura\/wp-json\/wp\/v2\/pages\/45\/revisions\/784"}],"wp:attachment":[{"href":"https:\/\/webs.uab.cat\/oficinasakura\/wp-json\/wp\/v2\/media?parent=45"}],"curies":[{"name":"wp","href":"https:\/\/api.w.org\/{rel}","templated":true}]}}

Matriculació

<p><strong>Convocatòria oberta de cursos de japonès (primavera 2026)!</strong></p>



<p><strong>Oferta de cursos 2026</strong></p>



<p>Oferim cursos de japonès de nivell inicial a avançat, en modalitat presencial o en línia. Les classes es fan dues vegades per setmana, amb sessions de dues hores. Hi ha un curs de primavera (de mitjans de març a finals de juny) i un curs de tardor (de mitjans d’octubre a finals de gener). Les dates, els horaris i la modalitat s’estableixen segons la disponibilitat de l’alumnat i del professorat.</p>



<p>En aquests cursos, apliquem el nou mètode de Marugoto, desenvolupat per la pròpia Japan Foundation com a institució oficial responsable de la promoció de llengua japonesa en l&#8217;exterior, permetent a cada estudiant millorar les seves destreses comunicatives en una varietat de situacions de la vida real japonesa.</p>



<blockquote class="wp-block-quote is-layout-flow wp-block-quote-is-layout-flow">
<p>Sobre el mètode Marugoto i els detalls de cada nivell, si us plau, consulta la següent pàgina web (anglès):</p>
<cite><a href="https://marugoto.jpf.go.jp/en/about/marugoto/" target="_blank" rel="noreferrer noopener">https://marugoto.jpf.go.jp/en/about/marugoto</a></cite></blockquote>



<p><strong>Preu</strong></p>



<figure class="wp-block-table"><table class="has-fixed-layout"><tbody><tr><td class="has-text-align-center" data-align="center"><strong>Curs</strong></td><td class="has-text-align-center" data-align="center"><strong>Alumnat i Personal UAB</strong></td><td class="has-text-align-center" data-align="center"><strong>Comunitat Universitària Vinculada</strong></td><td class="has-text-align-center" data-align="center"><strong>Persones </strong><br><strong>Externes</strong></td></tr><tr><td class="has-text-align-center" data-align="center"><strong>A1-1 (44H)</strong>*</td><td class="has-text-align-center" data-align="center">422,40€</td><td class="has-text-align-center" data-align="center">448,80€</td><td class="has-text-align-center" data-align="center">528,00€</td></tr><tr><td class="has-text-align-center" data-align="center"><strong>A1-2 (40H)</strong>*</td><td class="has-text-align-center" data-align="center">384,00€</td><td class="has-text-align-center" data-align="center">408,00€</td><td class="has-text-align-center" data-align="center">480,00€</td></tr><tr><td class="has-text-align-center" data-align="center"><strong>A2-1 (44H)</strong>*</td><td class="has-text-align-center" data-align="center">422,40€</td><td class="has-text-align-center" data-align="center">448,80€</td><td class="has-text-align-center" data-align="center">528,00€</td></tr><tr><td class="has-text-align-center" data-align="center"><strong>A2-2 (40H)</strong>*</td><td class="has-text-align-center" data-align="center">384,00€</td><td class="has-text-align-center" data-align="center">408,00€</td><td class="has-text-align-center" data-align="center">480,00€</td></tr><tr><td class="has-text-align-center" data-align="center"><strong>A2-3 (40H)</strong>*</td><td class="has-text-align-center" data-align="center">384,00€</td><td class="has-text-align-center" data-align="center">408,00€</td><td class="has-text-align-center" data-align="center">480,00€</td></tr><tr><td class="has-text-align-center" data-align="center"><strong>A2-4 (40H)</strong>*</td><td class="has-text-align-center" data-align="center">384,00€</td><td class="has-text-align-center" data-align="center">408,00€</td><td class="has-text-align-center" data-align="center">480,00€</td></tr><tr><td class="has-text-align-center" data-align="center"><strong>A2-5 (40H)</strong>*</td><td class="has-text-align-center" data-align="center">384,00€</td><td class="has-text-align-center" data-align="center">408,00€</td><td class="has-text-align-center" data-align="center">480,00€</td></tr></tbody></table></figure>



<p>*El preu del curs inclou la matricula i tots els materials, inclòs el llibre de text Marugoto (PDF).</p>



<ul class="wp-block-list">
<li>Alumnat i Personal UAB: Alumnes (grau i postgrau), Personal Acadèmic i PAS de centres propis de la UAB. El preu del curs per a les persones en aquesta categoria inclou un descompte del 20% sobre el preu per a les persones externes.</li>



<li>Comunitat Universitària Vinculada: Amics UAB, Esfera UAB, Parc d&#8217;Investigació, PAS d&#8217;Escoles Adscrites, Alumni UAB, Fundació Autònoma i antics alumnes del Servei de Llengües. El preu del curs per a les persones d&#8217;aquesta categoria inclou un descompte del 15% sobre el preu per a les persones externes.</li>
</ul>



<p><strong>Períodes de preinscripció </strong></p>



<p>Tots els interessats en la matricula han de realitzar la preinscripció a través del <a href="https://docs.google.com/forms/d/1pLr-hnSvwJj3E2vsDTLIEsommYWOkLsoxj1xlH8DQ9c/edit">formulario digital.</a></p>



<ul class="wp-block-list">
<li>Degut a que el número de places en el curs es limitat, les places s&#8217;assignaran per rigorós ordre de preinscripció.</li>



<li>Quan s&#8217;hagi formalitzat la preinscripció, ens pondrem en contacte amb tu per que puguis oficialitzar la matricula.</li>
</ul>



<p><strong>Període de matricula (primavera 2026)</strong></p>



<p>Matricula oberta fins al 9 de març de 2026.</p>



<ul class="wp-block-list">
<li>La formalització de la matricula no es pot fer efectiva fins que es comprovin que els requisits per accedir son els exigits. </li>



<li>Quan s&#8217;hagi formalitzat la matricula, ens pondrem en contacte amb tu per fer la confirmació. </li>



<li>L&#8217;Oficina d&#8217;Estudis Japonesos de la UAB &#8211; JF Sakura Network es reserva el dret per a cancel·lar qualsevol grup en el cas de que no hi hagi un mínim d&#8217;alumnat matriculat, tornant els diners de la matricula a cadascun de l&#8217;alumnat inscrit.</li>



<li>Un cop iniciat el curs, no es realitzarà cap devolució de la matricula abonada. </li>
</ul>



<blockquote class="wp-block-quote is-layout-flow wp-block-quote-is-layout-flow">
<p>Sobre el mètode Marugoto i els detalls de cada nivell, si us plau, consulta la següent pàgina web (anglès):</p>
<cite>&nbsp;<a href="https://marugoto.jpf.go.jp/en/about/marugoto/" target="_blank" rel="noreferrer noopener">https://marugoto.jpf.go.jp/en/about/marugoto/</a><br></cite></blockquote>

<p>Convocatòria oberta de cursos de japonès (primavera 2026)! Oferta de cursos 2026 Oferim cursos de japonès de nivell inicial a avançat, en modalitat presencial o en línia. Les classes es fan dues vegades per setmana, amb sessions de dues hores. Hi ha un curs de primavera (de mitjans de març a finals de juny) i [&hellip;]</p>
