{"id":328,"date":"2024-03-03T22:57:04","date_gmt":"2024-03-03T20:57:04","guid":{"rendered":"https:\/\/webs.uab.cat\/ogd\/?page_id=328"},"modified":"2026-01-21T12:53:12","modified_gmt":"2026-01-21T10:53:12","slug":"patents","status":"publish","type":"page","link":"https:\/\/webs.uab.cat\/ogd\/patents\/","title":{"rendered":"Transfer\u00e8ncia"},"content":{"rendered":"\n<h2 class=\"wp-block-heading\">Falten activitats de transfer\u00e8ncia<\/h2>\n\n\n\n<p>Nom\u00e9s es tenen en compte aquelles activitats de transfer\u00e8ncia informades a la base de dades d\u2019EGRETA.<\/p>\n\n\n\n<p>Si no apareix una o m\u00e9s activitats:<\/p>\n\n\n\n<ul class=\"wp-block-list\">\n<li>Verificar que l\u2019activitat existeix a EGRETA (fer cerca per codi o t\u00edtol del projecte). <strong>Si l\u2019activitat no existeix a EGRETA, <\/strong>enviar una incid\u00e8ncia via <a href=\"https:\/\/tiquets.uab.cat\/servicedesk\/customer\/portal\/21\/create\/428\">formulari<\/a> (tipus incid\u00e8ncia <em>Projectes de recerca i transfer\u00e8ncia)<\/em>, aportant documentaci\u00f3 acreditativa de la seva participaci\u00f3: <strong>b\u00e9 la resoluci\u00f3 oficial del projecte on hi consti el nom de l\u2019investigador\/a en q\u00fcesti\u00f3 o b\u00e9 un certificat signat pel representant legal de la instituci\u00f3 que va rebre l\u2019ajut on tamb\u00e9 hi consti el nom de l\u2019investigador\/a en q\u00fcesti\u00f3<\/strong>.<\/li>\n\n\n\n<li>Verificar que el\/la professor\/a consta a l\u2019equip investigador.                                                Si no hi consta, enviar una incid\u00e8ncia via <a href=\"https:\/\/tiquets.uab.cat\/servicedesk\/customer\/portal\/21\/create\/428\">formulari<\/a> (tipus incid\u00e8ncia <em>Projectes de recerca i transfer\u00e8ncia)<\/em>, aportant documentaci\u00f3 acreditativa de la seva participaci\u00f3: <strong>b\u00e9 la resoluci\u00f3 oficial del projecte on hi consti el nom de l\u2019investigador\/a en q\u00fcesti\u00f3 o b\u00e9 un certificat signat pel representant legal de la instituci\u00f3 que va rebre l\u2019ajut on tamb\u00e9 hi consti el nom de l\u2019investigador\/a en q\u00fcesti\u00f3.<\/strong><\/li>\n\n\n\n<li>Verificar si la funci\u00f3 del professor o professora a l\u2019equip investigador \u00e9s correcta (IP, co-IP, o investigador).                                                                                                                             Si no \u00e9s correcta, enviar una incid\u00e8ncia via <a href=\"https:\/\/tiquets.uab.cat\/servicedesk\/customer\/portal\/21\/create\/428\">formulari<\/a> (tipus incid\u00e8ncia <em>Projectes de recerca i transfer\u00e8ncia) <\/em>aportant documentaci\u00f3 acreditativa del seu rol.<\/li>\n\n\n\n<li>Verificar les dates d\u2019inici i fi (vig\u00e8ncia del projecte):\n<ul class=\"wp-block-list\">\n<li>Si no era vigent a 31\/12\/AAAA-1 (desembre anterior a l\u2019execuci\u00f3 de la fitxa): no ha d\u2019apar\u00e8ixer a la fitxa.<\/li>\n\n\n\n<li>Si era vigent a 31\/12\/AAAA-1: revisar a EGRETA si les dates s\u00f3n correctes (cas freq\u00fcent de pr\u00f2rrogues de projectes no informades a EGRETA). Si no s\u00f3n correctes, enviar una incid\u00e8ncia via <a href=\"https:\/\/tiquets.uab.cat\/servicedesk\/customer\/portal\/21\/create\/428\">formulari<\/a> (tipus incid\u00e8ncia <em>Projectes de recerca i transfer\u00e8ncia)<\/em>.<\/li>\n<\/ul>\n<\/li>\n<\/ul>\n\n\n\n<p><\/p>\n\n\n\n<h2 class=\"wp-block-heading\">Falta informaci\u00f3 sobre les meves patents<\/h2>\n\n\n\n<p>Es tenen en compte nom\u00e9s les patents que constin a la base de dades IDEES de l\u2019Oficina de Valoritzaci\u00f3 i Patents que compleixin les seg\u00fcents condicions en data 31\/12\/ de l\u2019any anterior a l\u2019execuci\u00f3 de la fitxa:<\/p>\n\n\n\n<ul class=\"wp-block-list\">\n<li>Ser propietat de la UAB o estar participades per la UAB<\/li>\n\n\n\n<li>Estar concedides, vigents i llicenciades en data 31\/12\/ de l\u2019any anterior a \u2019execuci\u00f3 de la fitxa.<\/li>\n\n\n\n<li>Tenir rendiment econ\u00f2mic dins l\u2019any anterior a l\u2019execuci\u00f3 de la fitxa<br><\/li>\n<\/ul>\n\n\n\n<p>Si teniu una patent que compleix les condicions anteriors i no us surt a la fitxa, cal que<br>envieu una incid\u00e8ncia via <a href=\"https:\/\/tiquets.uab.cat\/servicedesk\/customer\/portal\/21\/create\/428\" data-type=\"link\" data-id=\"https:\/\/fardelsud.uab.cat\/fitxa\/\">formulari<\/a> (tipus incid\u00e8ncia <em>Patents<\/em>).<\/p>\n\n\n\n<h2 class=\"wp-block-heading\">Falta informaci\u00f3 sobre el nombre d\u2019acords de llic\u00e8ncia<\/h2>\n\n\n\n<p>Es tenen en compte nom\u00e9s els acords de llic\u00e8ncia de patent que constin a la base de dades IDEES de l\u2019Oficina de Valoritzaci\u00f3 i Patents que compleixin les seg\u00fcents condicions en data 31\/12\/ de l\u2019any anterior a l\u2019execuci\u00f3 de la fitxa:<\/p>\n\n\n\n<ul class=\"wp-block-list\">\n<li>La patent ha de ser propietat de la UAB o estar participades per la UAB<\/li>\n\n\n\n<li>Estar concedides i vigents en data 31\/12\/ de l\u2019any anterior a l\u2019execuci\u00f3 de la fitxa<\/li>\n<\/ul>\n\n\n\n<p>Si teniu una llic\u00e8ncia que compleix les condicions anteriors i no us surt a la fitxa, cal que envieu una incid\u00e8ncia via <a href=\"https:\/\/tiquets.uab.cat\/servicedesk\/customer\/portal\/21\/create\/428\" data-type=\"link\" data-id=\"https:\/\/fardelsud.uab.cat\/fitxa\/\">formulari<\/a> (tipus incid\u00e8ncia <em>Patents<\/em>).<\/p>\n\n\n\n<h2 class=\"wp-block-heading\">L\u2019import d\u2019ingressos per transfer\u00e8ncia \u00e9s incorrecte<\/h2>\n\n\n\n<p>Es tenen en compte els imports corresponents als ingressos per convenis que hagin estat actius durant l\u2019any, encara que no necess\u00e0riament a data 31 de desembre. Els ingressos han d\u2019haver estat rebuts al projecte econ\u00f2mic del conveni dins l\u2019any natural.<\/p>\n\n\n\n<p>No es considera l\u2019import total del conveni, sin\u00f3 \u00fanicament l\u2019import efectivament rebut durant l\u2019exercici.<\/p>\n\n\n\n<p>En cas que l\u2019import sigui incorrecte,enviar una incid\u00e8ncia via <a href=\"https:\/\/tiquets.uab.cat\/servicedesk\/customer\/portal\/21\/create\/428\">formulari<\/a> (tipus incid\u00e8ncia <em>Projectes de recerca i transfer\u00e8ncia)<\/em>, aportant documentaci\u00f3 acreditativa.<\/p>\n","protected":false},"excerpt":{"rendered":"<p>Falten activitats de transfer\u00e8ncia Nom\u00e9s es tenen en compte aquelles activitats de transfer\u00e8ncia informades a la base de dades d\u2019EGRETA. Si no apareix una o m\u00e9s activitats: Falta informaci\u00f3 sobre les meves patents Es tenen en compte nom\u00e9s les patents que constin a la base de dades IDEES de l\u2019Oficina de Valoritzaci\u00f3 i Patents que [&hellip;]<\/p>\n","protected":false},"author":1175,"featured_media":0,"parent":0,"menu_order":0,"comment_status":"closed","ping_status":"closed","template":"","meta":{"footnotes":""},"class_list":["post-328","page","type-page","status-publish","hentry"],"_links":{"self":[{"href":"https:\/\/webs.uab.cat\/ogd\/wp-json\/wp\/v2\/pages\/328","targetHints":{"allow":["GET"]}}],"collection":[{"href":"https:\/\/webs.uab.cat\/ogd\/wp-json\/wp\/v2\/pages"}],"about":[{"href":"https:\/\/webs.uab.cat\/ogd\/wp-json\/wp\/v2\/types\/page"}],"author":[{"embeddable":true,"href":"https:\/\/webs.uab.cat\/ogd\/wp-json\/wp\/v2\/users\/1175"}],"replies":[{"embeddable":true,"href":"https:\/\/webs.uab.cat\/ogd\/wp-json\/wp\/v2\/comments?post=328"}],"version-history":[{"count":7,"href":"https:\/\/webs.uab.cat\/ogd\/wp-json\/wp\/v2\/pages\/328\/revisions"}],"predecessor-version":[{"id":601,"href":"https:\/\/webs.uab.cat\/ogd\/wp-json\/wp\/v2\/pages\/328\/revisions\/601"}],"wp:attachment":[{"href":"https:\/\/webs.uab.cat\/ogd\/wp-json\/wp\/v2\/media?parent=328"}],"curies":[{"name":"wp","href":"https:\/\/api.w.org\/{rel}","templated":true}]}}