{"id":465,"date":"2012-11-08T12:19:24","date_gmt":"2012-11-08T10:19:24","guid":{"rendered":"https:\/\/webs.uab.cat\/oic\/subscriptions\/"},"modified":"2012-11-08T12:19:24","modified_gmt":"2012-11-08T10:19:24","slug":"subscriptions","status":"publish","type":"page","link":"https:\/\/webs.uab.cat\/oic\/en\/subscriptions\/","title":{"rendered":"Subscriptions"},"content":{"rendered":"<p>&nbsp;<\/p>\n<h2>Suscripciones<\/h2>\n<p style=\"text-align: justify;\">CONEXIONES es una publicaci\u00f3n semestral. La suscripci\u00f3n anual es de 12 euros (2012). Toda correspondencia relacionada con las suscripciones y la publicidad debe ser enviada a la editorial <a href=\"http:\/\/www.comunicacionsocial.es\/cs\/\">Comunicaci\u00f3n Social Ediciones y Publicaciones<\/a>, en Zamora (Espa\u00f1a).<\/p>\n<p style=\"text-align: justify;\">CONEXIONES est\u00e1 impresa en Imprenta Kadmos, Pol. Ind. El Tormes, c\/R\u00edo Ubierna, nave 5 y 6, Salamanca, Espa\u00f1a. La producci\u00f3n editorial corre a cargo de Comunicaci\u00f3n Social Ediciones y Publicaciones, c\/Escuelas 16, 49130 Manganeses de la Lampreana (Zamora, Espa\u00f1a).<\/p>\n<p style=\"text-align: justify;\">Direcci\u00f3n postal: CONEXIONES. Revista Iberoamericana de Comunicaci\u00f3n, Observatorio Iberoamericano de la Comunicaci\u00f3n,&nbsp; Facultad de Ciencias de la Comunicaci\u00f3n, Edificio I. Despacho 026. Campus de la Universitat Aut\u00f2noma de Barcelona. 08193 Bellaterra (Barcelona, Espa\u00f1a).<\/p>\n<p style=\"text-align: justify;\">Dep\u00f3sito legal: S. 640-2009<\/p>\n<p style=\"text-align: justify;\">ISSN: 1697-3720<\/p>\n","protected":false},"excerpt":{"rendered":"<p>&nbsp; Suscripciones CONEXIONES es una publicaci\u00f3n semestral. La suscripci\u00f3n anual es de 12 euros (2012). Toda correspondencia relacionada con las suscripciones y la publicidad debe ser enviada a la editorial Comunicaci\u00f3n Social Ediciones y Publicaciones, en Zamora (Espa\u00f1a). CONEXIONES est\u00e1 impresa en Imprenta Kadmos, Pol. Ind. El Tormes, c\/R\u00edo Ubierna, nave 5 y 6, Salamanca, [&hellip;]<\/p>\n","protected":false},"author":20,"featured_media":0,"parent":0,"menu_order":0,"comment_status":"closed","ping_status":"closed","template":"","meta":{"footnotes":""},"class_list":["post-465","page","type-page","status-publish","hentry"],"_links":{"self":[{"href":"https:\/\/webs.uab.cat\/oic\/en\/wp-json\/wp\/v2\/pages\/465","targetHints":{"allow":["GET"]}}],"collection":[{"href":"https:\/\/webs.uab.cat\/oic\/en\/wp-json\/wp\/v2\/pages"}],"about":[{"href":"https:\/\/webs.uab.cat\/oic\/en\/wp-json\/wp\/v2\/types\/page"}],"author":[{"embeddable":true,"href":"https:\/\/webs.uab.cat\/oic\/en\/wp-json\/wp\/v2\/users\/20"}],"replies":[{"embeddable":true,"href":"https:\/\/webs.uab.cat\/oic\/en\/wp-json\/wp\/v2\/comments?post=465"}],"version-history":[{"count":0,"href":"https:\/\/webs.uab.cat\/oic\/en\/wp-json\/wp\/v2\/pages\/465\/revisions"}],"wp:attachment":[{"href":"https:\/\/webs.uab.cat\/oic\/en\/wp-json\/wp\/v2\/media?parent=465"}],"curies":[{"name":"wp","href":"https:\/\/api.w.org\/{rel}","templated":true}]}}

<p>&nbsp;</p>
<h2>Suscripciones</h2>
<p style="text-align: justify;">CONEXIONES es una publicación semestral. La suscripción anual es de 12 euros (2012). Toda correspondencia relacionada con las suscripciones y la publicidad debe ser enviada a la editorial <a href="http://www.comunicacionsocial.es/cs/">Comunicación Social Ediciones y Publicaciones</a>, en Zamora (España).</p>
<p style="text-align: justify;">CONEXIONES está impresa en Imprenta Kadmos, Pol. Ind. El Tormes, c/Río Ubierna, nave 5 y 6, Salamanca, España. La producción editorial corre a cargo de Comunicación Social Ediciones y Publicaciones, c/Escuelas 16, 49130 Manganeses de la Lampreana (Zamora, España).</p>
<p style="text-align: justify;">Dirección postal: CONEXIONES. Revista Iberoamericana de Comunicación, Observatorio Iberoamericano de la Comunicación,&nbsp; Facultad de Ciencias de la Comunicación, Edificio I. Despacho 026. Campus de la Universitat Autònoma de Barcelona. 08193 Bellaterra (Barcelona, España).</p>
<p style="text-align: justify;">Depósito legal: S. 640-2009</p>
<p style="text-align: justify;">ISSN: 1697-3720</p>

<p>&nbsp; Suscripciones CONEXIONES es una publicación semestral. La suscripción anual es de 12 euros (2012). Toda correspondencia relacionada con las suscripciones y la publicidad debe ser enviada a la editorial Comunicación Social Ediciones y Publicaciones, en Zamora (España). CONEXIONES está impresa en Imprenta Kadmos, Pol. Ind. El Tormes, c/Río Ubierna, nave 5 y 6, Salamanca, [&hellip;]</p>
