{"id":211,"date":"2011-02-19T19:08:32","date_gmt":"2011-02-19T17:08:32","guid":{"rendered":"https:\/\/webs.uab.cat\/oic\/convocatorias\/"},"modified":"2011-02-19T19:08:32","modified_gmt":"2011-02-19T17:08:32","slug":"convocatorias","status":"publish","type":"page","link":"https:\/\/webs.uab.cat\/oic\/es\/convocatorias\/","title":{"rendered":"Convocatorias"},"content":{"rendered":"<table align=\"center\" border=\"0\" style=\"background-color:#3a7fbb; border-color:#000000; border-style:solid; border-width:0pt; height:26px; width:100%\">\n<tbody>\n<tr>\n<td><span style=\"color:white\"><strong>NOTA PARA LAS PR\u00d3XIMAS EDICIONES DE LA REVISTA CONEXIONES<\/strong><\/span><\/td>\n<\/tr>\n<\/tbody>\n<\/table>\n<p>Durante el a\u00f1o 2014 CONEXIONES iniciar\u00e1 el proceso para convertirse en una publicaci\u00f3n electr\u00f3nica disponible a trav\u00e9s de la plataforma&nbsp;Open Journal Systems&nbsp;(OJS). A finales de 2014 se abrir\u00e1 la convocatoria de art\u00edculos para 2015.<\/p>\n<p>Los art\u00edculos para 2015 deber\u00e1n enviarse&nbsp; en soporte electr\u00f3nico a las siguientes direcciones:<\/p>\n<p>Correo electr\u00f3nico: <a href=\"http:\/\/centresderecerca.uab.cat\/oic\/content\/marcial-murciano\">Marcial Murciano<\/a> (Marcial.Murciano@uab.es); <a href=\"content\/carmina-crusafon\">Carmina Crusafon<\/a> (Carmina.Crusafon@uab.es); OIC (OBICOM@uab.cat)<\/p>\n<p>Correo postal: Revista Conexiones. Observatorio Iberoamericano de la Comunicaci\u00f3n. Edificio I &#8211; Despacho 026 &#8211; Campus de la UAB. 08193 Bellaterra. Barcelona. Espa\u00f1a<\/p>\n<p>&nbsp;<\/p>\n<p>&nbsp;<\/p>\n<p>&nbsp;<\/p>\n","protected":false},"excerpt":{"rendered":"<p>NOTA PARA LAS PR\u00d3XIMAS EDICIONES DE LA REVISTA CONEXIONES Durante el a\u00f1o 2014 CONEXIONES iniciar\u00e1 el proceso para convertirse en una publicaci\u00f3n electr\u00f3nica disponible a trav\u00e9s de la plataforma&nbsp;Open Journal Systems&nbsp;(OJS). A finales de 2014 se abrir\u00e1 la convocatoria de art\u00edculos para 2015. Los art\u00edculos para 2015 deber\u00e1n enviarse&nbsp; en soporte electr\u00f3nico a las siguientes [&hellip;]<\/p>\n","protected":false},"author":20,"featured_media":0,"parent":0,"menu_order":0,"comment_status":"closed","ping_status":"closed","template":"","meta":{"footnotes":""},"class_list":["post-211","page","type-page","status-publish","hentry"],"_links":{"self":[{"href":"https:\/\/webs.uab.cat\/oic\/es\/wp-json\/wp\/v2\/pages\/211","targetHints":{"allow":["GET"]}}],"collection":[{"href":"https:\/\/webs.uab.cat\/oic\/es\/wp-json\/wp\/v2\/pages"}],"about":[{"href":"https:\/\/webs.uab.cat\/oic\/es\/wp-json\/wp\/v2\/types\/page"}],"author":[{"embeddable":true,"href":"https:\/\/webs.uab.cat\/oic\/es\/wp-json\/wp\/v2\/users\/20"}],"replies":[{"embeddable":true,"href":"https:\/\/webs.uab.cat\/oic\/es\/wp-json\/wp\/v2\/comments?post=211"}],"version-history":[{"count":0,"href":"https:\/\/webs.uab.cat\/oic\/es\/wp-json\/wp\/v2\/pages\/211\/revisions"}],"wp:attachment":[{"href":"https:\/\/webs.uab.cat\/oic\/es\/wp-json\/wp\/v2\/media?parent=211"}],"curies":[{"name":"wp","href":"https:\/\/api.w.org\/{rel}","templated":true}]}}

<table align="center" border="0" style="background-color:#3a7fbb; border-color:#000000; border-style:solid; border-width:0pt; height:26px; width:100%">
<tbody>
<tr>
<td><span style="color:white"><strong>NOTA PARA LAS PRÓXIMAS EDICIONES DE LA REVISTA CONEXIONES</strong></span></td>
</tr>
</tbody>
</table>
<p>Durante el año 2014 CONEXIONES iniciará el proceso para convertirse en una publicación electrónica disponible a través de la plataforma&nbsp;Open Journal Systems&nbsp;(OJS). A finales de 2014 se abrirá la convocatoria de artículos para 2015.</p>
<p>Los artículos para 2015 deberán enviarse&nbsp; en soporte electrónico a las siguientes direcciones:</p>
<p>Correo electrónico: <a href="http://centresderecerca.uab.cat/oic/content/marcial-murciano">Marcial Murciano</a> (Marcial.Murciano@uab.es); <a href="content/carmina-crusafon">Carmina Crusafon</a> (Carmina.Crusafon@uab.es); OIC (OBICOM@uab.cat)</p>
<p>Correo postal: Revista Conexiones. Observatorio Iberoamericano de la Comunicación. Edificio I &#8211; Despacho 026 &#8211; Campus de la UAB. 08193 Bellaterra. Barcelona. España</p>
<p>&nbsp;</p>
<p>&nbsp;</p>
<p>&nbsp;</p>

<p>NOTA PARA LAS PRÓXIMAS EDICIONES DE LA REVISTA CONEXIONES Durante el año 2014 CONEXIONES iniciará el proceso para convertirse en una publicación electrónica disponible a través de la plataforma&nbsp;Open Journal Systems&nbsp;(OJS). A finales de 2014 se abrirá la convocatoria de artículos para 2015. Los artículos para 2015 deberán enviarse&nbsp; en soporte electrónico a las siguientes [&hellip;]</p>
