{"id":114,"date":"2010-06-22T15:31:18","date_gmt":"2010-06-22T13:31:18","guid":{"rendered":"https:\/\/webs.uab.cat\/oic\/produccio-cientifica\/"},"modified":"2022-10-10T14:34:03","modified_gmt":"2022-10-10T12:34:03","slug":"produccio-cientifica","status":"publish","type":"page","link":"https:\/\/webs.uab.cat\/oic\/produccio-cientifica\/","title":{"rendered":"Producci\u00f3 cient\u00edfica"},"content":{"rendered":"<p><img loading=\"lazy\" decoding=\"async\" class=\" size-full wp-image-108\" src=\"https:\/\/webs.uab.cat\/oic\/wp-content\/uploads\/sites\/223\/2010\/06\/Foto-Presentacion.jpg\" alt=\"\" width=\"1206\" height=\"656\" srcset=\"https:\/\/webs.uab.cat\/oic\/wp-content\/uploads\/sites\/223\/2010\/06\/Foto-Presentacion.jpg 1206w, https:\/\/webs.uab.cat\/oic\/wp-content\/uploads\/sites\/223\/2010\/06\/Foto-Presentacion-300x163.jpg 300w, https:\/\/webs.uab.cat\/oic\/wp-content\/uploads\/sites\/223\/2010\/06\/Foto-Presentacion-1024x557.jpg 1024w, https:\/\/webs.uab.cat\/oic\/wp-content\/uploads\/sites\/223\/2010\/06\/Foto-Presentacion-768x418.jpg 768w, https:\/\/webs.uab.cat\/oic\/wp-content\/uploads\/sites\/223\/2010\/06\/Foto-Presentacion-1200x653.jpg 1200w\" sizes=\"auto, (max-width: 1206px) 100vw, 1206px\" \/>&nbsp;<span style=\"line-height: 20.7999992370605px;\">La <\/span><strong style=\"line-height: 20.7999992370605px;\">Colecci\u00f3 Espacio Iberoamericano<\/strong><span style=\"line-height: 20.7999992370605px;\"> \u00e9s una aportaci\u00f3 acad\u00e8mica al terreny de la investigaci\u00f3 cr\u00edtica des de les diferents disciplines que aborden el sistema dels mitjans de comunicaci\u00f3 i les seves manifestacions culturals. El seu objectiu \u00e9s difondre noves perspectives te\u00f2riques, emp\u00edriques i hist\u00f2riques de la comunicaci\u00f3, en el context dels canvis impulsats per la mundialitzaci\u00f3 i la revoluci\u00f3 digital.<\/span>&nbsp;<\/p>\n<p>&nbsp;<\/p>\n<p><img loading=\"lazy\" decoding=\"async\" class=\" size-full wp-image-111\" src=\"https:\/\/webs.uab.cat\/oic\/wp-content\/uploads\/sites\/223\/2010\/06\/Cabecera-Conexiones1.png\" alt=\"\" width=\"604\" height=\"171\" srcset=\"https:\/\/webs.uab.cat\/oic\/wp-content\/uploads\/sites\/223\/2010\/06\/Cabecera-Conexiones1.png 604w, https:\/\/webs.uab.cat\/oic\/wp-content\/uploads\/sites\/223\/2010\/06\/Cabecera-Conexiones1-300x85.png 300w\" sizes=\"auto, (max-width: 604px) 100vw, 604px\" \/>&nbsp;<strong style=\"line-height: 20.7999992370605px;\"><em>Conexiones, Revista Iberoamericana de Comunicaci\u00f3n<\/em><\/strong><span style=\"line-height: 20.7999992370605px;\"> \u00e9s una publicaci\u00f3 de la Xarxa Interuniversit\u00e0ria d&#8217;Estudis de Comunicaci\u00f3 (RIEC), que desitja establir un debat plural sobre els aspectes centrals de la cultura i els mitjans de comunicaci\u00f3. El seu objectiu expl\u00edcit \u00e9s continuar, ampliar i consolidar el camp de la investigaci\u00f3 cr\u00edtica obert en les societats iberoamericanes per les diferents disciplines que aborden el sistema dels mitjans de comunicaci\u00f3 i les seves manifestacions culturals.<\/span><\/p>\n<p>&nbsp;<\/p>\n","protected":false},"excerpt":{"rendered":"<p>&nbsp;La Colecci\u00f3 Espacio Iberoamericano \u00e9s una aportaci\u00f3 acad\u00e8mica al terreny de la investigaci\u00f3 cr\u00edtica des de les diferents disciplines que aborden el sistema dels mitjans de comunicaci\u00f3 i les seves manifestacions culturals. El seu objectiu \u00e9s difondre noves perspectives te\u00f2riques, emp\u00edriques i hist\u00f2riques de la comunicaci\u00f3, en el context dels canvis impulsats per la mundialitzaci\u00f3 [&hellip;]<\/p>\n","protected":false},"author":20,"featured_media":0,"parent":0,"menu_order":0,"comment_status":"closed","ping_status":"closed","template":"","meta":{"footnotes":""},"class_list":["post-114","page","type-page","status-publish","hentry"],"_links":{"self":[{"href":"https:\/\/webs.uab.cat\/oic\/wp-json\/wp\/v2\/pages\/114","targetHints":{"allow":["GET"]}}],"collection":[{"href":"https:\/\/webs.uab.cat\/oic\/wp-json\/wp\/v2\/pages"}],"about":[{"href":"https:\/\/webs.uab.cat\/oic\/wp-json\/wp\/v2\/types\/page"}],"author":[{"embeddable":true,"href":"https:\/\/webs.uab.cat\/oic\/wp-json\/wp\/v2\/users\/20"}],"replies":[{"embeddable":true,"href":"https:\/\/webs.uab.cat\/oic\/wp-json\/wp\/v2\/comments?post=114"}],"version-history":[{"count":1,"href":"https:\/\/webs.uab.cat\/oic\/wp-json\/wp\/v2\/pages\/114\/revisions"}],"predecessor-version":[{"id":2720,"href":"https:\/\/webs.uab.cat\/oic\/wp-json\/wp\/v2\/pages\/114\/revisions\/2720"}],"wp:attachment":[{"href":"https:\/\/webs.uab.cat\/oic\/wp-json\/wp\/v2\/media?parent=114"}],"curies":[{"name":"wp","href":"https:\/\/api.w.org\/{rel}","templated":true}]}}