{"id":136,"date":"2010-06-22T16:26:37","date_gmt":"2010-06-22T14:26:37","guid":{"rendered":"https:\/\/webs.uab.cat\/oic\/tic-espanya-presentacio\/"},"modified":"2010-06-22T16:26:37","modified_gmt":"2010-06-22T14:26:37","slug":"tic-espanya-presentacio","status":"publish","type":"page","link":"https:\/\/webs.uab.cat\/oic\/tic-espanya-presentacio\/","title":{"rendered":"Implantaci\u00f3 de les TIC a les comunitats aut\u00f2nomes espanyoles"},"content":{"rendered":"<p>La investigaci\u00f3 <em>Nova tecnologia de la informaci\u00f3 i canvi comunicatiu en les comunitats aut\u00f2nomes espanyoles<\/em> ha estat realitzada per les universitats Aut\u00f2noma de Barcelona (coordinadora del projecte), d&#8217;Alacant, de M\u00e0laga, de Santiago de Compostela, del Pa\u00eds Basc i Europea de Madrid, en el marc del programa d&#8217;ajuts a Projectes d&#8217;Investigaci\u00f3 Cient\u00edfica i Desenvolupament Tecnol\u00f2gic del Ministeri d&#8217;Educaci\u00f3 i Ci\u00e8ncia (refer\u00e8ncia SEC-2003\/07024). Aquest grup de recerca, constitu\u00eft a partir de l&#8217;execuci\u00f3 del projecte en xarxa interuniversit\u00e0ria estable (Xarxa LOCALCOM), ha creat un model d&#8217;indicadors que permet comparar la incid\u00e8ncia de les noves tecnologies de la informaci\u00f3 i la comunicaci\u00f3 (TIC) a les comunitats aut\u00f2nomes espanyoles, que avalua les diferents realitats locals i que facilita als responsables p\u00fablics i empresaris la presa de decisions en pol\u00edtiques d&#8217;impuls a la Societat de la Informaci\u00f3.<\/p>\n<p>La investigaci\u00f3 analitza el marc de desenvolupament de les TIC des de la perspectiva de les comunitats aut\u00f2nomes espanyoles, enteses com els nous espais locals. Aquestes representen un lloc d&#8217;an\u00e0lisi privilegiat en l&#8217;\u00e0mbit de les xarxes o infraestructures i de l&#8217;economia de les comunicacions; constitueixen a m\u00e9s un espai innovador i un f\u00e8rtil terreny d&#8217;investigaci\u00f3. En aquest sentit, Espanya ha protagonitzat un dels processos de descentralitzaci\u00f3 auton\u00f2mica m\u00e9s avan\u00e7ats a nivell internacional i, en aquest marc, la investigaci\u00f3 ha establert el impacte desigual del canvi de les tecnologies de la informaci\u00f3 i la comunicaci\u00f3 en les diferents comunitats aut\u00f2nomes espanyoles, amb la mirada posada en tres actors fonamentals: els ciutadans, les empreses i l&#8217;administraci\u00f3 p\u00fablica.<\/p>\n<p>En s\u00edntesi, <strong>la investigaci\u00f3 mesura el canvi comunicatiu en els diferents espais locals analitzats<\/strong>. Ho fa a partir de l&#8217;an\u00e0lisi comparativa de les oportunitats, les infraestructures i els usos que configuren les noves relacions digitals; l&#8217;estudi de les pol\u00edtiques de reequilibri territorial en tecnologies de la informaci\u00f3 i la comunicaci\u00f3, i de la interpretaci\u00f3 del paper realitzat per les institucions locals i els actors socials per definir les estrat\u00e8gies en els \u00e0mbits de les infraestructures, els continguts i els serveis.<\/p>\n<p>La investigaci\u00f3 ha afrontat <strong>els seg\u00fcents objectius<\/strong>: construir un model conceptual capa\u00e7 d&#8217;explicar les circumst\u00e0ncies socials, econ\u00f2miques, tecnol\u00f2giques i culturals que impulsen o alenteixen el desplegament de la Societat de la Informaci\u00f3 a les comunitats aut\u00f2nomes espanyoles; establir un \u00edndex estad\u00edstic per analitzar l&#8217;impacte que sobre l&#8217;espai local t\u00e9 la difusi\u00f3 de les tecnologies de la informaci\u00f3 i la comunicaci\u00f3; crear un mapa de la situaci\u00f3 de les comunitats aut\u00f2nomes espanyoles en oportunitats, infraestructures i usos digitals, descriure els diferents models auton\u00f2mics de Societat de la Informaci\u00f3 i del Coneixement en relaci\u00f3 amb les pol\u00edtiques p\u00fabliques de comunicaci\u00f3, identificar els desequilibris interns en les diferents comunitats aut\u00f2nomes estudiades, analitzar la situaci\u00f3 i tend\u00e8ncies de cada un dels models locals abordats en la investigaci\u00f3.<\/p>\n","protected":false},"excerpt":{"rendered":"<p>La investigaci\u00f3 Nova tecnologia de la informaci\u00f3 i canvi comunicatiu en les comunitats aut\u00f2nomes espanyoles ha estat realitzada per les universitats Aut\u00f2noma de Barcelona (coordinadora del projecte), d&#8217;Alacant, de M\u00e0laga, de Santiago de Compostela, del Pa\u00eds Basc i Europea de Madrid, en el marc del programa d&#8217;ajuts a Projectes d&#8217;Investigaci\u00f3 Cient\u00edfica i Desenvolupament Tecnol\u00f2gic del [&hellip;]<\/p>\n","protected":false},"author":20,"featured_media":0,"parent":0,"menu_order":0,"comment_status":"closed","ping_status":"closed","template":"","meta":{"footnotes":""},"class_list":["post-136","page","type-page","status-publish","hentry"],"_links":{"self":[{"href":"https:\/\/webs.uab.cat\/oic\/wp-json\/wp\/v2\/pages\/136","targetHints":{"allow":["GET"]}}],"collection":[{"href":"https:\/\/webs.uab.cat\/oic\/wp-json\/wp\/v2\/pages"}],"about":[{"href":"https:\/\/webs.uab.cat\/oic\/wp-json\/wp\/v2\/types\/page"}],"author":[{"embeddable":true,"href":"https:\/\/webs.uab.cat\/oic\/wp-json\/wp\/v2\/users\/20"}],"replies":[{"embeddable":true,"href":"https:\/\/webs.uab.cat\/oic\/wp-json\/wp\/v2\/comments?post=136"}],"version-history":[{"count":0,"href":"https:\/\/webs.uab.cat\/oic\/wp-json\/wp\/v2\/pages\/136\/revisions"}],"wp:attachment":[{"href":"https:\/\/webs.uab.cat\/oic\/wp-json\/wp\/v2\/media?parent=136"}],"curies":[{"name":"wp","href":"https:\/\/api.w.org\/{rel}","templated":true}]}}