{"id":137,"date":"2010-06-22T16:27:01","date_gmt":"2010-06-22T14:27:01","guid":{"rendered":"https:\/\/webs.uab.cat\/oic\/index-2010\/"},"modified":"2010-06-22T16:27:01","modified_gmt":"2010-06-22T14:27:01","slug":"index-2010","status":"publish","type":"page","link":"https:\/\/webs.uab.cat\/oic\/index-2010\/","title":{"rendered":"index-2010"},"content":{"rendered":"<h2>\u00cdNDEX LOCALCOM 2010<\/h2>\n<p>&nbsp;<strong>&nbsp;&nbsp;<\/strong> \u00bb<strong> <a href=\"#COMP\">\u00cdndex compost<\/a><\/strong><br \/>&nbsp;&nbsp;&nbsp; \u00bb<strong> <a href=\"#OPOR\">Oportunitats<\/a><\/strong><br \/>&nbsp;&nbsp;&nbsp; \u00bb<strong> <a href=\"#INFR\">Infraestructures<\/a><\/strong><br \/>&nbsp;&nbsp;&nbsp; \u00bb<strong> <a href=\"#USO\">Usos<\/a><\/strong><\/p>\n<p><a name=\"COMP\"><\/a><strong>\u00cdndex Localcom 2010: \u00cdndex Compost<\/strong><\/p>\n<table class=\"rootcandyspan\" style=\"position: relative; background-color: #ffffff; height: 561px; width: 350px; border: 1px solid #ffffff;\" border=\"1\" frame=\"void\" align=\"center\">\n<thead>\n<tr style=\"background-color: #3a7fbb;\">\n<td>&nbsp;<\/td>\n<td><strong><span style=\"color: white;\">Comunidad Aut\u00f3noma<\/span><\/strong><\/td>\n<td><strong><span style=\"color: white;\">IL 2010<br \/><\/span><\/strong><\/td>\n<\/tr>\n<\/thead>\n<tbody>\n<tr>\n<td style=\"background-color: #dcdcdc;\">1<\/td>\n<td style=\"background-color: #dcdcdc;\">Comunidad de Madrid<\/td>\n<td style=\"background-color: #dcdcdc;\">0,835<\/td>\n<\/tr>\n<tr>\n<td style=\"background-color: #b0c4de;\">2<\/td>\n<td style=\"background-color: #b0c4de;\">Navarra<\/td>\n<td style=\"background-color: #b0c4de;\">0,738<\/td>\n<\/tr>\n<tr>\n<td style=\"background-color: #dcdcdc;\">3<\/td>\n<td style=\"background-color: #dcdcdc;\">Catalu\u00f1a<\/td>\n<td style=\"background-color: #dcdcdc;\">0,726<\/td>\n<\/tr>\n<tr>\n<td style=\"background-color: #b0c4de;\">4<\/td>\n<td style=\"background-color: #b0c4de;\">Pa\u00eds Vasco<\/td>\n<td style=\"background-color: #b0c4de;\">0,721<\/td>\n<\/tr>\n<tr>\n<td style=\"background-color: #dcdcdc;\">5<\/td>\n<td style=\"background-color: #dcdcdc;\">Cantabria<\/td>\n<td style=\"background-color: #dcdcdc;\">0,592<\/td>\n<\/tr>\n<tr>\n<td style=\"background-color: #b0c4de;\">6<\/td>\n<td style=\"background-color: #b0c4de;\">Arag\u00f3n<\/td>\n<td style=\"background-color: #b0c4de;\">0,550<\/td>\n<\/tr>\n<tr>\n<td style=\"background-color: #dcdcdc;\">7<\/td>\n<td style=\"background-color: #dcdcdc;\">Baleares<\/td>\n<td style=\"background-color: #dcdcdc;\">0,541<\/td>\n<\/tr>\n<tr>\n<td style=\"background-color: #b0c4de;\">8<\/td>\n<td style=\"background-color: #b0c4de;\">Asturias<\/td>\n<td style=\"background-color: #b0c4de;\">0,535<\/td>\n<\/tr>\n<tr>\n<td style=\"background-color: #dcdcdc;\">9<\/td>\n<td style=\"background-color: #dcdcdc;\">La Rioja<\/td>\n<td style=\"background-color: #dcdcdc;\">0,477<\/td>\n<\/tr>\n<tr>\n<td style=\"background-color: #b0c4de;\">10<\/td>\n<td style=\"background-color: #b0c4de;\">Comunidad Valenciana<\/td>\n<td style=\"background-color: #b0c4de;\">0,421<\/td>\n<\/tr>\n<tr>\n<td style=\"background-color: #dcdcdc;\">11<\/td>\n<td style=\"background-color: #dcdcdc;\">Castilla y Le\u00f3n<\/td>\n<td style=\"background-color: #dcdcdc;\">0,416<\/td>\n<\/tr>\n<tr>\n<td style=\"background-color: #b0c4de;\">12<\/td>\n<td style=\"background-color: #b0c4de;\">Canarias<\/td>\n<td style=\"background-color: #b0c4de;\">0,321<\/td>\n<\/tr>\n<tr>\n<td style=\"background-color: #dcdcdc;\">13<\/td>\n<td style=\"background-color: #dcdcdc;\">Andaluc\u00eda<\/td>\n<td style=\"background-color: #dcdcdc;\">0,320<\/td>\n<\/tr>\n<tr>\n<td style=\"background-color: #b0c4de;\">14<\/td>\n<td style=\"background-color: #b0c4de;\">Galicia<\/td>\n<td style=\"background-color: #b0c4de;\">0,280<\/td>\n<\/tr>\n<tr>\n<td style=\"background-color: #dcdcdc;\">15<\/td>\n<td style=\"background-color: #dcdcdc;\">Murcia<\/td>\n<td style=\"background-color: #dcdcdc;\">0,267<\/td>\n<\/tr>\n<tr>\n<td style=\"background-color: #b0c4de;\">16<\/td>\n<td style=\"background-color: #b0c4de;\">Castilla-La Mancha<\/td>\n<td style=\"background-color: #b0c4de;\">0,246<\/td>\n<\/tr>\n<tr>\n<td style=\"background-color: #dcdcdc;\">17<\/td>\n<td style=\"background-color: #dcdcdc;\">Extremadura<\/td>\n<td style=\"background-color: #dcdcdc;\">0,221<\/td>\n<\/tr>\n<tr>\n<td style=\"background-color: #3a7fbb;\">&nbsp;<\/td>\n<td style=\"background-color: #3a7fbb;\"><strong><span style=\"color: white;\">ESPA\u00d1A<\/span><\/strong><\/td>\n<td style=\"background-color: #3a7fbb;\"><strong><span style=\"color: white;\">0,514<\/span><\/strong><\/td>\n<\/tr>\n<\/tbody>\n<\/table>\n<p><span class=\"inline inline-center\"><img loading=\"lazy\" decoding=\"async\" class=\"image image-preview \" src=\"http:\/\/centresderecerca.uab.cat\/oic\/sites\/centresderecerca.uab.cat.oic\/files\/images\/ICL2010.jpg\" alt=\"\" width=\"444\" height=\"336\"><\/span><\/p>\n<p><span class=\"inline inline-center\">&nbsp;<\/span><\/p>\n<hr>\n<p><strong>&nbsp;<\/strong><\/p>\n<p>&nbsp;<\/p>\n<p><strong><a name=\"OPOR\"><\/a>\u00cdndex Localcom 2010: Oportunitats<\/strong><\/p>\n<table class=\"rootcandyspan\" style=\"position: relative; background-color: #ffffff; height: 561px; width: 350px; border: 1px solid #ffffff;\" border=\"1\" frame=\"void\" align=\"center\">\n<thead>\n<tr style=\"background-color: #3a7fbb;\">\n<td>&nbsp;<\/td>\n<td><strong><span style=\"color: white;\">OPORTUNIDADES<\/span><\/strong><\/td>\n<td><strong><span style=\"color: white;\">IL 2010<\/span><\/strong><\/td>\n<\/tr>\n<\/thead>\n<tbody>\n<tr>\n<td style=\"background-color: #dcdcdc;\">1<\/td>\n<td style=\"background-color: #dcdcdc;\">Comunidad de Madrid<\/td>\n<td style=\"background-color: #dcdcdc;\">0,860<\/td>\n<\/tr>\n<tr>\n<td style=\"background-color: #b0c4de;\">2<\/td>\n<td style=\"background-color: #b0c4de;\">Pa\u00eds Vasco&nbsp;<\/td>\n<td style=\"background-color: #b0c4de;\">0,849<\/td>\n<\/tr>\n<tr>\n<td style=\"background-color: #dcdcdc;\">3<\/td>\n<td style=\"background-color: #dcdcdc;\">Navarra<\/td>\n<td style=\"background-color: #dcdcdc;\">0,779<\/td>\n<\/tr>\n<tr>\n<td style=\"background-color: #b0c4de;\">4<\/td>\n<td style=\"background-color: #b0c4de;\">Catalu\u00f1a <\/td>\n<td style=\"background-color: #b0c4de;\">0,562<\/td>\n<\/tr>\n<tr>\n<td style=\"background-color: #dcdcdc;\">5<\/td>\n<td style=\"background-color: #dcdcdc;\">Cantabria<\/td>\n<td style=\"background-color: #dcdcdc;\">0,562<\/td>\n<\/tr>\n<tr>\n<td style=\"background-color: #b0c4de;\">6<\/td>\n<td style=\"background-color: #b0c4de;\">Arag\u00f3n<\/td>\n<td style=\"background-color: #b0c4de;\">0,546<\/td>\n<\/tr>\n<tr>\n<td style=\"background-color: #dcdcdc;\">7<\/td>\n<td style=\"background-color: #dcdcdc;\">Asturias&nbsp;<\/td>\n<td style=\"background-color: #dcdcdc;\">0,615<\/td>\n<\/tr>\n<tr>\n<td style=\"background-color: #b0c4de;\">8<\/td>\n<td style=\"background-color: #b0c4de;\">Castilla y Le\u00f3n<\/td>\n<td style=\"background-color: #b0c4de;\">0,506<\/td>\n<\/tr>\n<tr>\n<td style=\"background-color: #dcdcdc;\">9<\/td>\n<td style=\"background-color: #dcdcdc;\">La Rioja <\/td>\n<td style=\"background-color: #dcdcdc;\">0,478<\/td>\n<\/tr>\n<tr>\n<td style=\"background-color: #b0c4de;\">10<\/td>\n<td style=\"background-color: #b0c4de;\">Galicia&nbsp;<\/td>\n<td style=\"background-color: #b0c4de;\">0,396<\/td>\n<\/tr>\n<tr>\n<td style=\"background-color: #dcdcdc;\">11<\/td>\n<td style=\"background-color: #dcdcdc;\">Baleares<\/td>\n<td style=\"background-color: #dcdcdc;\">0,379<\/td>\n<\/tr>\n<tr>\n<td style=\"background-color: #b0c4de;\">12<\/td>\n<td style=\"background-color: #b0c4de;\">Comunidad Valenciana<\/td>\n<td style=\"background-color: #b0c4de;\">0,372<\/td>\n<\/tr>\n<tr>\n<td style=\"background-color: #dcdcdc;\">13<\/td>\n<td style=\"background-color: #dcdcdc;\">Canarias<\/td>\n<td style=\"background-color: #dcdcdc;\">0,281<\/td>\n<\/tr>\n<tr>\n<td style=\"background-color: #b0c4de;\">14<\/td>\n<td style=\"background-color: #b0c4de;\">Murcia&nbsp;<\/td>\n<td style=\"background-color: #b0c4de;\">0,235<\/td>\n<\/tr>\n<tr>\n<td style=\"background-color: #dcdcdc;\">15<\/td>\n<td style=\"background-color: #dcdcdc;\">Andaluc\u00eda<\/td>\n<td style=\"background-color: #dcdcdc;\">0,218<\/td>\n<\/tr>\n<tr>\n<td style=\"background-color: #b0c4de;\">16<\/td>\n<td style=\"background-color: #b0c4de;\">Castilla-La Mancha<\/td>\n<td style=\"background-color: #b0c4de;\">0,202<\/td>\n<\/tr>\n<tr>\n<td style=\"background-color: #dcdcdc;\">17<\/td>\n<td style=\"background-color: #dcdcdc;\">Extremadura<\/td>\n<td style=\"background-color: #dcdcdc;\">0,098<\/td>\n<\/tr>\n<tr>\n<td style=\"background-color: #3a7fbb;\">&nbsp;<\/td>\n<td style=\"background-color: #3a7fbb;\"><strong><span style=\"color: white;\">ESPA\u00d1A<\/span><\/strong><\/td>\n<td style=\"background-color: #3a7fbb;\"><strong><span style=\"color: white;\">0,514<\/span><\/strong><\/td>\n<\/tr>\n<\/tbody>\n<\/table>\n<p><span class=\"inline inline-center\"><img loading=\"lazy\" decoding=\"async\" class=\"image image-preview \" src=\"http:\/\/centresderecerca.uab.cat\/oic\/sites\/centresderecerca.uab.cat.oic\/files\/images\/ILO2010.jpg\" alt=\"\" width=\"446\" height=\"336\"><\/span><\/p>\n<p><span class=\"inline inline-center\">&nbsp;<\/span><\/p>\n<hr>\n<p><strong>&nbsp;<\/strong><\/p>\n<p>&nbsp;<\/p>\n<p><strong><a name=\"INFR\"><\/a>\u00cdndex Localcom 2010: Infraestructures<\/strong><\/p>\n<table class=\"rootcandyspan\" style=\"position: relative; background-color: #ffffff; height: 561px; width: 350px; border: 1px solid #ffffff;\" border=\"1\" frame=\"void\" align=\"center\">\n<thead>\n<tr style=\"background-color: #3a7fbb;\">\n<td>&nbsp;<\/td>\n<td><strong><span style=\"color: white;\">INFRAESTRUCTURAS<\/span><\/strong><\/td>\n<td><strong><span style=\"color: white;\">IL 2010<\/span><\/strong><\/td>\n<\/tr>\n<\/thead>\n<tbody>\n<tr>\n<td style=\"background-color: #dcdcdc;\">1<\/td>\n<td style=\"background-color: #dcdcdc;\">Comunidad de Madrid<\/td>\n<td style=\"background-color: #dcdcdc;\">0,888<\/td>\n<\/tr>\n<tr>\n<td style=\"background-color: #b0c4de;\">2<\/td>\n<td style=\"background-color: #b0c4de;\">Catalu\u00f1a&nbsp;<\/td>\n<td style=\"background-color: #b0c4de;\">0,848<\/td>\n<\/tr>\n<tr>\n<td style=\"background-color: #dcdcdc;\">3<\/td>\n<td style=\"background-color: #dcdcdc;\">Navarra<\/td>\n<td style=\"background-color: #dcdcdc;\">0,728<\/td>\n<\/tr>\n<tr>\n<td style=\"background-color: #b0c4de;\">4<\/td>\n<td style=\"background-color: #b0c4de;\">Pa\u00eds Vasco<\/td>\n<td style=\"background-color: #b0c4de;\">0,703<\/td>\n<\/tr>\n<tr>\n<td style=\"background-color: #dcdcdc;\">5<\/td>\n<td style=\"background-color: #dcdcdc;\">Cantabria<\/td>\n<td style=\"background-color: #dcdcdc;\">0,654<\/td>\n<\/tr>\n<tr>\n<td style=\"background-color: #b0c4de;\">6<\/td>\n<td style=\"background-color: #b0c4de;\">Arag\u00f3n<\/td>\n<td style=\"background-color: #b0c4de;\">0,622<\/td>\n<\/tr>\n<tr>\n<td style=\"background-color: #dcdcdc;\">7<\/td>\n<td style=\"background-color: #dcdcdc;\">Baleares<\/td>\n<td style=\"background-color: #dcdcdc;\">0,615<\/td>\n<\/tr>\n<tr>\n<td style=\"background-color: #b0c4de;\">8<\/td>\n<td style=\"background-color: #b0c4de;\">La Rioja&nbsp;<\/td>\n<td style=\"background-color: #b0c4de;\">0,571<\/td>\n<\/tr>\n<tr>\n<td style=\"background-color: #dcdcdc;\">9<\/td>\n<td style=\"background-color: #dcdcdc;\">Asturias<\/td>\n<td style=\"background-color: #dcdcdc;\">0,496<\/td>\n<\/tr>\n<tr>\n<td style=\"background-color: #b0c4de;\">10<\/td>\n<td style=\"background-color: #b0c4de;\">Canarias<\/td>\n<td style=\"background-color: #b0c4de;\">0,490<\/td>\n<\/tr>\n<tr>\n<td style=\"background-color: #dcdcdc;\">11<\/td>\n<td style=\"background-color: #dcdcdc;\">Comunidad Valenciana<\/td>\n<td style=\"background-color: #dcdcdc;\">0,470<\/td>\n<\/tr>\n<tr>\n<td style=\"background-color: #b0c4de;\">12<\/td>\n<td style=\"background-color: #b0c4de;\">Andaluc\u00eda<\/td>\n<td style=\"background-color: #b0c4de;\">0,349<\/td>\n<\/tr>\n<tr>\n<td style=\"background-color: #dcdcdc;\">13<\/td>\n<td style=\"background-color: #dcdcdc;\">Murcia&nbsp; <\/td>\n<td style=\"background-color: #dcdcdc;\">0,348<\/td>\n<\/tr>\n<tr>\n<td style=\"background-color: #b0c4de;\">14<\/td>\n<td style=\"background-color: #b0c4de;\">Castilla-La Mancha<\/td>\n<td style=\"background-color: #b0c4de;\">0,316<\/td>\n<\/tr>\n<tr>\n<td style=\"background-color: #dcdcdc;\">15<\/td>\n<td style=\"background-color: #dcdcdc;\">Castilla y Le\u00f3n<\/td>\n<td style=\"background-color: #dcdcdc;\">0,282<\/td>\n<\/tr>\n<tr>\n<td style=\"background-color: #b0c4de;\">16<\/td>\n<td style=\"background-color: #b0c4de;\">Extremadura<\/td>\n<td style=\"background-color: #b0c4de;\">0,237<\/td>\n<\/tr>\n<tr>\n<td style=\"background-color: #dcdcdc;\">17<\/td>\n<td style=\"background-color: #dcdcdc;\">Galicia&nbsp;<\/td>\n<td style=\"background-color: #dcdcdc;\">0,149<\/td>\n<\/tr>\n<tr>\n<td style=\"background-color: #3a7fbb;\">&nbsp;<\/td>\n<td style=\"background-color: #3a7fbb;\"><strong><span style=\"color: white;\">ESPA\u00d1A<\/span><\/strong><\/td>\n<td style=\"background-color: #3a7fbb;\"><strong><span style=\"color: white;\">0,554<\/span><\/strong><\/td>\n<\/tr>\n<\/tbody>\n<\/table>\n<p><span class=\"inline inline-center\"><img loading=\"lazy\" decoding=\"async\" class=\"image image-preview \" src=\"http:\/\/centresderecerca.uab.cat\/oic\/sites\/centresderecerca.uab.cat.oic\/files\/images\/ILI2010.jpg\" alt=\"\" width=\"443\" height=\"336\"><\/span><\/p>\n<p><span class=\"inline inline-center\">&nbsp;<\/span><\/p>\n<hr>\n<p><strong>&nbsp;<\/strong><\/p>\n<p>&nbsp;<\/p>\n<p><strong><a name=\"USO\"><\/a>\u00cdndex Localcom 2010: Usos<\/strong><\/p>\n<table class=\"rootcandyspan\" style=\"position: relative; background-color: #ffffff; height: 561px; width: 350px; border: 1px solid #ffffff;\" border=\"1\" frame=\"void\" align=\"center\">\n<thead>\n<tr style=\"background-color: #3a7fbb;\">\n<td>&nbsp;<\/td>\n<td><strong><span style=\"color: white;\">USOS<\/span><\/strong><\/td>\n<td><strong><span style=\"color: white;\">IL 2010<br \/><\/span><\/strong><\/td>\n<\/tr>\n<\/thead>\n<tbody>\n<tr>\n<td style=\"background-color: #dcdcdc;\">1<\/td>\n<td style=\"background-color: #dcdcdc;\">Comunidad de Madrid<\/td>\n<td style=\"background-color: #dcdcdc;\">0,766<\/td>\n<\/tr>\n<tr>\n<td style=\"background-color: #b0c4de;\">2<\/td>\n<td style=\"background-color: #b0c4de;\">Pa\u00eds Vasco <\/td>\n<td style=\"background-color: #b0c4de;\">0,757<\/td>\n<\/tr>\n<tr>\n<td style=\"background-color: #dcdcdc;\">3<\/td>\n<td style=\"background-color: #dcdcdc;\">Navarra<\/td>\n<td style=\"background-color: #dcdcdc;\">0,705<\/td>\n<\/tr>\n<tr>\n<td style=\"background-color: #b0c4de;\">4<\/td>\n<td style=\"background-color: #b0c4de;\">Catalu\u00f1a<\/td>\n<td style=\"background-color: #b0c4de;\">0,629<\/td>\n<\/tr>\n<tr>\n<td style=\"background-color: #dcdcdc;\">5<\/td>\n<td style=\"background-color: #dcdcdc;\">Cantabria<\/td>\n<td style=\"background-color: #dcdcdc;\">0,610<\/td>\n<\/tr>\n<tr>\n<td style=\"background-color: #b0c4de;\">6<\/td>\n<td style=\"background-color: #b0c4de;\">Arag\u00f3n<\/td>\n<td style=\"background-color: #b0c4de;\">0,576<\/td>\n<\/tr>\n<tr>\n<td style=\"background-color: #dcdcdc;\">7<\/td>\n<td style=\"background-color: #dcdcdc;\">Asturias&nbsp;<\/td>\n<td style=\"background-color: #dcdcdc;\">0,561<\/td>\n<\/tr>\n<tr>\n<td style=\"background-color: #b0c4de;\">8<\/td>\n<td style=\"background-color: #b0c4de;\">Castilla y Le\u00f3n<\/td>\n<td style=\"background-color: #b0c4de;\">0,482<\/td>\n<\/tr>\n<tr>\n<td style=\"background-color: #dcdcdc;\">9<\/td>\n<td style=\"background-color: #dcdcdc;\">La Rioja<\/td>\n<td style=\"background-color: #dcdcdc;\">0,458<\/td>\n<\/tr>\n<tr>\n<td style=\"background-color: #b0c4de;\">10<\/td>\n<td style=\"background-color: #b0c4de;\">Galicia<\/td>\n<td style=\"background-color: #b0c4de;\">0,421<\/td>\n<\/tr>\n<tr>\n<td style=\"background-color: #dcdcdc;\">11<\/td>\n<td style=\"background-color: #dcdcdc;\">Baleares<\/td>\n<td style=\"background-color: #dcdcdc;\">0,392<\/td>\n<\/tr>\n<tr>\n<td style=\"background-color: #b0c4de;\">12<\/td>\n<td style=\"background-color: #b0c4de;\">Comunidad Valenciana<\/td>\n<td style=\"background-color: #b0c4de;\">0,383<\/td>\n<\/tr>\n<tr>\n<td style=\"background-color: #dcdcdc;\">13<\/td>\n<td style=\"background-color: #dcdcdc;\">Canarias<\/td>\n<td style=\"background-color: #dcdcdc;\">0,326<\/td>\n<\/tr>\n<tr>\n<td style=\"background-color: #b0c4de;\">14<\/td>\n<td style=\"background-color: #b0c4de;\">Murcia<\/td>\n<td style=\"background-color: #b0c4de;\">0,296<\/td>\n<\/tr>\n<tr>\n<td style=\"background-color: #dcdcdc;\">15<\/td>\n<td style=\"background-color: #dcdcdc;\">Andaluc\u00eda&nbsp;<\/td>\n<td style=\"background-color: #dcdcdc;\">0,219<\/td>\n<\/tr>\n<tr>\n<td style=\"background-color: #b0c4de;\">16<\/td>\n<td style=\"background-color: #b0c4de;\">Castilla-La Mancha<\/td>\n<td style=\"background-color: #b0c4de;\">0,217<\/td>\n<\/tr>\n<tr>\n<td style=\"background-color: #dcdcdc;\">17<\/td>\n<td style=\"background-color: #dcdcdc;\">Extremadura<\/td>\n<td style=\"background-color: #dcdcdc;\">0,191<\/td>\n<\/tr>\n<tr>\n<td style=\"background-color: #3a7fbb;\">&nbsp;<\/td>\n<td style=\"background-color: #3a7fbb;\"><strong><span style=\"color: white;\">ESPA\u00d1A<\/span><\/strong><\/td>\n<td style=\"background-color: #3a7fbb;\"><strong><span style=\"color: white;\">0,506<\/span><\/strong><\/td>\n<\/tr>\n<\/tbody>\n<\/table>\n<p><span class=\"inline inline-center\"><img loading=\"lazy\" decoding=\"async\" class=\"image image-preview \" src=\"http:\/\/centresderecerca.uab.cat\/oic\/sites\/centresderecerca.uab.cat.oic\/files\/images\/ILU2010.jpg\" alt=\"\" width=\"444\" height=\"336\"><\/span><\/p>\n","protected":false},"excerpt":{"rendered":"<p>\u00cdNDEX LOCALCOM 2010 &nbsp;&nbsp;&nbsp; \u00bb \u00cdndex compost&nbsp;&nbsp;&nbsp; \u00bb Oportunitats&nbsp;&nbsp;&nbsp; \u00bb Infraestructures&nbsp;&nbsp;&nbsp; \u00bb Usos \u00cdndex Localcom 2010: \u00cdndex Compost &nbsp; Comunidad Aut\u00f3noma IL 2010 1 Comunidad de Madrid 0,835 2 Navarra 0,738 3 Catalu\u00f1a 0,726 4 Pa\u00eds Vasco 0,721 5 Cantabria 0,592 6 Arag\u00f3n 0,550 7 Baleares 0,541 8 Asturias 0,535 9 La Rioja 0,477 10 [&hellip;]<\/p>\n","protected":false},"author":20,"featured_media":0,"parent":0,"menu_order":0,"comment_status":"closed","ping_status":"closed","template":"","meta":{"footnotes":""},"class_list":["post-137","page","type-page","status-publish","hentry"],"_links":{"self":[{"href":"https:\/\/webs.uab.cat\/oic\/wp-json\/wp\/v2\/pages\/137","targetHints":{"allow":["GET"]}}],"collection":[{"href":"https:\/\/webs.uab.cat\/oic\/wp-json\/wp\/v2\/pages"}],"about":[{"href":"https:\/\/webs.uab.cat\/oic\/wp-json\/wp\/v2\/types\/page"}],"author":[{"embeddable":true,"href":"https:\/\/webs.uab.cat\/oic\/wp-json\/wp\/v2\/users\/20"}],"replies":[{"embeddable":true,"href":"https:\/\/webs.uab.cat\/oic\/wp-json\/wp\/v2\/comments?post=137"}],"version-history":[{"count":0,"href":"https:\/\/webs.uab.cat\/oic\/wp-json\/wp\/v2\/pages\/137\/revisions"}],"wp:attachment":[{"href":"https:\/\/webs.uab.cat\/oic\/wp-json\/wp\/v2\/media?parent=137"}],"curies":[{"name":"wp","href":"https:\/\/api.w.org\/{rel}","templated":true}]}}