{"id":150,"date":"2010-07-06T11:44:40","date_gmt":"2010-07-06T09:44:40","guid":{"rendered":"https:\/\/webs.uab.cat\/oic\/apartat-21-2\/"},"modified":"2010-07-06T11:44:40","modified_gmt":"2010-07-06T09:44:40","slug":"apartat-21-2","status":"publish","type":"page","link":"https:\/\/webs.uab.cat\/oic\/apartat-21-2\/","title":{"rendered":"Coleccio-espai-iberoamerica"},"content":{"rendered":"<h2>Col\u00b7lecci\u00f3 Espai Iberoameric\u00e0<\/h2>\n<p style=\"text-align: left;\"><em>La comunicaci\u00f3n mundo. Releer un mundo trasformado por las comunicaciones<\/em>. Por <strong>Antonio Pasquali<\/strong>. A\u00f1o 2011. Editorial Comunicaci\u00f3n Social (Zamora, Espa\u00f1a). ISBN: 978-84-92860-21-0.<\/p>\n<p><span class=\"inline inline-left\"><span class=\"inline inline-left\"><img loading=\"lazy\" decoding=\"async\" class=\"image image-preview \" src=\"http:\/\/centresderecerca.uab.cat\/oic\/sites\/centresderecerca.uab.cat.oic\/files\/images\/978-84-92860-21-0_2D.jpg\" alt=\"\" width=\"143\" height=\"200\"><\/span><\/span><\/p>\n<p style=\"text-align: justify;\">&nbsp;<\/p>\n<p style=\"text-align: justify;\">El primer llibre de la col\u2022lecci\u00f3 \u2018Espai Iberoameric\u00e0\u2019 est\u00e0 escrit per Antonio Pasquali, un dels m\u00e9s prestigiosos investigadors del fenomen de la comunicaci\u00f3 a Am\u00e8rica Llatina. L&#8217;obra suposa una invitaci\u00f3 a repensar el m\u00f3n de l&#8217;home des de la perspectiva de la comunicaci\u00f3. L&#8217;autor defineix la nostra \u00e8poca com l&#8217;era de les comunicacions. L&#8217;actual abund\u00e0ncia de comunicacions basades en la xarxa Internet, amb la seva naturalesa democr\u00e0tica, els seus costos decreixents i la seva universalitat, han modificat en profunditat el comer\u00e7, l&#8217;educaci\u00f3 i la pol\u00edtica. Antonio Pasquali estudia aquest proc\u00e9s de canvi analitzant en clau comunicativa aspectes centrals com la revoluci\u00f3 que imposa el codi binari davant del lineal, la ciutat com a espai hum\u00e0 de relaci\u00f3 social, la educaci\u00f3 en l&#8217;era electr\u00f2nica, i la llibertat d&#8217;expressi\u00f3, entre d&#8217;altres.<\/p>\n<p style=\"text-align: justify;\">&nbsp;<\/p>\n<hr>\n<p>&nbsp;<\/p>\n<p style=\"text-align: left;\"><em>Comunicaci\u00f3n Pol\u00edtica en M\u00e9xico. Retos y desaf\u00edos ante el proceso democratizador global<\/em>. Por <strong>Norma Pareja S\u00e1nchez<\/strong> y <strong>Silvia Molina y Vedia<\/strong> (coordinadoras). A\u00f1o 2011. Editorial Comunicaci\u00f3n Social (Zamora, Espa\u00f1a). ISBN: 978-84-92860-17-3.<\/p>\n<p style=\"text-align: justify;\"><span class=\"inline inline-left\"><span class=\"inline inline-left\"><img loading=\"lazy\" decoding=\"async\" class=\"image image-preview \" src=\"http:\/\/centresderecerca.uab.cat\/oic\/sites\/centresderecerca.uab.cat.oic\/files\/images\/978-84-92860-17-3_2D.jpg\" alt=\"\" width=\"143\" height=\"200\"><\/span>El segon volum de la col\u2022lecci\u00f3 \u2018Espacio Iberoamericano\u2019, promoguda per l&#8217;Observatori Iberoameric\u00e0 de la Comunicaci\u00f3, tracta de la Comunicaci\u00f3 Pol\u00edtica a M\u00e8xic. Reptes i desafiaments davant el proc\u00e9s democratitzador global, una obra coordinada per les professores Norma Parella S\u00e1nchez i Silvia Molina i Vedia. El llibre aborda aspectes relacionats amb les in\u00e8rcies d&#8217;un sistema pol\u00edtic autoritari en coexist\u00e8ncia amb els nous valors democr\u00e0tics. S&#8217;estructura al voltant de tres eixos tem\u00e0tics: la comunicaci\u00f3 pol\u00edtica i els processos electorals, les estrat\u00e8gies de comunicaci\u00f3 pol\u00edtica, la comunicaci\u00f3 pol\u00edtica i la relaci\u00f3 entre M\u00e8xic i Estats Units. Compta amb col\u2022laboracions dels membres del grup de recerca en comunicaci\u00f3 pol\u00edtica de la Associaci\u00f3 Mexicana d&#8217;Investigadors en Comunicaci\u00f3 (AMIC).&nbsp;<\/span><\/p>\n<p>&nbsp;<\/p>\n<p>&nbsp;<\/p>\n<hr>\n<p>&nbsp;<\/p>\n<p style=\"text-align: left;\"><em>Qu\u00e9 pasa con el estudio de los medios. Di\u00e1logo con las Ciencias Sociales en Iberoam\u00e9rica<\/em> Por <strong>Ra\u00fal Fuentes Navarro, Enrique E. S\u00e1nchez Ruiz y Ra\u00fal Trejo Delarbre<\/strong>. A\u00f1o 2011. Editorial Comunicaci\u00f3n Social (Zamora, Espa\u00f1a). ISBN: 978-84-96082-75-5.<\/p>\n<p style=\"text-align: justify;\"><span class=\"inline inline-left\"><img loading=\"lazy\" decoding=\"async\" class=\"image image-preview \" style=\"float: left;\" src=\"http:\/\/centresderecerca.uab.cat\/oic\/sites\/centresderecerca.uab.cat.oic\/files\/images\/978-84-96082-75-5_2D.jpg\" alt=\"\" width=\"143\" height=\"200\">\u201cQu\u00e8 passa amb l&#8217;estudi dels mitjans\u201d posa en primera l\u00ednia de l&#8217;actualitat el debat sobre la identitat dels estudis sobre els mitjans de comunicaci\u00f3 com a disciplina acad\u00e8mica. Tres autors d&#8217;acreditada solv\u00e8ncia s\u00f3n els encarregats d&#8217;establir aquest di\u00e0leg: Ra\u00fal Fuentes presenta, a partir de dades recents, una actualitzaci\u00f3 de la hip\u00f2tesi de la Triple Marginalitat dels estudis de Comunicaci\u00f3- o Mitjans -i de la dimensi\u00f3 disciplin\u00e0ria- o post-disciplin\u00e0ria -d&#8217;aquests; Ra\u00fal Trejo s&#8217;endinsa en un fascinant recorregut bibliogr\u00e0fic que mostra com s&#8217;ha contemplat l&#8217;objecte principal d&#8217;estudi dels anomenats comunic\u00f2legs -els mitjans de comunicaci\u00f3- des d&#8217;abans fins i tot que aquest camp acad\u00e8mic adquir\u00eds la seva actual identitat i forma institucional, i Enrique E. S\u00e1nchez, per la seva banda, repassa els canvis de paradigma ideol\u00f2gic que han dominat les Ci\u00e8ncies Socials a Iberoam\u00e8rica -des dels anys seixanta fins a l&#8217;actualitat -destacant la necess\u00e0ria interacci\u00f3 dels estudis sobre els mitjans amb les Ci\u00e8ncies Socials en virtut de les m\u00faltiples dimensions de aquests estudis.&nbsp;<\/span><\/p>\n<p style=\"text-align: justify;\"><span class=\"inline inline-left\"><br \/><\/span><\/p>\n<p style=\"text-align: justify;\"><span class=\"inline inline-left\"><br \/><\/span><\/p>\n<hr>\n<p style=\"text-align: justify;\"><em style=\"font-size: 13px;\"><br \/><\/em><\/p>\n<p style=\"text-align: justify;\"><em style=\"font-size: 13px;\">Pol\u00edticas de comunica\u00e7\u00f5es. Um estudo comparado: Brasil, Espanha, Estados Unidos, M\u00e9xico e Venezuela<\/em><span style=\"line-height: 21.111112594604492px;\"> Por&nbsp;<\/span><strong style=\"font-size: 13px;\">Sayonara Leal, Murilo C\u00e9sar Ramos y Elen Gerlades<\/strong><span style=\"line-height: 21.111112594604492px;\"> (orgs.). A\u00f1o 2013.&nbsp;<\/span><span style=\"line-height: 21.111112594604492px;\">Editorial Comunicaci\u00f3n Social (Zamora, Espa\u00f1a). ISBN: 978-84-15544-24-1.<\/span><\/p>\n<p><span class=\"inline inline-left\"><img loading=\"lazy\" decoding=\"async\" class=\"image image-preview \" style=\"float: left;\" title=\"\" src=\"http:\/\/centresderecerca.uab.cat\/oic\/sites\/centresderecerca.uab.cat.oic\/files\/images\/Colecci\u00f3n%20Espacio%20Iberoamericano%20N\u00ba%206%20web.jpg\" alt=\"\" width=\"143\" height=\"200\"><\/span><\/p>\n<p style=\"text-align: justify;\"><span style=\"line-height: 21.111112594604492px;\">La conceptualitzaci\u00f3 de les pol\u00edtiques p\u00fabliques de comunicaci\u00f3 remet a la discussi\u00f3 de les relacions entre l&#8217;Estat, mitjans de comunicaci\u00f3 i societat civil. Hist\u00f2ricament, les institucions de l&#8217;Estat modern vinculen les pol\u00edtiques de desenvolupament, entre les quals es troben les de la comunicaci\u00f3, amb els actors econ\u00f2mics. En efecte, l&#8217;aplicaci\u00f3 d&#8217;aquestes pol\u00edtiques crea entorns regulatoris capa\u00e7os de resoldre els problemes plantejats per la imperfecci\u00f3 dels mercats, al mateix temps que corregeix els abusos originats pels agents econ\u00f2mics a trav\u00e9s de les complexes relacions entre regulaci\u00f3, democr\u00e0cia i capitalisme.&nbsp;<\/span><span style=\"line-height: 21.111112594604492px;\">Aquest treball, desenvolupat pel Laboratori de Comunicaci\u00f3 Pol\u00edtica (LaPCom) de la Universitat de Bras\u00edlia, revela l&#8217;esfor\u00e7 per construir un estudi emp\u00edric i comparatiu regional, basat en aspectes fonamentals com s\u00f3n: la relaci\u00f3 d&#8217;Estat amb els mitjans de comunicaci\u00f3, la participaci\u00f3 p\u00fablica en la planificaci\u00f3 de la comunicaci\u00f3, els mecanismes per estimular la pres\u00e8ncia de diferents actors socials en el debat p\u00fablic, i la formulaci\u00f3 de les pol\u00edtiques p\u00fabiques dirigides al desenvolupament dels nous mitjans.<\/span><\/p>\n<p style=\"text-align: justify;\">&nbsp;<\/p>\n<hr>\n<p style=\"text-align: justify;\">&nbsp;<\/p>\n<p><span><em>Matrices culturales del neoliberalismno: una odisea barroca<\/em> Por&nbsp;<\/span><strong>Eliseo R. Col\u00f3n Zayas<\/strong><span>. A\u00f1o 2013.&nbsp;<\/span><span>Editorial Comunicaci\u00f3n Social (Zamora, Espa\u00f1a). ISBN: 978-84-15544-41-8.<\/span><\/p>\n<p style=\"text-align: justify;\"><span class=\"inline inline-left\"><img loading=\"lazy\" decoding=\"async\" class=\"image image-_original \" title=\"\" src=\"http:\/\/centresderecerca.uab.cat\/oic\/sites\/centresderecerca.uab.cat.oic\/files\/images\/Colecci\u00f3n Espacio Iberoamericano. Eliseo Colon_0.jpg\" alt=\"\" width=\"143\" height=\"200\"><\/span>La investigaci\u00f3 contempor\u00e0nia interpreta el barroc com un fenomen cultural que sorgeix en una situaci\u00f3 hist\u00f2rica espec\u00edfica i abasta l&#8217;amplitud de la diversitat cultural a trav\u00e9s dels l\u00edmits cronol\u00f2gics. Si b\u00e9 es pot parlar de per\u00edodes hist\u00f2rics diferents, cadascun d&#8217;ells amb un conjunt de fen\u00f2mens culturals particulars i espec\u00edfics de la situaci\u00f3 hist\u00f2rica, \u00e9s possible identificar i descriure una cultura barroca fluida, que no es limita a un punt espec\u00edfic en la hist\u00f2ria, sin\u00f3 que la travessa diacr\u00f2nicament fins als nostres temps. En aquest sentit, per exemple, el melodrama i el melodram\u00e0tic, encara que articulen la proposta sentimental de la modernitat, funcionen avui com a mecanismes ret\u00f2rics en la construcci\u00f3 d&#8217;una cultura populista neoliberal, basada en un mercat de consumisme diferenciat i en el liberalisme individual radical.<\/p>\n<p style=\"text-align: justify;\"><span class=\"inline inline-left\"><span><br \/><\/span><\/span><\/p>\n","protected":false},"excerpt":{"rendered":"<p>Col\u00b7lecci\u00f3 Espai Iberoameric\u00e0 La comunicaci\u00f3n mundo. Releer un mundo trasformado por las comunicaciones. Por Antonio Pasquali. A\u00f1o 2011. Editorial Comunicaci\u00f3n Social (Zamora, Espa\u00f1a). ISBN: 978-84-92860-21-0. &nbsp; El primer llibre de la col\u2022lecci\u00f3 \u2018Espai Iberoameric\u00e0\u2019 est\u00e0 escrit per Antonio Pasquali, un dels m\u00e9s prestigiosos investigadors del fenomen de la comunicaci\u00f3 a Am\u00e8rica Llatina. L&#8217;obra suposa una [&hellip;]<\/p>\n","protected":false},"author":20,"featured_media":0,"parent":0,"menu_order":0,"comment_status":"closed","ping_status":"closed","template":"","meta":{"footnotes":""},"class_list":["post-150","page","type-page","status-publish","hentry"],"_links":{"self":[{"href":"https:\/\/webs.uab.cat\/oic\/wp-json\/wp\/v2\/pages\/150","targetHints":{"allow":["GET"]}}],"collection":[{"href":"https:\/\/webs.uab.cat\/oic\/wp-json\/wp\/v2\/pages"}],"about":[{"href":"https:\/\/webs.uab.cat\/oic\/wp-json\/wp\/v2\/types\/page"}],"author":[{"embeddable":true,"href":"https:\/\/webs.uab.cat\/oic\/wp-json\/wp\/v2\/users\/20"}],"replies":[{"embeddable":true,"href":"https:\/\/webs.uab.cat\/oic\/wp-json\/wp\/v2\/comments?post=150"}],"version-history":[{"count":0,"href":"https:\/\/webs.uab.cat\/oic\/wp-json\/wp\/v2\/pages\/150\/revisions"}],"wp:attachment":[{"href":"https:\/\/webs.uab.cat\/oic\/wp-json\/wp\/v2\/media?parent=150"}],"curies":[{"name":"wp","href":"https:\/\/api.w.org\/{rel}","templated":true}]}}

<h2>Col·lecció Espai Iberoamericà</h2>
<p style="text-align: left;"><em>La comunicación mundo. Releer un mundo trasformado por las comunicaciones</em>. Por <strong>Antonio Pasquali</strong>. Año 2011. Editorial Comunicación Social (Zamora, España). ISBN: 978-84-92860-21-0.</p>
<p><span class="inline inline-left"><span class="inline inline-left"><img loading="lazy" decoding="async" class="image image-preview " src="http://centresderecerca.uab.cat/oic/sites/centresderecerca.uab.cat.oic/files/images/978-84-92860-21-0_2D.jpg" alt="" width="143" height="200"></span></span></p>
<p style="text-align: justify;">&nbsp;</p>
<p style="text-align: justify;">El primer llibre de la col•lecció ‘Espai Iberoamericà’ està escrit per Antonio Pasquali, un dels més prestigiosos investigadors del fenomen de la comunicació a Amèrica Llatina. L&#8217;obra suposa una invitació a repensar el món de l&#8217;home des de la perspectiva de la comunicació. L&#8217;autor defineix la nostra època com l&#8217;era de les comunicacions. L&#8217;actual abundància de comunicacions basades en la xarxa Internet, amb la seva naturalesa democràtica, els seus costos decreixents i la seva universalitat, han modificat en profunditat el comerç, l&#8217;educació i la política. Antonio Pasquali estudia aquest procés de canvi analitzant en clau comunicativa aspectes centrals com la revolució que imposa el codi binari davant del lineal, la ciutat com a espai humà de relació social, la educació en l&#8217;era electrònica, i la llibertat d&#8217;expressió, entre d&#8217;altres.</p>
<p style="text-align: justify;">&nbsp;</p>
<hr>
<p>&nbsp;</p>
<p style="text-align: left;"><em>Comunicación Política en México. Retos y desafíos ante el proceso democratizador global</em>. Por <strong>Norma Pareja Sánchez</strong> y <strong>Silvia Molina y Vedia</strong> (coordinadoras). Año 2011. Editorial Comunicación Social (Zamora, España). ISBN: 978-84-92860-17-3.</p>
<p style="text-align: justify;"><span class="inline inline-left"><span class="inline inline-left"><img loading="lazy" decoding="async" class="image image-preview " src="http://centresderecerca.uab.cat/oic/sites/centresderecerca.uab.cat.oic/files/images/978-84-92860-17-3_2D.jpg" alt="" width="143" height="200"></span>El segon volum de la col•lecció ‘Espacio Iberoamericano’, promoguda per l&#8217;Observatori Iberoamericà de la Comunicació, tracta de la Comunicació Política a Mèxic. Reptes i desafiaments davant el procés democratitzador global, una obra coordinada per les professores Norma Parella Sánchez i Silvia Molina i Vedia. El llibre aborda aspectes relacionats amb les inèrcies d&#8217;un sistema polític autoritari en coexistència amb els nous valors democràtics. S&#8217;estructura al voltant de tres eixos temàtics: la comunicació política i els processos electorals, les estratègies de comunicació política, la comunicació política i la relació entre Mèxic i Estats Units. Compta amb col•laboracions dels membres del grup de recerca en comunicació política de la Associació Mexicana d&#8217;Investigadors en Comunicació (AMIC).&nbsp;</span></p>
<p>&nbsp;</p>
<p>&nbsp;</p>
<hr>
<p>&nbsp;</p>
<p style="text-align: left;"><em>Qué pasa con el estudio de los medios. Diálogo con las Ciencias Sociales en Iberoamérica</em> Por <strong>Raúl Fuentes Navarro, Enrique E. Sánchez Ruiz y Raúl Trejo Delarbre</strong>. Año 2011. Editorial Comunicación Social (Zamora, España). ISBN: 978-84-96082-75-5.</p>
<p style="text-align: justify;"><span class="inline inline-left"><img loading="lazy" decoding="async" class="image image-preview " style="float: left;" src="http://centresderecerca.uab.cat/oic/sites/centresderecerca.uab.cat.oic/files/images/978-84-96082-75-5_2D.jpg" alt="" width="143" height="200">“Què passa amb l&#8217;estudi dels mitjans” posa en primera línia de l&#8217;actualitat el debat sobre la identitat dels estudis sobre els mitjans de comunicació com a disciplina acadèmica. Tres autors d&#8217;acreditada solvència són els encarregats d&#8217;establir aquest diàleg: Raúl Fuentes presenta, a partir de dades recents, una actualització de la hipòtesi de la Triple Marginalitat dels estudis de Comunicació- o Mitjans -i de la dimensió disciplinària- o post-disciplinària -d&#8217;aquests; Raúl Trejo s&#8217;endinsa en un fascinant recorregut bibliogràfic que mostra com s&#8217;ha contemplat l&#8217;objecte principal d&#8217;estudi dels anomenats comunicòlegs -els mitjans de comunicació- des d&#8217;abans fins i tot que aquest camp acadèmic adquirís la seva actual identitat i forma institucional, i Enrique E. Sánchez, per la seva banda, repassa els canvis de paradigma ideològic que han dominat les Ciències Socials a Iberoamèrica -des dels anys seixanta fins a l&#8217;actualitat -destacant la necessària interacció dels estudis sobre els mitjans amb les Ciències Socials en virtut de les múltiples dimensions de aquests estudis.&nbsp;</span></p>
<p style="text-align: justify;"><span class="inline inline-left"><br /></span></p>
<p style="text-align: justify;"><span class="inline inline-left"><br /></span></p>
<hr>
<p style="text-align: justify;"><em style="font-size: 13px;"><br /></em></p>
<p style="text-align: justify;"><em style="font-size: 13px;">Políticas de comunicações. Um estudo comparado: Brasil, Espanha, Estados Unidos, México e Venezuela</em><span style="line-height: 21.111112594604492px;"> Por&nbsp;</span><strong style="font-size: 13px;">Sayonara Leal, Murilo César Ramos y Elen Gerlades</strong><span style="line-height: 21.111112594604492px;"> (orgs.). Año 2013.&nbsp;</span><span style="line-height: 21.111112594604492px;">Editorial Comunicación Social (Zamora, España). ISBN: 978-84-15544-24-1.</span></p>
<p><span class="inline inline-left"><img loading="lazy" decoding="async" class="image image-preview " style="float: left;" title="" src="http://centresderecerca.uab.cat/oic/sites/centresderecerca.uab.cat.oic/files/images/Colección%20Espacio%20Iberoamericano%20Nº%206%20web.jpg" alt="" width="143" height="200"></span></p>
<p style="text-align: justify;"><span style="line-height: 21.111112594604492px;">La conceptualització de les polítiques públiques de comunicació remet a la discussió de les relacions entre l&#8217;Estat, mitjans de comunicació i societat civil. Històricament, les institucions de l&#8217;Estat modern vinculen les polítiques de desenvolupament, entre les quals es troben les de la comunicació, amb els actors econòmics. En efecte, l&#8217;aplicació d&#8217;aquestes polítiques crea entorns regulatoris capaços de resoldre els problemes plantejats per la imperfecció dels mercats, al mateix temps que corregeix els abusos originats pels agents econòmics a través de les complexes relacions entre regulació, democràcia i capitalisme.&nbsp;</span><span style="line-height: 21.111112594604492px;">Aquest treball, desenvolupat pel Laboratori de Comunicació Política (LaPCom) de la Universitat de Brasília, revela l&#8217;esforç per construir un estudi empíric i comparatiu regional, basat en aspectes fonamentals com són: la relació d&#8217;Estat amb els mitjans de comunicació, la participació pública en la planificació de la comunicació, els mecanismes per estimular la presència de diferents actors socials en el debat públic, i la formulació de les polítiques púbiques dirigides al desenvolupament dels nous mitjans.</span></p>
<p style="text-align: justify;">&nbsp;</p>
<hr>
<p style="text-align: justify;">&nbsp;</p>
<p><span><em>Matrices culturales del neoliberalismno: una odisea barroca</em> Por&nbsp;</span><strong>Eliseo R. Colón Zayas</strong><span>. Año 2013.&nbsp;</span><span>Editorial Comunicación Social (Zamora, España). ISBN: 978-84-15544-41-8.</span></p>
<p style="text-align: justify;"><span class="inline inline-left"><img loading="lazy" decoding="async" class="image image-_original " title="" src="http://centresderecerca.uab.cat/oic/sites/centresderecerca.uab.cat.oic/files/images/Colección Espacio Iberoamericano. Eliseo Colon_0.jpg" alt="" width="143" height="200"></span>La investigació contemporània interpreta el barroc com un fenomen cultural que sorgeix en una situació històrica específica i abasta l&#8217;amplitud de la diversitat cultural a través dels límits cronològics. Si bé es pot parlar de períodes històrics diferents, cadascun d&#8217;ells amb un conjunt de fenòmens culturals particulars i específics de la situació històrica, és possible identificar i descriure una cultura barroca fluida, que no es limita a un punt específic en la història, sinó que la travessa diacrònicament fins als nostres temps. En aquest sentit, per exemple, el melodrama i el melodramàtic, encara que articulen la proposta sentimental de la modernitat, funcionen avui com a mecanismes retòrics en la construcció d&#8217;una cultura populista neoliberal, basada en un mercat de consumisme diferenciat i en el liberalisme individual radical.</p>
<p style="text-align: justify;"><span class="inline inline-left"><span><br /></span></span></p>

<p>Col·lecció Espai Iberoamericà La comunicación mundo. Releer un mundo trasformado por las comunicaciones. Por Antonio Pasquali. Año 2011. Editorial Comunicación Social (Zamora, España). ISBN: 978-84-92860-21-0. &nbsp; El primer llibre de la col•lecció ‘Espai Iberoamericà’ està escrit per Antonio Pasquali, un dels més prestigiosos investigadors del fenomen de la comunicació a Amèrica Llatina. L&#8217;obra suposa una [&hellip;]</p>
