{"id":344,"date":"2011-02-22T17:25:42","date_gmt":"2011-02-22T15:25:42","guid":{"rendered":"https:\/\/webs.uab.cat\/oic\/espm\/"},"modified":"2022-10-05T13:32:27","modified_gmt":"2022-10-05T11:32:27","slug":"espm","status":"publish","type":"page","link":"https:\/\/webs.uab.cat\/oic\/espm\/","title":{"rendered":"Programa de Posgrau en Comunicaci\u00f3 i Pr\u00e0ctiques de Consum (PPGCOM-ESPM)"},"content":{"rendered":"\n<div class=\"wp-block-media-text alignwide is-stacked-on-mobile has-primary-background-color has-background\" style=\"grid-template-columns:30% auto\"><figure class=\"wp-block-media-text__media\"><img decoding=\"async\" src=\"http:\/\/centresderecerca.uab.cat\/oic\/sites\/centresderecerca.uab.cat.oic\/files\/images\/Logo ESPM.jpg\" alt=\"\"\/><\/figure><div class=\"wp-block-media-text__content\">\n<p class=\"has-small-font-size\">El Programa de Postgrau en Comunicaci\u00f3 i Consum Pr\u00e0ctiques d\u2019ESPM \u00e9s un programa de postgrau qualificat per la CAPES i afiliat a l&#8217;Associaci\u00f3 Nacional de Programes de Postgrau en Comunicaci\u00f3 (Compos).<\/p>\n<\/div><\/div>\n\n\n\n<p>Creat el 2006 amb EL Mestratge Acad\u00e8mic en Comunicaci\u00f3 i consum de Pr\u00e0ctiques, el PPGCOM-ESPM t\u00e9 com a objectiu formar docents i investigadors d&#8217;alt nivell que pugui assumir la responsabilitat per l&#8217;execuci\u00f3 i el lideratge en la investigaci\u00f3, l&#8217;ensenyament i l&#8217;orientaci\u00f3 en l&#8217;\u00e0rea de la comunicaci\u00f3 amb un \u00e0mbit d\u2019acci\u00f3 nacional i internacional.<br>El seu major diferencial \u00e9s la especificitat de la interf\u00edcie de comunicaci\u00f3\u2013consum com a focus tem\u00e0tic, que el col\u2022loca en situaci\u00f3 de protagonista els debats sobre la conjuntura, les limitacions i les transformacions de les societats contempor\u00e0nies. El ESPM-PPGCOM consta de dues l\u00ednies principals de recerca<\/p>\n\n\n\n<h2 class=\"wp-block-heading\"><strong>Els processos de recepci\u00f3 i contextos socioculturals relacionats amb el consum:<\/strong><\/h2>\n\n\n\n<p>Aquesta l\u00ednia inclou les investigacions sobre comunicaci\u00f3 \u2013 consum&nbsp; dedicades a la recepci\u00f3 i al context macro-socials i els seus articulats. Estudiant les diverses conseq\u00fc\u00e8ncies de la comunicaci\u00f3 i el consum en la vida di\u00e0ria, s\u2019inclouen reflexions sobre: la recepci\u00f3 i el p\u00fablic, l&#8217;educaci\u00f3, classe i assumptes generacionals, nous r\u00e8gims sensorials de visibilitat, l&#8217;est\u00e8tica i l&#8217;espectacle, apropiaci\u00f3 i resignificaci\u00f3 dels aspectes t\u00e8cnics, els processos i les accions socioculturals de participaci\u00f3 caracter\u00edstiques de les cultures i del consum dels mitjans de comunicaci\u00f3.<\/p>\n\n\n\n<p>Professora participant RIEC: Maria Apareguda Baccega<\/p>\n\n\n\n<h2 class=\"wp-block-heading\"><strong>La l\u00f2gica de la producci\u00f3 i de les estrat\u00e8gies medi\u00e0tiques vinculades al consum:<\/strong><\/h2>\n\n\n\n<p>Aquesta l\u00ednia agrupa les recerques que tracten la comunicaci\u00f3 \u2013 consum&nbsp; a partir de l&#8217;an\u00e0lisi de les estrat\u00e8gies relatives al pla de producci\u00f3, inclosos els sistemes i processos, aix\u00ed com la seva narrativa i les xarxes simb\u00f2liques. Estudiant les condicions i l\u00f2giques de producci\u00f3 i la seva relaci\u00f3 amb els processos de comunicaci\u00f3 i de consum que caracteritzen la societat contempor\u00e0nia, inclou reflexions sobre: el m\u00f3n del treball i les seves representacions, la relaci\u00f3 entre l&#8217;entreteniment, la tecnologia i la digitalitzaci\u00f3 de la cultura, la poesia i la narrativa pertanyent al camp de la producci\u00f3, els seus discursos i les seves materialitats; les din\u00e0miques medi\u00e0tiques i de consum associades a la construcci\u00f3 de la identitat i de la difer\u00e8ncia.<\/p>\n\n\n\n<p>Professora Participant RIEC: Gisela G. S. Castro<\/p>\n\n\n\n<h2 class=\"wp-block-heading\"><strong>Directoras:<\/strong><\/h2>\n\n\n\n<p><a href=\"http:\/\/webs.uab.cat\/oic\/ca\/mariaaparecidabaccega\">Dra. Maria Aparecida Baccega<\/a><\/p>\n\n\n\n<p><a href=\"http:\/\/webs.uab.cat\/oic\/ca\/giselagscastro\">Dra. Gisela G.S. Castro<\/a><\/p>\n\n\n\n<p>Escola Superior de Propaganda e Marketing (ESPM)<\/p>\n\n\n\n<p>Programa de P\u00f3s-Gradua\u00e7\u00e3o em Comunica\u00e7\u00e3o e Pr\u00e1ticas de Consumo<\/p>\n\n\n\n<p>mbaccega@espm.br<\/p>\n\n\n\n<p>gcastro@espm.br<\/p>\n\n\n\n<p>&nbsp;<\/p>\n\n\n\n<p>&nbsp;<\/p>\n","protected":false},"excerpt":{"rendered":"<p>El Programa de Postgrau en Comunicaci\u00f3 i Consum Pr\u00e0ctiques d\u2019ESPM \u00e9s un programa de postgrau qualificat per la CAPES i afiliat a l&#8217;Associaci\u00f3 Nacional de Programes de Postgrau en Comunicaci\u00f3 (Compos). Creat el 2006 amb EL Mestratge Acad\u00e8mic en Comunicaci\u00f3 i consum de Pr\u00e0ctiques, el PPGCOM-ESPM t\u00e9 com a objectiu formar docents i investigadors d&#8217;alt [&hellip;]<\/p>\n","protected":false},"author":20,"featured_media":0,"parent":0,"menu_order":0,"comment_status":"closed","ping_status":"closed","template":"","meta":{"footnotes":""},"class_list":["post-344","page","type-page","status-publish","hentry"],"_links":{"self":[{"href":"https:\/\/webs.uab.cat\/oic\/wp-json\/wp\/v2\/pages\/344","targetHints":{"allow":["GET"]}}],"collection":[{"href":"https:\/\/webs.uab.cat\/oic\/wp-json\/wp\/v2\/pages"}],"about":[{"href":"https:\/\/webs.uab.cat\/oic\/wp-json\/wp\/v2\/types\/page"}],"author":[{"embeddable":true,"href":"https:\/\/webs.uab.cat\/oic\/wp-json\/wp\/v2\/users\/20"}],"replies":[{"embeddable":true,"href":"https:\/\/webs.uab.cat\/oic\/wp-json\/wp\/v2\/comments?post=344"}],"version-history":[{"count":1,"href":"https:\/\/webs.uab.cat\/oic\/wp-json\/wp\/v2\/pages\/344\/revisions"}],"predecessor-version":[{"id":2435,"href":"https:\/\/webs.uab.cat\/oic\/wp-json\/wp\/v2\/pages\/344\/revisions\/2435"}],"wp:attachment":[{"href":"https:\/\/webs.uab.cat\/oic\/wp-json\/wp\/v2\/media?parent=344"}],"curies":[{"name":"wp","href":"https:\/\/api.w.org\/{rel}","templated":true}]}}