{"id":349,"date":"2011-09-15T15:19:06","date_gmt":"2011-09-15T13:19:06","guid":{"rendered":"https:\/\/webs.uab.cat\/oic\/normes-editorials\/"},"modified":"2011-09-15T15:19:06","modified_gmt":"2011-09-15T13:19:06","slug":"normes-editorials","status":"publish","type":"page","link":"https:\/\/webs.uab.cat\/oic\/normes-editorials\/","title":{"rendered":"Normes Editorials"},"content":{"rendered":"<p><H2>Normes Editorials<\/H2><P style=\"TEXT-ALIGN: justify\">CONEXIONES. Revista iberoamericana de comunicaci\u00f3 admet la publicaci\u00f3 de treballs originals: 1) articles acad\u00e8mics, 2) resums de documents relacionats amb la comunicaci\u00f3 en l&#8217;\u00e0mbit iberoameric\u00e0 i 3) ressenyes bibliogr\u00e0fiques sobre obres publicades durant l&#8217;any d&#8217;edici\u00f3 de la revista.<br \/>\n<P style=\"TEXT-ALIGN: justify\">Els articles remesos han de ser in\u00e8dits i no trobar-se en tr\u00e0mits de publicaci\u00f3 en altres revistes. La secretaria de CONNEXIONS acusar\u00e0 rebut de la recepci\u00f3 dels originals.<br \/>\n<!--more--><br \/>\n<H2>Normes Editorials<\/H2><P style=\"TEXT-ALIGN: justify\">CONEXIONES. Revista iberoamericana de comunicaci\u00f3 admet la publicaci\u00f3 de treballs originals: 1) articles acad\u00e8mics, 2) resums de documents relacionats amb la comunicaci\u00f3 en l&#8217;\u00e0mbit iberoameric\u00e0 i 3) ressenyes bibliogr\u00e0fiques sobre obres publicades durant l&#8217;any d&#8217;edici\u00f3 de la revista.<br \/>\n<P style=\"TEXT-ALIGN: justify\">Els articles remesos han de ser in\u00e8dits i no trobar-se en tr\u00e0mits de publicaci\u00f3 en altres revistes. La secretaria de CONNEXIONS acusar\u00e0 rebut de la recepci\u00f3 dels originals.<br \/>\n<P style=\"TEXT-ALIGN: justify\">La revista realitza un sistema d&#8217;avaluaci\u00f3 a cegues per parells per a la publicaci\u00f3 d&#8217;originals. S&#8217;acceptaran \u00fanicament aquells treballs que comptin amb el dictamen favorable de dos avaluadors.<br \/>\n<P style=\"TEXT-ALIGN: justify\">La decisi\u00f3 del Consell de Redacci\u00f3 pel que fa a la publicaci\u00f3 o no d&#8217;un article ser\u00e0 degudament notificada al seu autor.<br \/>\n<P style=\"TEXT-ALIGN: justify\">Els articles s&#8217;han d&#8217;enviar en format Word per correu electr\u00f2nic a:<br \/>\n<P>Marcial.Murciano@uab.es o Carmina.Crusafon@uab.es<br \/>\n<P><STRONG>Idioma<\/STRONG><br \/>\n<P>Els treballs hauran d&#8217;estar escrits en espanyol o portugu\u00e8s.<br \/>\n<P><STRONG>Articles<\/STRONG><br \/>\n<P style=\"TEXT-ALIGN: justify\">Els articles tindran una extensi\u00f3 entre 5.500 i 7.500 paraules. La tipografia ser\u00e0 Times New Roman, la mida de lletra 11 i l&#8217;interlineat senzill.<br \/>\n<P style=\"TEXT-ALIGN: justify\">Els articles no han d&#8217;incloure refer\u00e8ncies directes a l&#8217;autor en el text o en la bibliografia per facilitar-ne valoraci\u00f3 an\u00f2nima.<br \/>\n<P><STRONG>Primera p\u00e0gina<\/STRONG><br \/>\n<P style=\"TEXT-ALIGN: justify\">A la primera p\u00e0gina han de constar \u00fanicament: el t\u00edtol de l&#8217;article i la seva traducci\u00f3 a l&#8217;angl\u00e8s, el nom de l&#8217;autor\/a i la universitat o instituci\u00f3 en que treballa\/an, aix\u00ed com l&#8217;adre\u00e7a\/s electr\u00f2nica\/s.<br \/>\n<P style=\"TEXT-ALIGN: justify\"><STRONG>Cap\u00e7alera de l&#8217;article<\/STRONG><br \/>\n<P style=\"TEXT-ALIGN: justify\">T\u00edtol de l&#8217;article sense nom de l&#8217;autor \/ s per afavorir el seu anonimat;<br \/>\n<P style=\"TEXT-ALIGN: justify\">Un resum de 100 paraules i la seva traducci\u00f3 a l&#8217;angl\u00e8s;<br \/>\n<P style=\"TEXT-ALIGN: justify\">Una llista de 5 paraules clau i la seva traducci\u00f3 a l&#8217;angl\u00e8s;<br \/>\n<P style=\"TEXT-ALIGN: justify\"><STRONG>Ep\u00edgrafs i subep\u00edgrafs<\/STRONG><br \/>\n<P style=\"TEXT-ALIGN: justify\">Els ep\u00edgrafs i subep\u00edgrafs s&#8217;indicaran, sense numerar, de la manera amb la tipografia:<br \/>\n<P style=\"TEXT-ALIGN: justify\"><EM><STRONG>Primer nivell: negreta o seminegrita cursiva \/ Times New Roman 12<\/STRONG><\/EM><br \/>\n<P style=\"TEXT-ALIGN: justify\"><EM>Segon nivell: cursiva \/ Times New Roman 12<\/EM><br \/>\n<P style=\"TEXT-ALIGN: justify\">Tercer nivell: rodona \/ Times New Roman 11<br \/>\n<P style=\"TEXT-ALIGN: justify\"><STRONG>Cites textuals<\/STRONG><br \/>\n<P style=\"TEXT-ALIGN: justify\">Les cites textuals, si s\u00f3n breus, s&#8217;han d&#8217;incloure de forma entre cometes. Quan la longitud del text esmentat excedeixi les tres l\u00ednies haur\u00e0 d&#8217;ubicar en un nou par\u00e0graf independent. Les cites han d&#8217;anar acompanyades, entre par\u00e8ntesis, del nom de l&#8217;autor, l&#8217;any de publicaci\u00f3 i les p\u00e0gines corresponents. Exemple (Wolton, 2000:145). Si es repeteix el treball d&#8217;un autor al mateix any, s&#8217;han d&#8217;utilitzar les lletres a, b, c. .. per diferenciar (Wolton, 2000a).<br \/>\n<P style=\"TEXT-ALIGN: justify\"><STRONG>Refer\u00e8ncies bibliogr\u00e0fiques<\/STRONG><br \/>\n<P style=\"TEXT-ALIGN: justify\">Totes les refer\u00e8ncies bibliogr\u00e0fiques han de citar al final de document-lletra Times New Roman a mida 10 &#8211; i el nom dels autors sempre haur\u00e0 d&#8217;estar en min\u00fascula i ajustar-se als seg\u00fcents models:<br \/>\n<P style=\"TEXT-ALIGN: justify\">Llibres: D\u00edaz Arias, R. (2006). <EM>Periodismo en televisi\u00f3n: entre el espect\u00e1culo y el testimonio de la realidad<\/EM>. Barcelona: Bosch.<br \/>\n<P style=\"TEXT-ALIGN: justify\">Cap\u00edtols en llibres: Rei, G. (2002). &#8220;La televisi\u00f3 a Col\u00f2mbia&#8221;, en G. Orozco, <EM>Historias de la televisi\u00f3n en Am\u00e9rica Latina<\/EM>. Barcelona: Gedisa.<br \/>\n<P style=\"TEXT-ALIGN: justify\">Articles en publicacions peri\u00f2diques: Buquet, G. (2002). &#8220;La m\u00fasica en la red: dif\u00edcil toma de posici\u00f3n de les empresas espa\u00f1olas&#8221;. <EM>Telos. Cuadernos de comunicaci\u00f3n, tecnolog\u00eda y sociedad<\/EM> (53, 1), 54-59. La cita de tot article de revista inclour\u00e0 la menci\u00f3 del volum i nombre segons l&#8217;estructura (volum, n\u00famero). En l&#8217;exemple anterior, (53, n \u00ba 1), es refereix al volum 53, n\u00famero 1.<br \/>\n<P style=\"TEXT-ALIGN: justify\">Refer\u00e8ncies electr\u00f2niques: S\u00f3n similars a les anteriors. No \u00e9s necessari incloure el lloc de publicaci\u00f3 o editorial, per\u00f2 sempre ha de constar el nom de l&#8217;autor. Com els materials electr\u00f2nics s\u00f3n susceptibles de canvis, \u00e9s imprescindible incloure la data d&#8217;acc\u00e9s i l&#8217;adre\u00e7a electr\u00f2nica completa. S&#8217;han d&#8217;especificar les adreces web de les refer\u00e8ncies esmentades. El model de citaci\u00f3 \u00e9s el seg\u00fcent: Bonderbjerg, K. (2005). <EM>Web Communication and the Public Sphere in a European perspective<\/EM>. Recuperat el 15 de febrer de 2009 de, http:\/\/www.media.ku.dk<br \/>\n<P style=\"TEXT-ALIGN: justify\"><STRONG>Figures, gr\u00e0fics i taules<\/STRONG><br \/>\n<P style=\"TEXT-ALIGN: justify\">Les figures i els gr\u00e0fics s&#8217;han de presentar dins el text en el lloc que els correspon i no al final. Aniran acompanyades d&#8217;un t\u00edtol curt i descriptiu, i es presentaran amb nombres ar\u00e0bics (exemple: Figura \/ Gr\u00e0fic 1).<br \/>\n<P style=\"TEXT-ALIGN: justify\">Les taules aniran inserides en el text. Aniran acompanyades d&#8217;un t\u00edtol curt i descriptiu, i es presentaran amb n\u00fameros romans (exemple: Taula I). No s&#8217;admet la nomenclatura Quadre o Imatge.<br \/>\n<P style=\"TEXT-ALIGN: justify\"><STRONG>Notes al peu de p\u00e0gina<\/STRONG><br \/>\n<P style=\"TEXT-ALIGN: justify\">Tota nota al peu es situar\u00e0 exactament en la mateixa p\u00e0gina i mai ser\u00e0 una refer\u00e8ncia bibliogr\u00e0fica. La tipografia ser\u00e0 Times New Roman en grand\u00e0ria 9 i amb interlineat senzill.<br \/>\n<P><STRONG>Ressenyes de llibres i\/o documents<\/STRONG><br \/>\n<P>Es ressenyar novetats bibliogr\u00e0fiques (llibres i documents) d&#8217;inter\u00e8s cient\u00edfic en l&#8217;\u00e0mbit de la comunicaci\u00f3, publicades durant l&#8217;any d&#8217;edici\u00f3 de la revista. Les ressenyes tindran una extensi\u00f3 entre 1.000 i 1.500 paraules.<br \/>\n<P>L&#8217;estructura que hauran de seguir \u00e9s la seg\u00fcent:<br \/>\n<P>Autor\/es, director, coordinador, editor<br \/>\n<P>T\u00edtol (en lletra cursiva)<br \/>\n<P>Editorial<br \/>\n<P>Lloc de publicaci\u00f3<br \/>\n<P>Any de publicaci\u00f3<br \/>\n<P>Exemple: Jos\u00e9 Marques de Melo, <EM>Pensamiento comunicacional latinoamericano<\/EM>. Editorial Comunicaci\u00f3n Social, Sevilla\/Zamora, 2009.<br \/>\n<P>La ressenya hauria d&#8217;incloure algunes dades breus de l&#8217;autor o de la instituci\u00f3, del contingut de l&#8217;obra, cites textuals que serveixin de suport a l&#8217;exposat per l&#8217;autor, una valoraci\u00f3 cr\u00edtica raonada fent refer\u00e8ncia a determinats par\u00e0grafs o parts de l&#8217;obra i una conclusi\u00f3 en qu\u00e8 s&#8217;informi el lector del valor, inter\u00e8s o conveni\u00e8ncia de l&#8217;obra ressenyada.<br \/>\n<P>La ressenya anir\u00e0 signada pel nom i cognom de l&#8217;autor i la instituci\u00f3 on treballa.<\/p>\n","protected":false},"excerpt":{"rendered":"<p>Normes Editorials CONEXIONES. Revista iberoamericana de comunicaci\u00f3 admet la publicaci\u00f3 de treballs originals: 1) articles acad\u00e8mics, 2) resums de documents relacionats amb la comunicaci\u00f3 en l&#8217;\u00e0mbit iberoameric\u00e0 i 3) ressenyes bibliogr\u00e0fiques sobre obres publicades durant l&#8217;any d&#8217;edici\u00f3 de la revista. Els articles remesos han de ser in\u00e8dits i no trobar-se en tr\u00e0mits de publicaci\u00f3 en [&hellip;]<\/p>\n","protected":false},"author":20,"featured_media":0,"parent":0,"menu_order":0,"comment_status":"closed","ping_status":"closed","template":"","meta":{"footnotes":""},"class_list":["post-349","page","type-page","status-publish","hentry"],"_links":{"self":[{"href":"https:\/\/webs.uab.cat\/oic\/wp-json\/wp\/v2\/pages\/349","targetHints":{"allow":["GET"]}}],"collection":[{"href":"https:\/\/webs.uab.cat\/oic\/wp-json\/wp\/v2\/pages"}],"about":[{"href":"https:\/\/webs.uab.cat\/oic\/wp-json\/wp\/v2\/types\/page"}],"author":[{"embeddable":true,"href":"https:\/\/webs.uab.cat\/oic\/wp-json\/wp\/v2\/users\/20"}],"replies":[{"embeddable":true,"href":"https:\/\/webs.uab.cat\/oic\/wp-json\/wp\/v2\/comments?post=349"}],"version-history":[{"count":0,"href":"https:\/\/webs.uab.cat\/oic\/wp-json\/wp\/v2\/pages\/349\/revisions"}],"wp:attachment":[{"href":"https:\/\/webs.uab.cat\/oic\/wp-json\/wp\/v2\/media?parent=349"}],"curies":[{"name":"wp","href":"https:\/\/api.w.org\/{rel}","templated":true}]}}