{"id":350,"date":"2011-09-15T15:42:06","date_gmt":"2011-09-15T13:42:06","guid":{"rendered":"https:\/\/webs.uab.cat\/oic\/convocatories-conexiones\/"},"modified":"2011-09-15T15:42:06","modified_gmt":"2011-09-15T13:42:06","slug":"convocatories-conexiones","status":"publish","type":"page","link":"https:\/\/webs.uab.cat\/oic\/convocatories-conexiones\/","title":{"rendered":"convocatories-conexiones"},"content":{"rendered":"<h2>Convocatorias<\/h2>\n<table style=\"background-color: #3a7fbb; width: 991px; height: 26px; border-width: 0pt; border-color: #000000; border-style: solid;\" align=\"center\" border=\"0\">\n<tbody>\n<tr>\n<td style=\"border: 1px solid #ffffff;\"><span style=\"color: white;\"><strong>NOTA PARA LAS PR\u00d3XIMAS EDICIONES DE LA REVISTA CONEXIONES<br \/><\/strong><\/span><\/td>\n<\/tr>\n<\/tbody>\n<\/table>\n<p style=\"text-align: justify;\">Durante el a\u00f1o 2014 CONEXIONES iniciar\u00e1 el proceso para convertirse en una publicaci\u00f3n electr\u00f3nica disponible a trav\u00e9s de la plataforma&nbsp;Open Journal Systems&nbsp;(OJS). A finales de 2014 se abrir\u00e1 la convocatoria de art\u00edculos para 2015.<\/p>\n<p>Los art\u00edculos para 2015 deber\u00e1n enviarse&nbsp; en soporte electr\u00f3nico a las siguientes direcciones:<\/p>\n<p>Correo electr\u00f3nico: <a href=\"http:\/\/centresderecerca.uab.cat\/oic\/content\/marcial-murciano\">Marcial Murciano<\/a> (Marcial.Murciano@uab.es); <a href=\"content\/carmina-crusafon\">Carmina Crusafon<\/a> (Carmina.Crusafon@uab.es); OIC (OBICOM@uab.cat)<\/p>\n<p style=\"text-align: justify;\">Correo postal: Revista Conexiones. Observatorio Iberoamericano de la Comunicaci\u00f3n. Edificio I &#8211; Despacho 026 &#8211; Campus de la UAB. 08193 Bellaterra. Barcelona. Espa\u00f1a<\/p>\n<p style=\"text-align: justify;\">&nbsp;<\/p>\n<p><script type=\"text\/javascript\">\/\/ <![CDATA[\nvar _gaq = _gaq || [];\n  _gaq.push(['_setAccount', 'UA-21721731-1']);\n  _gaq.push(['_trackPageview']);\n\n  (function() {\n    var ga = document.createElement('script'); ga.type = 'text\/javascript'; ga.async = true;\n    ga.src = ('https:' == document.location.protocol ? 'https:\/\/ssl' : 'http:\/\/www') + '.google-analytics.com\/ga.js';\n    var s = document.getElementsByTagName('script')[0]; s.parentNode.insertBefore(ga, s);\n  })();\n\/\/ ]]><\/script><\/p>\n<p>&nbsp;<\/p>\n","protected":false},"excerpt":{"rendered":"<p>Convocatorias NOTA PARA LAS PR\u00d3XIMAS EDICIONES DE LA REVISTA CONEXIONES Durante el a\u00f1o 2014 CONEXIONES iniciar\u00e1 el proceso para convertirse en una publicaci\u00f3n electr\u00f3nica disponible a trav\u00e9s de la plataforma&nbsp;Open Journal Systems&nbsp;(OJS). A finales de 2014 se abrir\u00e1 la convocatoria de art\u00edculos para 2015. Los art\u00edculos para 2015 deber\u00e1n enviarse&nbsp; en soporte electr\u00f3nico a las [&hellip;]<\/p>\n","protected":false},"author":20,"featured_media":0,"parent":0,"menu_order":0,"comment_status":"closed","ping_status":"closed","template":"","meta":{"footnotes":""},"class_list":["post-350","page","type-page","status-publish","hentry"],"_links":{"self":[{"href":"https:\/\/webs.uab.cat\/oic\/wp-json\/wp\/v2\/pages\/350","targetHints":{"allow":["GET"]}}],"collection":[{"href":"https:\/\/webs.uab.cat\/oic\/wp-json\/wp\/v2\/pages"}],"about":[{"href":"https:\/\/webs.uab.cat\/oic\/wp-json\/wp\/v2\/types\/page"}],"author":[{"embeddable":true,"href":"https:\/\/webs.uab.cat\/oic\/wp-json\/wp\/v2\/users\/20"}],"replies":[{"embeddable":true,"href":"https:\/\/webs.uab.cat\/oic\/wp-json\/wp\/v2\/comments?post=350"}],"version-history":[{"count":0,"href":"https:\/\/webs.uab.cat\/oic\/wp-json\/wp\/v2\/pages\/350\/revisions"}],"wp:attachment":[{"href":"https:\/\/webs.uab.cat\/oic\/wp-json\/wp\/v2\/media?parent=350"}],"curies":[{"name":"wp","href":"https:\/\/api.w.org\/{rel}","templated":true}]}}