{"id":356,"date":"2011-09-20T12:24:54","date_gmt":"2011-09-20T10:24:54","guid":{"rendered":"https:\/\/webs.uab.cat\/oic\/metodologia-evaluacion-politicas-publicas\/"},"modified":"2011-09-20T12:24:54","modified_gmt":"2011-09-20T10:24:54","slug":"metodologia-evaluacion-politicas-publicas","status":"publish","type":"page","link":"https:\/\/webs.uab.cat\/oic\/metodologia-evaluacion-politicas-publicas\/","title":{"rendered":"Metodologia-evaluacion-politicas-publicas"},"content":{"rendered":"<p><h2>Metodologia<\/h2>\n<p><\/span><\/p>\n<p style=\"text-align: justify;\"> El projecte aporta un model metodol\u00f2gic al nostre parer rigor\u00f3s, innovador i adequat per a l&#8217;avaluaci\u00f3 de les pol\u00edtiques p\u00fabliques d&#8217;impuls de la societat de la informaci\u00f3 a Espanya, estructurat en set categories anal\u00edtiques : 1) la pertin\u00e8ncia, 2) l&#8217;efectivitat; 3) la coher\u00e8ncia; 4) la perman\u00e8ncia; 5) l&#8217;efic\u00e0cia, 6) l&#8217;impacte, i 7) l&#8217;efici\u00e8ncia. Aquest model permet avaluar el desenvolupament dels instruments pol\u00edtics de promoci\u00f3 de les TIC des de la seva formulaci\u00f3, definici\u00f3 i disseny, fins a les seves conseq\u00fc\u00e8ncies i impactes a curt i mitj\u00e0 termini. <\/p>\n<p style = \"text-align: justify;\" > Mitjan\u00e7ant una cartografia dels principals objectius, actuacions, resultats i impactes, i de les seves interaccions m\u00fatues, es pot determinar la complexitat i les interrelacions que plantegen la implementaci\u00f3 d&#8217;una pol\u00edtica. Aix\u00f2 significa que una multitud de vincles de causa i efecte poden ser demostrats i, per tant, \u00e9s possible platejar un nombre important de preguntes en l&#8217;avaluaci\u00f3. Per tal de preveure una pol\u00edtica d&#8217;avaluaci\u00f3, \u00e9s \u00fatil descriure aquesta complexitat ja en la fase preparat\u00f2ria d&#8217;un pla d&#8217;acci\u00f3. Aix\u00f2 pot ajudar a identificar, de manera preliminar, els efectes m\u00e9s importants, les vies i els obstacles per a l&#8217;\u00e8xit de la pol\u00edtica que, per tant, poden ser considerats com a elements prioritaris a ser examinats a trav\u00e9s de l&#8217;avaluaci\u00f3. <\/p>\n<p style=\"text-align: justify;\"> El resultat d&#8217;aquest enfocament metodol\u00f2gic constitueix el mapa dels criteris d&#8217;avaluaci\u00f3, els indicadors i les dades apropiades a aquests criteris i les hip\u00f2tesis i els factors de risc aplicables. El marc l\u00f2gic utilitzat incorpora la complexitat din\u00e0mica dels actuals programes d&#8217;impuls a les TIC, incloent els diferents nivells, el mesurament del comportament, els factors de risc externs, etc., Sense ser dependents d&#8217;ells. <\/p>\n<p style = \"text-align: justify;\"> La metodologia es basa en una combinaci\u00f3 d&#8217;informaci\u00f3 m\u00e8trica o quantitativa i criteris de valoraci\u00f3 d&#8217;acord amb els est\u00e0ndards d&#8217;avaluaci\u00f3 consensuats per les principals institucions internacionals. <\/p>\n<p> Els set criteris proposats per a l&#8217;avaluaci\u00f3 s\u00f3n els seg\u00fcents: <\/p>\n<p style=\"text-align: justify;\"> <strong> 1) Pertin\u00e8ncia de l&#8217;acci\u00f3 estudiada <\/strong>. Es tracta de precisar si els objectius expl\u00edcits estan adaptats a la naturalesa o als problemes que suposadament han de solucionar-se. En aquest apartat el fonamental \u00e9s saber si l&#8217;instrument pol\u00edtic s&#8217;inscriu en un pla director a nivell departamental, si es parteix d&#8217;un diagn\u00f2stic, si es va realitzar una actualitzaci\u00f3 del diagn\u00f2stic o es va reorientar el projecte en funci\u00f3 del mateix, si es va realitzar una enquesta espec\u00edfica sobre les necessitats i interessos dels col.lectius que han beneficiar-se amb l&#8217;actuaci\u00f3, i si hi ha enquestes generals sobre les necessitats de les llars i les empreses. <\/p>\n<p style=\"text-align: justify;\"> <strong> 2) <\/strong> <strong> Efectivitat o <\/strong> <strong> les circumst\u00e0ncies de la implementaci\u00f3 del projecte <\/strong>. Es tracta d&#8217;un <strong> <\/strong> criteri operatiu sobre el gestor del projecte, basat en el <strong> <\/strong> grau de realitzaci\u00f3 dels treballs al final del proc\u00e9s d&#8217;execuci\u00f3, en el <strong> <\/strong> respecte dels terminis (proporci\u00f3 de tasques efectuades en la data final prevista i difer\u00e8ncia entre el final previst i el final efectiu dels treballs), i en els possibles sobrecostos del projecte com a percentatge del cost total. <\/p>\n<p style=\"text-align: justify;\"> <strong> 3) <\/strong> <strong> Efic\u00e0cia <\/strong> <strong> o <\/strong> <strong> relaci\u00f3 entre els objectius del projecte i els resultats constatats <\/strong>. En primer lloc es verificar\u00e0 si ha transcorregut el temps necessari per a obtenir resultats i d&#8217;aquesta manera s&#8217;ha d&#8217;establir la comparaci\u00f3 entre els objectius del projecte i els resultats constatats. En cas contrari, es compararan els resultats obtinguts amb els resultats esperats. S&#8217;avaluen aqu\u00ed aspectes com la cobertura territorial de la iniciativa (a nivell de les llars, les empreses i les institucions p\u00fabliques); l&#8217;inter\u00e8s col.lectiu pels b\u00e9ns i serveis promoguts (cat\u00e0legs, tarifes, enquestes de satisfacci\u00f3 d&#8217;usuaris, etc.); i <strong> <\/strong> la <strong> <\/strong> disponibilitat de serveis innovadors. <\/p>\n<p style=\"text-align: justify;\"> <strong> 4) Impacte <\/strong> <strong> socioecon\u00f2mic de les intervencions p\u00fabliques. <\/strong> \u00c9s important separar els efectes de la pol\u00edtica en si mateixa dels resultants d&#8217;una tend\u00e8ncia socioecon\u00f2mica general. L&#8217;avaluaci\u00f3 es centra aqu\u00ed en el terreny dels usos: evoluci\u00f3 dels usos en els particulars, evoluci\u00f3 dels usos en les empreses; <strong> <\/strong> desenvolupament de les empreses locals gr\u00e0cies a les TIC (progr\u00e9s del nombre d&#8217;empreses locals en el sector TIC i evoluci\u00f3 de l&#8217;ocupaci\u00f3 local en aquest sector, per exemple), i desenvolupament dels usos de les TIC per les administracions locals. <\/p>\n<p style=\"text-align: justify;\"> <strong > 5) Perman\u00e8ncia o <\/strong> <strong> durabilitat dels efectes observats. <\/strong> Es tracta de determinar si el projecte va generar una estructura estable o si nom\u00e9s va impulsar iniciatives capaces de prolongar i desenvolupar-se despr\u00e9s del final de la intervenci\u00f3 p\u00fablica . Dos elements s\u00f3n claus per a considerar aquest aspecte: els escenaris previstos a curt i mitj\u00e0 termini, i el potencial prospectiu de les iniciatives p\u00fabliques. <\/p>\n<p style=\"text-align: justify;\"> <strong> 6) <\/strong> <strong> Efici\u00e8ncia or <\/strong> <strong> elaci\u00f3 entre els mitjans posats en marxa i els resultats constatats. <\/strong> En aquest cas es tracta de determinar si la intervenci\u00f3 pol\u00edtica permet aprofitar al m\u00e0xim els recursos p\u00fablics. Ha de constatar si s&#8217;utilitzen les infraestructures ja existents i si els diferents projectes p\u00fablics promoguts en un mateix territori s\u00f3n coherents. Tamb\u00e9 adquireix una import\u00e0ncia especial l&#8217;an\u00e0lisi de costos i beneficis. <\/p>\n<p style=\"text-align: justify;\"> <strong> 7) Coher\u00e8ncia o compatibilitat entre els objectius perseguits per la col.lectivitat i la correspond\u00e8ncia entre aquests objectius i els mitjans mobilitzats per assolir-los. <\/Strong> Aquest criteri necessita una an\u00e0lisi qualitativa que permeti determinar l&#8217;adequaci\u00f3 entre els objectius de desenvolupament a mitj\u00e0 i llarg termini i el cost de les accions empreses. Es tracta, per tant, d&#8217;establir si la col.lectivitat pot aconseguir simult\u00e0niament tots els objectius plantejats per la pol\u00edtica implementada i si es van emprar els mitjans suficients o adequats per a aix\u00f2. <\/p><\/p>\n","protected":false},"excerpt":{"rendered":"<p>Metodologia El projecte aporta un model metodol\u00f2gic al nostre parer rigor\u00f3s, innovador i adequat per a l&#8217;avaluaci\u00f3 de les pol\u00edtiques p\u00fabliques d&#8217;impuls de la societat de la informaci\u00f3 a Espanya, estructurat en set categories anal\u00edtiques : 1) la pertin\u00e8ncia, 2) l&#8217;efectivitat; 3) la coher\u00e8ncia; 4) la perman\u00e8ncia; 5) l&#8217;efic\u00e0cia, 6) l&#8217;impacte, i 7) l&#8217;efici\u00e8ncia. Aquest [&hellip;]<\/p>\n","protected":false},"author":20,"featured_media":0,"parent":0,"menu_order":0,"comment_status":"closed","ping_status":"closed","template":"","meta":{"footnotes":""},"class_list":["post-356","page","type-page","status-publish","hentry"],"_links":{"self":[{"href":"https:\/\/webs.uab.cat\/oic\/wp-json\/wp\/v2\/pages\/356","targetHints":{"allow":["GET"]}}],"collection":[{"href":"https:\/\/webs.uab.cat\/oic\/wp-json\/wp\/v2\/pages"}],"about":[{"href":"https:\/\/webs.uab.cat\/oic\/wp-json\/wp\/v2\/types\/page"}],"author":[{"embeddable":true,"href":"https:\/\/webs.uab.cat\/oic\/wp-json\/wp\/v2\/users\/20"}],"replies":[{"embeddable":true,"href":"https:\/\/webs.uab.cat\/oic\/wp-json\/wp\/v2\/comments?post=356"}],"version-history":[{"count":0,"href":"https:\/\/webs.uab.cat\/oic\/wp-json\/wp\/v2\/pages\/356\/revisions"}],"wp:attachment":[{"href":"https:\/\/webs.uab.cat\/oic\/wp-json\/wp\/v2\/media?parent=356"}],"curies":[{"name":"wp","href":"https:\/\/api.w.org\/{rel}","templated":true}]}}

<p><h2>Metodologia</h2>
<p></span></p>
<p style="text-align: justify;"> El projecte aporta un model metodològic al nostre parer rigorós, innovador i adequat per a l&#8217;avaluació de les polítiques públiques d&#8217;impuls de la societat de la informació a Espanya, estructurat en set categories analítiques : 1) la pertinència, 2) l&#8217;efectivitat; 3) la coherència; 4) la permanència; 5) l&#8217;eficàcia, 6) l&#8217;impacte, i 7) l&#8217;eficiència. Aquest model permet avaluar el desenvolupament dels instruments polítics de promoció de les TIC des de la seva formulació, definició i disseny, fins a les seves conseqüències i impactes a curt i mitjà termini. </p>
<p style = "text-align: justify;" > Mitjançant una cartografia dels principals objectius, actuacions, resultats i impactes, i de les seves interaccions mútues, es pot determinar la complexitat i les interrelacions que plantegen la implementació d&#8217;una política. Això significa que una multitud de vincles de causa i efecte poden ser demostrats i, per tant, és possible platejar un nombre important de preguntes en l&#8217;avaluació. Per tal de preveure una política d&#8217;avaluació, és útil descriure aquesta complexitat ja en la fase preparatòria d&#8217;un pla d&#8217;acció. Això pot ajudar a identificar, de manera preliminar, els efectes més importants, les vies i els obstacles per a l&#8217;èxit de la política que, per tant, poden ser considerats com a elements prioritaris a ser examinats a través de l&#8217;avaluació. </p>
<p style="text-align: justify;"> El resultat d&#8217;aquest enfocament metodològic constitueix el mapa dels criteris d&#8217;avaluació, els indicadors i les dades apropiades a aquests criteris i les hipòtesis i els factors de risc aplicables. El marc lògic utilitzat incorpora la complexitat dinàmica dels actuals programes d&#8217;impuls a les TIC, incloent els diferents nivells, el mesurament del comportament, els factors de risc externs, etc., Sense ser dependents d&#8217;ells. </p>
<p style = "text-align: justify;"> La metodologia es basa en una combinació d&#8217;informació mètrica o quantitativa i criteris de valoració d&#8217;acord amb els estàndards d&#8217;avaluació consensuats per les principals institucions internacionals. </p>
<p> Els set criteris proposats per a l&#8217;avaluació són els següents: </p>
<p style="text-align: justify;"> <strong> 1) Pertinència de l&#8217;acció estudiada </strong>. Es tracta de precisar si els objectius explícits estan adaptats a la naturalesa o als problemes que suposadament han de solucionar-se. En aquest apartat el fonamental és saber si l&#8217;instrument polític s&#8217;inscriu en un pla director a nivell departamental, si es parteix d&#8217;un diagnòstic, si es va realitzar una actualització del diagnòstic o es va reorientar el projecte en funció del mateix, si es va realitzar una enquesta específica sobre les necessitats i interessos dels col.lectius que han beneficiar-se amb l&#8217;actuació, i si hi ha enquestes generals sobre les necessitats de les llars i les empreses. </p>
<p style="text-align: justify;"> <strong> 2) </strong> <strong> Efectivitat o </strong> <strong> les circumstàncies de la implementació del projecte </strong>. Es tracta d&#8217;un <strong> </strong> criteri operatiu sobre el gestor del projecte, basat en el <strong> </strong> grau de realització dels treballs al final del procés d&#8217;execució, en el <strong> </strong> respecte dels terminis (proporció de tasques efectuades en la data final prevista i diferència entre el final previst i el final efectiu dels treballs), i en els possibles sobrecostos del projecte com a percentatge del cost total. </p>
<p style="text-align: justify;"> <strong> 3) </strong> <strong> Eficàcia </strong> <strong> o </strong> <strong> relació entre els objectius del projecte i els resultats constatats </strong>. En primer lloc es verificarà si ha transcorregut el temps necessari per a obtenir resultats i d&#8217;aquesta manera s&#8217;ha d&#8217;establir la comparació entre els objectius del projecte i els resultats constatats. En cas contrari, es compararan els resultats obtinguts amb els resultats esperats. S&#8217;avaluen aquí aspectes com la cobertura territorial de la iniciativa (a nivell de les llars, les empreses i les institucions públiques); l&#8217;interès col.lectiu pels béns i serveis promoguts (catàlegs, tarifes, enquestes de satisfacció d&#8217;usuaris, etc.); i <strong> </strong> la <strong> </strong> disponibilitat de serveis innovadors. </p>
<p style="text-align: justify;"> <strong> 4) Impacte </strong> <strong> socioeconòmic de les intervencions públiques. </strong> És important separar els efectes de la política en si mateixa dels resultants d&#8217;una tendència socioeconòmica general. L&#8217;avaluació es centra aquí en el terreny dels usos: evolució dels usos en els particulars, evolució dels usos en les empreses; <strong> </strong> desenvolupament de les empreses locals gràcies a les TIC (progrés del nombre d&#8217;empreses locals en el sector TIC i evolució de l&#8217;ocupació local en aquest sector, per exemple), i desenvolupament dels usos de les TIC per les administracions locals. </p>
<p style="text-align: justify;"> <strong > 5) Permanència o </strong> <strong> durabilitat dels efectes observats. </strong> Es tracta de determinar si el projecte va generar una estructura estable o si només va impulsar iniciatives capaces de prolongar i desenvolupar-se després del final de la intervenció pública . Dos elements són claus per a considerar aquest aspecte: els escenaris previstos a curt i mitjà termini, i el potencial prospectiu de les iniciatives públiques. </p>
<p style="text-align: justify;"> <strong> 6) </strong> <strong> Eficiència or </strong> <strong> elació entre els mitjans posats en marxa i els resultats constatats. </strong> En aquest cas es tracta de determinar si la intervenció política permet aprofitar al màxim els recursos públics. Ha de constatar si s&#8217;utilitzen les infraestructures ja existents i si els diferents projectes públics promoguts en un mateix territori són coherents. També adquireix una importància especial l&#8217;anàlisi de costos i beneficis. </p>
<p style="text-align: justify;"> <strong> 7) Coherència o compatibilitat entre els objectius perseguits per la col.lectivitat i la correspondència entre aquests objectius i els mitjans mobilitzats per assolir-los. </Strong> Aquest criteri necessita una anàlisi qualitativa que permeti determinar l&#8217;adequació entre els objectius de desenvolupament a mitjà i llarg termini i el cost de les accions empreses. Es tracta, per tant, d&#8217;establir si la col.lectivitat pot aconseguir simultàniament tots els objectius plantejats per la política implementada i si es van emprar els mitjans suficients o adequats per a això. </p></p>

<p>Metodologia El projecte aporta un model metodològic al nostre parer rigorós, innovador i adequat per a l&#8217;avaluació de les polítiques públiques d&#8217;impuls de la societat de la informació a Espanya, estructurat en set categories analítiques : 1) la pertinència, 2) l&#8217;efectivitat; 3) la coherència; 4) la permanència; 5) l&#8217;eficàcia, 6) l&#8217;impacte, i 7) l&#8217;eficiència. Aquest [&hellip;]</p>
