{"id":371,"date":"2011-02-23T16:44:27","date_gmt":"2011-02-23T14:44:27","guid":{"rendered":"https:\/\/webs.uab.cat\/oic\/uma-andalusia\/"},"modified":"2022-10-05T12:18:58","modified_gmt":"2022-10-05T10:18:58","slug":"uma-andalusia","status":"publish","type":"page","link":"https:\/\/webs.uab.cat\/oic\/uma-andalusia\/","title":{"rendered":"Grup d&#8217;Estudis sobre Comunicaci\u00f3 i Societat de la Informaci\u00f3 (E-COM)"},"content":{"rendered":"\n<div class=\"wp-block-media-text alignwide is-stacked-on-mobile has-primary-background-color has-background\" style=\"grid-template-columns:16% auto\"><figure class=\"wp-block-media-text__media\"><img decoding=\"async\" src=\"http:\/\/centresderecerca.uab.cat\/oic\/sites\/centresderecerca.uab.cat.oic\/files\/images\/Marca%20UMA%20%28calidad%20web%29.jpg\" alt=\"\"\/><\/figure><div class=\"wp-block-media-text__content\">\n<p class=\"has-small-font-size\">El grup de recerca Estudis sobre Comunicaci\u00f3 i Societat de la Informaci\u00f3 (E-COM) va ser creat el 1999 i est\u00e0 adscrit a la Facultat de Ci\u00e8ncies de la Comunicaci\u00f3 de la Universitat de M\u00e0laga. L&#8217;integren una vintena de docents i investigadors que participen en diferents projectes nacionals i internacionals. Entre els seus treballs de recerca destaquen els estudis comparats sobre el desenvolupament de la Societat de la Informaci\u00f3 i del Coneixement en totes les comunitats aut\u00f2nomes espanyoles, aix\u00ed com diverses comparacions regionals a escala internacional referides a l&#8217;\u00e0mbit de la comunicaci\u00f3, la identitat i el territori.<\/p>\n<\/div><\/div>\n\n\n\n<h2 class=\"wp-block-heading\">L\u00ednies de recerca<\/h2>\n\n\n\n<p>-Comunicaci\u00f3, tecnologia i societat . G\u00e8nesi i conformaci\u00f3 de la Societat de la Informaci\u00f3 i del Coneixement en l&#8217;espai regional. Comparacions estatals i internacionals.<\/p>\n\n\n\n<p>-Teoria i hist\u00f2ria de la comunicaci\u00f3 i del periodisme. Hist\u00f2ria i estructura regional.<\/p>\n\n\n\n<p>-Educaci\u00f3 i comunicaci\u00f3. Converg\u00e8ncia a la Societat del Coneixement.<\/p>\n\n\n\n<p>-Comunicaci\u00f3 i cultura. Valors de refer\u00e8ncia en la societat andalusa.<\/p>\n\n\n\n<p>-Comunicaci\u00f3 i desenvolupament. Propostes per a la comunicaci\u00f3 democr\u00e0tica.<\/p>\n\n\n\n<h2 class=\"wp-block-heading\">Serveis cientifico-t\u00e8cnics<\/h2>\n\n\n\n<p>-Realitzaci\u00f3 d&#8217;informes sobre l&#8217;impacte de les comunicacions en l&#8217;entorn.<\/p>\n\n\n\n<p>-Assessorament a gabinets de comunicaci\u00f3.<\/p>\n\n\n\n<p>-Aspectes relacionats amb la gesti\u00f3 cultural, i comunicaci\u00f3 i cultura.\u00a0<\/p>\n\n\n\n<p>-An\u00e0lisi i investigacions. Indicadors d&#8217;\u00fas, equipament, etc.<\/p>\n\n\n\n<p>-Formaci\u00f3 sobre an\u00e0lisis cr\u00edtiques de mitjans.<\/p>\n\n\n\n<h2 class=\"wp-block-heading\"><strong>Director:<\/strong><\/h2>\n\n\n\n<p><a href=\"http:\/\/webs.uab.cat\/oic\/ca\/juanantoniogarciagalindo\">Dr. Juan Antonio Garc\u00eda Galindo<\/a><\/p>\n\n\n\n<p>Universidad de M\u00e1laga<\/p>\n\n\n\n<p>Facultad de Ciencias de la Comunicaci\u00f3n<strong>&nbsp;<\/strong><\/p>\n\n\n\n<p>jagarciag@uma.es<\/p>\n","protected":false},"excerpt":{"rendered":"<p>El grup de recerca Estudis sobre Comunicaci\u00f3 i Societat de la Informaci\u00f3 (E-COM) va ser creat el 1999 i est\u00e0 adscrit a la Facultat de Ci\u00e8ncies de la Comunicaci\u00f3 de la Universitat de M\u00e0laga. L&#8217;integren una vintena de docents i investigadors que participen en diferents projectes nacionals i internacionals. Entre els seus treballs de recerca [&hellip;]<\/p>\n","protected":false},"author":20,"featured_media":0,"parent":0,"menu_order":0,"comment_status":"closed","ping_status":"closed","template":"","meta":{"footnotes":""},"class_list":["post-371","page","type-page","status-publish","hentry"],"_links":{"self":[{"href":"https:\/\/webs.uab.cat\/oic\/wp-json\/wp\/v2\/pages\/371","targetHints":{"allow":["GET"]}}],"collection":[{"href":"https:\/\/webs.uab.cat\/oic\/wp-json\/wp\/v2\/pages"}],"about":[{"href":"https:\/\/webs.uab.cat\/oic\/wp-json\/wp\/v2\/types\/page"}],"author":[{"embeddable":true,"href":"https:\/\/webs.uab.cat\/oic\/wp-json\/wp\/v2\/users\/20"}],"replies":[{"embeddable":true,"href":"https:\/\/webs.uab.cat\/oic\/wp-json\/wp\/v2\/comments?post=371"}],"version-history":[{"count":1,"href":"https:\/\/webs.uab.cat\/oic\/wp-json\/wp\/v2\/pages\/371\/revisions"}],"predecessor-version":[{"id":2359,"href":"https:\/\/webs.uab.cat\/oic\/wp-json\/wp\/v2\/pages\/371\/revisions\/2359"}],"wp:attachment":[{"href":"https:\/\/webs.uab.cat\/oic\/wp-json\/wp\/v2\/media?parent=371"}],"curies":[{"name":"wp","href":"https:\/\/api.w.org\/{rel}","templated":true}]}}