{"id":376,"date":"2011-02-23T16:55:09","date_gmt":"2011-02-23T14:55:09","guid":{"rendered":"https:\/\/webs.uab.cat\/oic\/uab-localcom-catalunya\/"},"modified":"2022-10-05T11:13:52","modified_gmt":"2022-10-05T09:13:52","slug":"uab-localcom-catalunya","status":"publish","type":"page","link":"https:\/\/webs.uab.cat\/oic\/uab-localcom-catalunya\/","title":{"rendered":"Observatori Iberoameric\u00e0 de la Comunicaci\u00f3"},"content":{"rendered":"<div class=\"wp-block-image\">\n<figure class=\"aligncenter is-resized\"><img loading=\"lazy\" decoding=\"async\" src=\"http:\/\/centresderecerca.uab.cat\/oic\/sites\/centresderecerca.uab.cat.oic\/files\/images\/Logo%20OIC%20reformado.png\" alt=\"\" width=\"272\" height=\"270\"\/><\/figure>\n<\/div>\n\n\n<p>El <strong> Observatori Iberoameric\u00e0 de la Comunicaci\u00f3 <\/strong>(<strong>OIC<\/strong>) \u00e9s un centre d&#8217;estudis que articula diverses xarxes acad\u00e8miques, grups de treball i accions de cooperaci\u00f3 interuniversit\u00e0ria per a la Recerca, la Doc\u00e8ncia, la Transfer\u00e8ncia de coneixements i la Difusi\u00f3 de publicacions en comunicaci\u00f3, cultura i desenvolupament hum\u00e0, adscrit al departament de Periodisme i Ci\u00e8ncies de la Comunicaci\u00f3 de la Universitat Aut\u00f2noma de Barcelona.<\/p>\n\n\n\n<p>Els seus principals camps d&#8217;actuaci\u00f3 s\u00f3n: les tecnologies de la informaci\u00f3 i les comunicacions (TIC), les pol\u00edtiques de comunicaci\u00f3, el sector audiovisual i el comportament dels mitjans.<\/p>\n\n\n\n<h2 class=\"wp-block-heading\"><strong>Director:<\/strong><\/h2>\n\n\n\n<p><a href=\"http:\/\/webs.uab.cat\/oic\/ca\/dr-marcial-murciano\">Dr. Marcial Murciano<\/a><\/p>\n\n\n\n<p>Universitat Aut\u00f2noma de Barcelona<\/p>\n\n\n\n<p>Facultat de Ci\u00e8ncies de la Comunicaci\u00f3<\/p>\n\n\n\n<p>&nbsp;<\/p>\n\n\n\n<p>Marcial.Murciano@uab.cat<\/p>\n","protected":false},"excerpt":{"rendered":"<p>El Observatori Iberoameric\u00e0 de la Comunicaci\u00f3 (OIC) \u00e9s un centre d&#8217;estudis que articula diverses xarxes acad\u00e8miques, grups de treball i accions de cooperaci\u00f3 interuniversit\u00e0ria per a la Recerca, la Doc\u00e8ncia, la Transfer\u00e8ncia de coneixements i la Difusi\u00f3 de publicacions en comunicaci\u00f3, cultura i desenvolupament hum\u00e0, adscrit al departament de Periodisme i Ci\u00e8ncies de la Comunicaci\u00f3 [&hellip;]<\/p>\n","protected":false},"author":20,"featured_media":0,"parent":0,"menu_order":0,"comment_status":"closed","ping_status":"closed","template":"","meta":{"footnotes":""},"class_list":["post-376","page","type-page","status-publish","hentry"],"_links":{"self":[{"href":"https:\/\/webs.uab.cat\/oic\/wp-json\/wp\/v2\/pages\/376","targetHints":{"allow":["GET"]}}],"collection":[{"href":"https:\/\/webs.uab.cat\/oic\/wp-json\/wp\/v2\/pages"}],"about":[{"href":"https:\/\/webs.uab.cat\/oic\/wp-json\/wp\/v2\/types\/page"}],"author":[{"embeddable":true,"href":"https:\/\/webs.uab.cat\/oic\/wp-json\/wp\/v2\/users\/20"}],"replies":[{"embeddable":true,"href":"https:\/\/webs.uab.cat\/oic\/wp-json\/wp\/v2\/comments?post=376"}],"version-history":[{"count":1,"href":"https:\/\/webs.uab.cat\/oic\/wp-json\/wp\/v2\/pages\/376\/revisions"}],"predecessor-version":[{"id":2263,"href":"https:\/\/webs.uab.cat\/oic\/wp-json\/wp\/v2\/pages\/376\/revisions\/2263"}],"wp:attachment":[{"href":"https:\/\/webs.uab.cat\/oic\/wp-json\/wp\/v2\/media?parent=376"}],"curies":[{"name":"wp","href":"https:\/\/api.w.org\/{rel}","templated":true}]}}