{"id":418,"date":"2012-11-06T12:35:51","date_gmt":"2012-11-06T10:35:51","guid":{"rendered":"https:\/\/webs.uab.cat\/oic\/revista-conexiones\/"},"modified":"2012-11-06T12:35:51","modified_gmt":"2012-11-06T10:35:51","slug":"revista-conexiones","status":"publish","type":"page","link":"https:\/\/webs.uab.cat\/oic\/revista-conexiones\/","title":{"rendered":"Revista CONEXIONES"},"content":{"rendered":"<p><em>Conexiones. Revista Iberoamericana de Comunicaci\u00f3n<\/em> \u00e9s una publicaci\u00f3 de la Xarxa Interuniversit\u00e0ria de Estudis de Comunicaci\u00f3 (RIEC), integrada per la Universitat Austral (Argentina), Universitat Carlos III (Espanya), Universitat Diego Portales (Xile), Universitat Nacional Aut\u00f2noma de M\u00e8xic (M\u00e8xic) , Universitat de Puerto Rico (Puerto Rico), Universitat de Sao Paulo i ESPM (Brasil), i coordinada per la Universitat Aut\u00f2noma de Barcelona (Espanya).<\/p>\n<p>CONEXIONES desitja establir un debat plural sobre els aspectes centrals de la cultura i els mitjans de comunicaci\u00f3. El seu objectiu expl\u00edcit \u00e9s continuar, ampliar i consolidar el camp de la recerca cr\u00edtica obert en les societats iberoamericanes per les diferents disciplines que aborden el sistema dels mitjans de comunicaci\u00f3 i les seves manifestacions culturals. Desitja, per tant, ser una contribuci\u00f3 al desenvolupament d&#8217;aquests estudis des de les diferents perspectives te\u00f2riques, emp\u00edriques i hist\u00f2riques, en el context dels canvis impulsats per la mundialitzaci\u00f3 i la revoluci\u00f3 tecnol\u00f2gica en curs. La realitat emergent de les pr\u00e0ctiques comunicatives i culturals, la situaci\u00f3 i les transformacions dels nous i vells mitjans de comunicaci\u00f3, la contribuci\u00f3 de la comunicaci\u00f3 al desenvolupament hum\u00e0, l&#8217;estudi dels textos, els discursos i les formes culturals, les estructures i les pol\u00edtiques de comunicaci\u00f3, entre d&#8217;altres fen\u00f2mens contemporanis, constitueixen el seu objecte cient\u00edfic.<\/p>\n<p>CONEXIONES est\u00e0 indexada a <a href=\"http:\/\/www.latindex.unam.mx\/buscador\/ficRev.html?opcion=1&amp;folio=20508\">Latindex<\/a> (Sistema Regional de Informaci\u00f3n en L\u00ednea para Revistas Cient\u00edficas de Am\u00e9rica Latina, el Caribe, Espa\u00f1a y Portugal) i a <a href=\"http:\/\/dice.cindoc.csic.es\/revista.php?rev=1697-3720\">DICE<\/a> (Difusi\u00f3n y Calidad Editorial de las Revistas Espa\u00f1olas de Humanidades y Ciencias Sociales y Jur\u00eddicas). CONEXIONES tamb\u00e9 forma part de la base de dades <a href=\"http:\/\/bddoc.csic.es:8080\/ver\/ISOC\/revi\/3370.html\">ISOC <\/a>del Centre de Ci\u00e8ncies Humanes i Socials del CSIC DESAPRUEBA.<\/p>\n<p>&nbsp;<\/p>\n","protected":false},"excerpt":{"rendered":"<p>Conexiones. Revista Iberoamericana de Comunicaci\u00f3n \u00e9s una publicaci\u00f3 de la Xarxa Interuniversit\u00e0ria de Estudis de Comunicaci\u00f3 (RIEC), integrada per la Universitat Austral (Argentina), Universitat Carlos III (Espanya), Universitat Diego Portales (Xile), Universitat Nacional Aut\u00f2noma de M\u00e8xic (M\u00e8xic) , Universitat de Puerto Rico (Puerto Rico), Universitat de Sao Paulo i ESPM (Brasil), i coordinada per la [&hellip;]<\/p>\n","protected":false},"author":20,"featured_media":0,"parent":0,"menu_order":0,"comment_status":"closed","ping_status":"closed","template":"","meta":{"footnotes":""},"class_list":["post-418","page","type-page","status-publish","hentry"],"_links":{"self":[{"href":"https:\/\/webs.uab.cat\/oic\/wp-json\/wp\/v2\/pages\/418","targetHints":{"allow":["GET"]}}],"collection":[{"href":"https:\/\/webs.uab.cat\/oic\/wp-json\/wp\/v2\/pages"}],"about":[{"href":"https:\/\/webs.uab.cat\/oic\/wp-json\/wp\/v2\/types\/page"}],"author":[{"embeddable":true,"href":"https:\/\/webs.uab.cat\/oic\/wp-json\/wp\/v2\/users\/20"}],"replies":[{"embeddable":true,"href":"https:\/\/webs.uab.cat\/oic\/wp-json\/wp\/v2\/comments?post=418"}],"version-history":[{"count":0,"href":"https:\/\/webs.uab.cat\/oic\/wp-json\/wp\/v2\/pages\/418\/revisions"}],"wp:attachment":[{"href":"https:\/\/webs.uab.cat\/oic\/wp-json\/wp\/v2\/media?parent=418"}],"curies":[{"name":"wp","href":"https:\/\/api.w.org\/{rel}","templated":true}]}}