{"id":459,"date":"2012-11-08T11:38:39","date_gmt":"2012-11-08T09:38:39","guid":{"rendered":"https:\/\/webs.uab.cat\/oic\/volum-3-numero-2\/"},"modified":"2012-11-08T11:38:39","modified_gmt":"2012-11-08T09:38:39","slug":"volum-3-numero-2","status":"publish","type":"page","link":"https:\/\/webs.uab.cat\/oic\/volum-3-numero-2\/","title":{"rendered":"Volum-3-numero-2"},"content":{"rendered":"<h2>Periodismo en transici\u00f3n<\/h2>\n<p><em>Conexiones. Revista Iberoamericana de Comunicaci\u00f3n<\/em>. Vol.3 N\u00ba 2. 128 p\u00e1ginas. A\u00f1o 2011. ISSN: 1697-3720. ISBN (edici\u00f3n impresa): 978-84-92860-68-5<\/p>\n<p><strong>&nbsp;&nbsp;&nbsp; <\/strong>\u00bb<strong> <a href=\"#PRE\">Presentaci\u00f3n<\/a><\/strong><br \/>&nbsp;&nbsp;&nbsp; \u00bb<strong> <a href=\"#SUM\">Sumario<\/a><\/strong><br \/>&nbsp;&nbsp;&nbsp; \u00bb<strong> <a href=\"#RES\">Res\u00famenes<\/a><\/strong><\/p>\n<table style=\"background-color: #3a7fbb; width: 991px; height: 26px; border: 1px solid #ffffff;\" align=\"center\" border=\"0\">\n<tbody>\n<tr>\n<td style=\"border: #ffffff 1px solid;\"><span style=\"color: white;\"><strong><a name=\"PRE\"><\/a><a name=\"PRE\"><\/a><a name=\"PRE\"><\/a>PRESENTACI\u00d3N<br \/><\/strong><\/span><\/td>\n<\/tr>\n<\/tbody>\n<\/table>\n<p><span class=\"inline inline-left\">&nbsp;<span class=\"inline inline-left\"> <span class=\"inline inline-left\"><span class=\"inline inline-left\"><img loading=\"lazy\" decoding=\"async\" class=\"image image-preview \" style=\"float: left;\" title=\"\" src=\"http:\/\/centresderecerca.uab.cat\/oic\/sites\/centresderecerca.uab.cat.oic\/files\/images\/Portada-conexiones-6.png\" alt=\"\" height=\"314\" width=\"226\"><\/span><\/span><\/span><\/span><\/p>\n<p style=\"text-align: justify;\">\u00bfSeguir\u00e1 teniendo raz\u00f3n de ser el periodismo tradicional, se estar\u00e1 produciendo un gran cambio o se trata simplemente de una mera renovaci\u00f3n, una puesta al d\u00eda de sus soportes y pr\u00e1cticas? &nbsp;En esta transici\u00f3n \u00bfcu\u00e1les son los profesionales del periodismo que requieren los nuevos entornos digitales, marcados por la informaci\u00f3n&nbsp; global y las emisiones&nbsp; a escala mundial? \u00bfEstamos ante un nuevo modelo de negocio que puede afectar la esencia del periodismo: la opini\u00f3n p\u00fablica y, por tanto, la democracia? \u00bfCu\u00e1l es el actual papel de las agencias de noticias, pilares en del desarrollo del periodismo contempor\u00e1neo (cuando la informaci\u00f3n &nbsp;era de dif\u00edcil acceso para la prensa), y que hoy deben enfrentar la libre e instant\u00e1nea circulaci\u00f3n de noticias por la red? \u00bfSeguir\u00e1 sobreviviendo la vieja prensa sin la ayuda del Estado? \u00bfSe han planteado las empresas de medios las consecuencias&nbsp; de convertir al periodista en un mero suministrador de contenidos?<\/p>\n<p style=\"text-align: justify;\">El desarrollo de Internet y de las redes sociales, con los inevitables cambios de h\u00e1bitos individuales, profesionales&nbsp; y sociales que le son inherentes, plantean, adem\u00e1s, la siguiente cuesti\u00f3n: \u00bfEst\u00e1 siendo sustituido el espacio p\u00fablico construido por los medios tradicionales de comunicaci\u00f3n por una suerte de nueva realidad virtual, de alcance global pero incontrolable&nbsp; desde el punto de vista del mensaje y de su fiabilidad?<\/p>\n<p style=\"text-align: justify;\">\u00bfSe bastar\u00e1 a s\u00ed mismo el ciudadano-usuario (consumidor y emisor), &nbsp;&nbsp;para disponer y hacer disponible la informaci\u00f3n que antes&nbsp; proced\u00eda fundamentalmente del periodista,&nbsp; \u00fanico mediador leg\u00edtimo entre emisor y receptor?<\/p>\n<p style=\"text-align: justify;\">\u00bfExistir\u00e1 un espacio donde los periodistas puedan elaborar con rigor noticias o grandes relatos, fruto de su agenda propia, que de sentido profesional e informativo&nbsp; a criterios como la explicaci\u00f3n, la profundizaci\u00f3n, la investigaci\u00f3n, la contextualizaci\u00f3n, la verificaci\u00f3n, o la denuncia con pruebas?<\/p>\n<p style=\"text-align: justify;\">Estas y algunas otras cuestiones son tratadas en el presente n\u00famero de <em>Conexiones<\/em>,&nbsp; que bajo diferentes enfoques aborda el tema gen\u00e9rico del <em>Periodismo en transici\u00f3n<\/em>.<\/p>\n<p style=\"text-align: justify;\">Pilar Diezhandino estudia la transformaci\u00f3n del periodismo a partir de su cambiante relaci\u00f3n con la democracia y la opini\u00f3n p\u00fablica. Explica c\u00f3mo el aparente&nbsp; fin&nbsp; de la sostenibilidad de determinadas creencias no impide que persista &nbsp;uno de los roles period\u00edsticos mejor definidos: el de ser aglutinante, selector, contextualizador, orientador&nbsp; y gu\u00eda de los acontecimientos sociales. &nbsp;Ignacio Muro, por otra parte, resit\u00faa el debate de las agencias de noticias en el escenario digital, donde \u00e9stas pasan a ocupar espacios visibles de notoriedad y credibilidad que las reposiciona en los lugares centrales del sistema informativo. Esa nueva situaci\u00f3n las habilita para una estrategia multicanal que compagina su rol de mayoristas de la informaci\u00f3n con el de medios finalistas dirigidos al p\u00fablico. &nbsp;<\/p>\n<p style=\"text-align: justify;\">Sanmart\u00ed, Aguado y Magall\u00f3n centran su atenci\u00f3n en las relaciones entre la prensa y el sector p\u00fablico, al analizar el entorno econ\u00f3mico, pol\u00edtico, legislativo, educativo y cultural que las sustentan y prever las perspectivas de futuro en las pol\u00edticas de comunicaci\u00f3n relacionadas con el periodismo.<\/p>\n<p style=\"text-align: justify;\">Javier Gal\u00e1n, por otra parte, analiza las consecuencias de la crisis econ\u00f3mica mundial sobre la industria de los medios. Las previsiones poco optimistas auguran que, en veinte a\u00f1os, dif\u00edcilmente seguir\u00e1n existiendo los medios de comunicaci\u00f3n tal y como la conocemos en la actualidad. Sin embargo, el autor considera que la demanda de una informaci\u00f3n veraz y la existencia de un espacio p\u00fablico plural en el que se pueda ejercer la libertad de expresi\u00f3n es fundamental para la democracia y propone algunas ideas que puedan ayudar a sustentar la industria de los medios en un futuro pr\u00f3ximo.<\/p>\n<p style=\"text-align: justify;\">Casas\u00fas aborda la figura del defensor del lector en tanto &nbsp;v\u00eda factible para encauzar los problemas derivados del periodismo digital: debe existir un compromiso de todos los periodistas que, con apoyo de estudiosos de la comunicaci\u00f3n, fomente adecuadamente los principios y las obligaciones \u00e9ticas inherentes al acceso y recepci\u00f3n de informaci\u00f3n en Internet. El art\u00edculo de D\u00edaz Nosty recoge algunos de los aspectos de la crisis informativa que vive el periodismo en Espa\u00f1a. Se trata de una denuncia cr\u00edtica y, al tiempo, una propuesta para el rescate de la actividad informativa de los medios en t\u00e9rminos de cultura democr\u00e1tica.<\/p>\n<p style=\"text-align: justify;\">Finalmente Beaumont y Eiroa analizan respectivamente los factores que afectan la credibilidad de los medios en un contexto de crisis econ\u00f3mica; y la utilizaci\u00f3n de Internet en el trabajo del historiador, en la doble funci\u00f3n de fuente y objeto de estudio, reflexionando sobre la metodolog\u00eda factible de aplicar y los desaf\u00edos que plantean los medios digitales a la investigaci\u00f3n.<\/p>\n<table style=\"background-color: #3a7fbb; width: 991px; height: 26px; border: 1px solid #ffffff;\" align=\"center\" border=\"0\">\n<tbody>\n<tr>\n<td style=\"border: #ffffff 1px solid;\"><span style=\"color: white;\"><strong><a name=\"SUM\"><\/a>SUMARIO<br \/><\/strong><\/span><\/td>\n<\/tr>\n<\/tbody>\n<\/table>\n<p>&nbsp;<\/p>\n<table style=\"border: 1px solid #ffffff;\" frame=\"border\" border=\"1\">\n<tbody>\n<tr>\n<td style=\"background-color: #dcdcdc; border: #ffffff 1px solid;\"><a href=\"#KA\">Realmente, \u00bfse puede seguir hablando de Periodismo? Viejos mitos y nuevas realidades en la encrucijada digital<\/a><\/td>\n<td style=\"background-color: #dcdcdc; border: #ffffff 1px solid;\">Mar\u00eda Pilar Diezhandino<\/td>\n<\/tr>\n<tr>\n<td style=\"background-color: #b0c4de;\"><a href=\"#HU\">Historia digital, historia de los medios digitales: antiguos dilemas para nuevos paradigmas<\/a><\/td>\n<td style=\"background-color: #b0c4de;\">Matilde Eiroa<\/td>\n<\/tr>\n<tr>\n<td style=\"background-color: #dcdcdc;\"><a href=\"#FE\">El papel de las agencias de noticias: una nueva mirada<\/a><\/td>\n<td style=\"background-color: #dcdcdc;\">Ignacio Muro<\/td>\n<\/tr>\n<tr>\n<td style=\"background-color: #b0c4de;\"><a href=\"#PE\">Perspectivas de futuro en las relaciones Prensa-Estado<\/a><\/td>\n<td style=\"background-color: #b0c4de;\">Jos\u00e9 M. Sanmart\u00ed, Guadalupe Aguado y Ra\u00fal Magall\u00f3n<\/td>\n<\/tr>\n<tr>\n<td style=\"background-color: #dcdcdc;\"><a href=\"#CA\">Credibilidad y confianza&nbsp; como oferta desde los medios de comunicaci\u00f3n<\/a><\/td>\n<td style=\"background-color: #dcdcdc;\">Javier Gal\u00e1n<\/td>\n<\/tr>\n<tr>\n<td style=\"background-color: #b0c4de;\"><a href=\"#PH\">La defensa de los lectores en la era digital<\/a><\/td>\n<td style=\"background-color: #b0c4de;\">Josep Maria Casas\u00fas<\/td>\n<\/tr>\n<tr>\n<td style=\"background-color: #dcdcdc;\"><a href=\"#AV\">Hacia un cambio de paradigma: el desider\u00e1tum de la transparencia<\/a><\/td>\n<td style=\"background-color: #dcdcdc;\">Bernardo D\u00edaz Nosty<\/td>\n<\/tr>\n<tr>\n<td style=\"background-color: #b0c4de;\"><a href=\"#AV\">Crisis de las empresas period\u00edsticas y credibilidad de los medios<\/a><\/td>\n<td style=\"background-color: #b0c4de;\">Jos\u00e9 Fern\u00e1ndez Beaumont<\/td>\n<\/tr>\n<\/tbody>\n<\/table>\n<p>&nbsp;<\/p>\n<table style=\"background-color: #3a7fbb; width: 991px; height: 26px; border: 1px solid #ffffff;\" align=\"center\" border=\"0\">\n<tbody>\n<tr>\n<td style=\"border: #ffffff 1px solid;\"><span style=\"color: white;\"><strong><a name=\"RES\"><\/a>RES\u00daMENES<br \/><\/strong><\/span><\/td>\n<\/tr>\n<\/tbody>\n<\/table>\n<p><em><a name=\"KA\"><\/a><\/em><em>Realmente, \u00bfse puede seguir hablando de Periodismo?&nbsp;Viejos mitos y nuevas realidades en la encrucijada digital.&nbsp;<\/em>Mar\u00eda Pilar Diezhandino Nieto<\/p>\n<p style=\"text-align: justify;\">Este art\u00edculo analiza la transformaci\u00f3n que est\u00e1 viviendo el Periodismo. En concreto, se acerca a la evoluci\u00f3n que ha sufrido su estrecha relaci\u00f3n con la democracia y la fe en considerarlo alimento para el fortalecimiento de la opini\u00f3n p\u00fablica. Argumenta, adem\u00e1s, c\u00f3mo el aparente&nbsp; fin&nbsp; de la sostenibilidad de determinadas creencias no impide que se est\u00e9 perfilando quiz\u00e1 uno de los papeles period\u00edsticos mejor definidos de todos los tiempos: el de aglutinante, selector, contextualizador, orientador&nbsp; y gu\u00eda. Toma como ejemplo el a\u00f1o 2011 porque ha ofrecido pruebas evidentes de c\u00f3mo el periodismo es el verdadero foco de la avidez informativa.<\/p>\n<p style=\"text-align: justify;\">Palabras clave: Periodismo, internet, periodismo ciudadano, democracia, blogosfera, y redes sociales.<\/p>\n<hr>\n<p><em><a name=\"HU\"><\/a>Historia digital, historia de los medios digitales: antiguos dilemas para nuevos paradigmas<\/em>.&nbsp;Matilde Eiroa<\/p>\n<p style=\"text-align: justify;\">La utilizaci\u00f3n de Internet en el trabajo cotidiano del historiador es un hecho consumado incluso entre los m\u00e1s reacios al uso de las tecnolog\u00edas. Hay, sin embargo, muchos aspectos no resueltos en el paradigma de la construcci\u00f3n historiogr\u00e1fica basada en los medios digitales. En este contexto el presente art\u00edculo se propone dos objetivos: en primer lugar, analizar el modo en que estos medios siguen ejerciendo la doble funci\u00f3n de fuente para la Historia y como objeto de estudio en s\u00ed mismos. En segundo lugar, reflexionar acerca de la metodolog\u00eda factible de aplicar y los desaf\u00edos que plantean los medios digitales a la investigaci\u00f3n.<\/p>\n<p style=\"text-align: justify;\">Palabras clave:&nbsp;historia digital, historia de los medios digitales, fuentes digitales, metodolog\u00eda historiogr\u00e1fica, historia y comunicaci\u00f3n<\/p>\n<hr>\n<p><em><a name=\"FE\"><\/a><\/em><span style=\"line-height: 20px;\"><em>El papel de las agencias de noticias: una nueva mirada<\/em>.&nbsp;<\/span>Ignacio Muro<\/p>\n<p style=\"text-align: justify;\">Las agencias son consideradas normalmente como mayoristas de informaci\u00f3n, no propiamente \u201cmedios\u201d, y tambi\u00e9n como \u201cfuentes\u201d, acepci\u00f3n que las ubica tambi\u00e9n fuera del sistema de medios, olvidando que son piezas esenciales en la credibilidad de los flujos informativos. En el escenario digital se resit\u00faa el papel de todos los agentes que participan en la cadena de valor informativo y singularmente, las agencias pasan a ocupar espacios visibles de notoriedad y credibilidad que las reposiciona en los lugares centrales del sistema. Esa nueva posici\u00f3n les habilita para una estrategia multicanal que compagina su rol de mayoristas con el de medios finalistas dirigidos al p\u00fablico.<\/p>\n<p>Palabras clave:&nbsp;Fuente, Agencia de noticias, desintermediaci\u00f3n, gatekeepers, credibilidad, notoriedad.<\/p>\n<hr>\n<p><em><a name=\"PE\"><\/a>Perspectivas de futuro en las relaciones Prensa-Estado<\/em>.&nbsp;Jos\u00e9 M. Sanmart\u00ed,&nbsp;Guadalupe Aguado y&nbsp;Ra\u00fal Magall\u00f3n<\/p>\n<p style=\"text-align: justify;\">Las relaciones entre la prensa y el Estado est\u00e1n siguiendo tres modelos de actuaci\u00f3n que responden a condicionantes hist\u00f3ricos y econ\u00f3mico-informativos. El prop\u00f3sito de este art\u00edculo es analizar el entorno econ\u00f3mico, pol\u00edtico, legislativo, educativo y cultural con el fin de contextualizar las perspectivas de futuro en las pol\u00edticas de comunicaci\u00f3n estatales relacionadas con la prensa. Se realiza asimismo una aproximaci\u00f3n hist\u00f3rica, con el fin de explicar cu\u00e1les han sido las situaciones, decisiones y medidas que a lo largo de los a\u00f1os han dado lugar a la realidad presente.<\/p>\n<p style=\"text-align: justify;\">Palabras clave:&nbsp;prensa, Estado, convergencia, publicidad institucional, ayudas.<\/p>\n<hr>\n<p style=\"text-align: justify;\"><em><a name=\"CA\"><\/a>Credibilidad y confianza &nbsp;como oferta desde los medios de comunicaci\u00f3n<\/em>.&nbsp;Javier Gal\u00e1n<\/p>\n<p style=\"text-align: justify;\">La crisis econ\u00f3mica mundial tiene sus efectos sobre la industria de los medios. Existen dos tipos de previsiones. Las primeras, no demasiado optimistas, auguran que, en veinte a\u00f1os, dif\u00edcilmente seguir\u00e1n existiendo los medios de comunicaci\u00f3n tal y como la conocemos en la actualidad. Las previsiones optimistas se\u00f1alan que la demanda de una informaci\u00f3n veraz y de un espacio p\u00fablico en el que se pueda ejercer la libertad de expresi\u00f3n siempre va a existir. El modelo de industria tambi\u00e9n est\u00e1 en cuesti\u00f3n. Este art\u00edculo analiza esta crisis y propone algunas ideas que puedan ayudar a sustentar la industria de los medios para el futuro pr\u00f3ximo.<\/p>\n<p>Palabras clave: Credibilidad, calidad, medios de comunicaci\u00f3n, periodismo.<\/p>\n<hr>\n<p><em><a name=\"PH\"><\/a>La defensa de los lectores en la era digital<\/em>.&nbsp;Josep Maria Casas\u00fas<\/p>\n<p style=\"text-align: justify;\">Ante la proliferaci\u00f3n de informaciones basadas en rumores o falsedades en el mundo digital, los medios y periodistas deben manejar este medio y sus herramientas con nuevos planteamientos \u00e9ticos que garanticen una pr\u00e1ctica veraz que fundamente informaci\u00f3n justa, libre y solidaria, y que infunda confianza a sus audiencias. La figura del defensor del lector, con claras diferencias en EE.UU. y Europa, se ofrece como v\u00eda factible para encauzar los problemas a\u00f1adidos al periodismo digital. Esta defensa de los lectores no podr\u00eda sostenerse sin un compromiso de todos los periodistas que, con apoyo de estudiosos de la comunicaci\u00f3n, fomenten adecuadamente los principios y obligaciones \u00e9ticas inherentes al acceso y recepci\u00f3n de informaci\u00f3n en Internet.<\/p>\n<p style=\"text-align: justify;\">Palabras clave: defensor del lector, periodismo digital, deontolog\u00eda period\u00edstica, \u00e9tica informativa, Internet.<\/p>\n<hr>\n<p style=\"text-align: justify;\"><em><a name=\"AV\"><\/a>Hacia un cambio de paradigma: el desider\u00e1tum de la transparencia.<\/em>&nbsp;Bernardo D\u00edaz Nosty<\/p>\n<p style=\"text-align: justify;\">Este art\u00edculo recoge algunos de los aspectos de la crisis informativa que vive el Periodismo en Espa\u00f1a. Se trata de una denuncia cr\u00edtica y, al tiempo, una propuesta para el rescate de la actividad informativa de los medios en t\u00e9rminos de cultura democr\u00e1tica. La crisis del periodismo aparece aqu\u00ed como una expresi\u00f3n de la crisis sist\u00e9mica, de modo que las soluciones que contemplan un nuevo escenario se basen en un cambio de paradigma, orientado por la direcci\u00f3n emancipadora de la transparencia y el uso de las nuevas extensiones tecnol\u00f3gicas.<\/p>\n<p style=\"text-align: justify;\">Palabras claves:&nbsp;periodismo, Espa\u00f1a, crisis, medios de comunicaci\u00f3n.<\/p>\n<hr>\n<p style=\"text-align: justify;\"><em><a name=\"AV\"><\/a>Crisis de las empresas period\u00edsticas y credibilidad de los medios<\/em>.&nbsp;Jos\u00e9 Fern\u00e1ndez Beaumont<\/p>\n<p style=\"text-align: justify;\">La credibilidad de los medios tiene un componente econ\u00f3mico en la medida en que influye en las empresas period\u00edsticas. En los tiempos actuales, marcados por la crisis econ\u00f3mica de los medios de comunicaci\u00f3n, la&nbsp; dr\u00e1stica disminuci\u00f3n&nbsp; de la credibilidad del periodismo puede considerarse como uno de los principales factores &nbsp;que afectan al negocio de los medios. Para salir de esta crisis, las empresas ponen en pr\u00e1ctica diversas estrategias de gesti\u00f3n, no todas relacionadas espec\u00edficamente con la credibilidad.<\/p>\n<p style=\"text-align: justify;\">Palabras claves: Credibilidad de los medios, crisis econ\u00f3mica, negocio period\u00edstico, empresas de comunicaci\u00f3n, nuevos medios.<\/p>\n","protected":false},"excerpt":{"rendered":"<p>Periodismo en transici\u00f3n Conexiones. Revista Iberoamericana de Comunicaci\u00f3n. Vol.3 N\u00ba 2. 128 p\u00e1ginas. A\u00f1o 2011. ISSN: 1697-3720. ISBN (edici\u00f3n impresa): 978-84-92860-68-5 &nbsp;&nbsp;&nbsp; \u00bb Presentaci\u00f3n&nbsp;&nbsp;&nbsp; \u00bb Sumario&nbsp;&nbsp;&nbsp; \u00bb Res\u00famenes PRESENTACI\u00d3N &nbsp; \u00bfSeguir\u00e1 teniendo raz\u00f3n de ser el periodismo tradicional, se estar\u00e1 produciendo un gran cambio o se trata simplemente de una mera renovaci\u00f3n, una puesta al [&hellip;]<\/p>\n","protected":false},"author":20,"featured_media":0,"parent":0,"menu_order":0,"comment_status":"closed","ping_status":"closed","template":"","meta":{"footnotes":""},"class_list":["post-459","page","type-page","status-publish","hentry"],"_links":{"self":[{"href":"https:\/\/webs.uab.cat\/oic\/wp-json\/wp\/v2\/pages\/459","targetHints":{"allow":["GET"]}}],"collection":[{"href":"https:\/\/webs.uab.cat\/oic\/wp-json\/wp\/v2\/pages"}],"about":[{"href":"https:\/\/webs.uab.cat\/oic\/wp-json\/wp\/v2\/types\/page"}],"author":[{"embeddable":true,"href":"https:\/\/webs.uab.cat\/oic\/wp-json\/wp\/v2\/users\/20"}],"replies":[{"embeddable":true,"href":"https:\/\/webs.uab.cat\/oic\/wp-json\/wp\/v2\/comments?post=459"}],"version-history":[{"count":0,"href":"https:\/\/webs.uab.cat\/oic\/wp-json\/wp\/v2\/pages\/459\/revisions"}],"wp:attachment":[{"href":"https:\/\/webs.uab.cat\/oic\/wp-json\/wp\/v2\/media?parent=459"}],"curies":[{"name":"wp","href":"https:\/\/api.w.org\/{rel}","templated":true}]}}