{"id":483,"date":"2015-05-13T12:36:01","date_gmt":"2015-05-13T10:36:01","guid":{"rendered":"https:\/\/webs.uab.cat\/oic\/sobre-la-colleccio\/"},"modified":"2015-05-13T12:36:01","modified_gmt":"2015-05-13T10:36:01","slug":"sobre-la-colleccio","status":"publish","type":"page","link":"https:\/\/webs.uab.cat\/oic\/sobre-la-colleccio\/","title":{"rendered":"Sobre la Col\u2022lecci\u00f3"},"content":{"rendered":"<p>&nbsp;<\/p>\n<p style=\"text-align: justify;\">La<strong> Col\u2022lecci\u00f3 Espai Iberoameric\u00e0<\/strong> \u00e9s una aportaci\u00f3 acad\u00e8mica al camp de la investigaci\u00f3 cr\u00edtica des de les diferents disciplines que aborden el sistema dels mitjans de comunicaci\u00f3 i les seves manifestacions culturals. El seu objectiu \u00e9s difondre noves perspectives te\u00f2riques, emp\u00edriques i hist\u00f2riques de la comunicaci\u00f3, en el context dels canvis impulsats per la mundialitzaci\u00f3 i la revoluci\u00f3 digital. un aporte acad\u00e9mico al campo de la investigaci\u00f3n cr\u00edtica desde las diferentes disciplinas que abordan el sistema de los medios de comunicaci\u00f3n y sus manifestaciones culturales. Su objetivo es difundir nuevas perspectivas te\u00f3ricas, emp\u00edricas e hist\u00f3ricas de la comunicaci\u00f3n, en el contexto de los cambios impulsados por la mundializaci\u00f3n y la revoluci\u00f3n digital.<\/p>\n<p style=\"text-align: center;\"><span class=\"inline inline-center\"><span class=\"inline inline-center\"><span class=\"inline inline-center\"><img loading=\"lazy\" decoding=\"async\" class=\"image image-preview \" src=\"http:\/\/centresderecerca.uab.cat\/oic\/sites\/centresderecerca.uab.cat.oic\/files\/images\/Foto%20presentaci%C3%B3n%20v2.preview.jpg\" alt=\"\" width=\"353\" height=\"200\"><\/span><\/span><\/span><\/p>\n","protected":false},"excerpt":{"rendered":"<p>&nbsp; La Col\u2022lecci\u00f3 Espai Iberoameric\u00e0 \u00e9s una aportaci\u00f3 acad\u00e8mica al camp de la investigaci\u00f3 cr\u00edtica des de les diferents disciplines que aborden el sistema dels mitjans de comunicaci\u00f3 i les seves manifestacions culturals. El seu objectiu \u00e9s difondre noves perspectives te\u00f2riques, emp\u00edriques i hist\u00f2riques de la comunicaci\u00f3, en el context dels canvis impulsats per la [&hellip;]<\/p>\n","protected":false},"author":20,"featured_media":0,"parent":0,"menu_order":0,"comment_status":"closed","ping_status":"closed","template":"","meta":{"footnotes":""},"class_list":["post-483","page","type-page","status-publish","hentry"],"_links":{"self":[{"href":"https:\/\/webs.uab.cat\/oic\/wp-json\/wp\/v2\/pages\/483","targetHints":{"allow":["GET"]}}],"collection":[{"href":"https:\/\/webs.uab.cat\/oic\/wp-json\/wp\/v2\/pages"}],"about":[{"href":"https:\/\/webs.uab.cat\/oic\/wp-json\/wp\/v2\/types\/page"}],"author":[{"embeddable":true,"href":"https:\/\/webs.uab.cat\/oic\/wp-json\/wp\/v2\/users\/20"}],"replies":[{"embeddable":true,"href":"https:\/\/webs.uab.cat\/oic\/wp-json\/wp\/v2\/comments?post=483"}],"version-history":[{"count":0,"href":"https:\/\/webs.uab.cat\/oic\/wp-json\/wp\/v2\/pages\/483\/revisions"}],"wp:attachment":[{"href":"https:\/\/webs.uab.cat\/oic\/wp-json\/wp\/v2\/media?parent=483"}],"curies":[{"name":"wp","href":"https:\/\/api.w.org\/{rel}","templated":true}]}}