{"id":500,"date":"2015-06-16T13:49:16","date_gmt":"2015-06-16T11:49:16","guid":{"rendered":"https:\/\/webs.uab.cat\/oic\/pla-daccio\/"},"modified":"2015-06-16T13:49:16","modified_gmt":"2015-06-16T11:49:16","slug":"pla-daccio","status":"publish","type":"page","link":"https:\/\/webs.uab.cat\/oic\/pla-daccio\/","title":{"rendered":"Pla d&#8217;acci\u00f3"},"content":{"rendered":"<p style=\"text-align: justify;\">El Pla d&#8217;Acci\u00f3 del Grup de Recerca SGR 0407 LOCALCOM per al per\u00edode 2014-2016 \u00e9s el seg\u00fcent:<\/p>\n<p style=\"text-align: justify;\">&nbsp;<\/p>\n<p style=\"text-align: justify;\"><strong>Incrementar la investigaci\u00f3 competitiva i la pres\u00e8ncia nacional<\/strong>: S&#8217;ha presentat i obtingut un projecte competitiu en el marc del Pla Estatal d&#8217;Investigaci\u00f3 Cient\u00edfica 2016. El projecte titulat <em>LA TRANSFORMACI\u00d3N DE LAS INDUSTRIAS CULTURALES Y CREATIVAS EN ESPA\u00d1A: CAMBIO DIGITAL, COMPETITIVIDAD, EMPLEO Y CONTRIBUCION AL BIENESTAR SOCIAL EN EL HORIZONTE 2020<\/em>&nbsp;forma part del Pla Nacional d&#8217;I + D + I, finan\u00e7at pel Ministeri d&#8217;Economia i Competitivitat per al per\u00edode 2014-2017.&nbsp;<\/p>\n<p style=\"text-align: justify;\"><strong>Internacionalitzar l&#8217;activitat dels membres del Grup<\/strong>: LOCALCOM potencia la pres\u00e8ncia dels investigadors en congressos, confer\u00e8ncies i activitats de postgrau internacionals.&nbsp;<span>A m\u00e9s, el Grup treballa a l&#8217;obtenci\u00f3 d&#8217;un projecte competitiu internacional dins de l&#8217;estrat\u00e8gia&nbsp;<em>Horitz\u00f3 2020<\/em> de la Comissi\u00f3 Europea; i tamb\u00e9 en l&#8217;\u00e0mbit iberoameric\u00e0, on t\u00e9 una traject\u00f2ria i una pres\u00e8ncia acreditada des de fa dues d\u00e8cades. Finalment, un altre element clau de l&#8217;estrat\u00e8gia del Grup s\u00f3n les publicacions en les principals revistes inernacionals a l&#8217;\u00e0mbit de la comunicaci\u00f3 (<em>Journal of Communication, European Journal of Communication, Media, Theory &amp; Communication<\/em>).<\/span><\/p>\n<p style=\"text-align: justify;\"><strong>Potenciar la transfer\u00e8ncia de coneixements del Grup i de l&#8217;OIC als seus diferents <a href=\"http:\/\/centresderecerca.uab.cat\/oic\/ca\/content\/xarxes-1\" target=\"_blank\" rel=\"noopener\">xarxes d&#8217;investigaci\u00f3 i doc\u00e8ncia<\/a>:<\/strong>&nbsp;el pla de acci\u00f3 del grup inclou la organitzaci\u00f3 de dos&nbsp;<em>workshops<\/em> amb els membres de la <a href=\"http:\/\/centresderecerca.uab.cat\/oic\/ca\/content\/presentacionriec\" target=\"_blank\" rel=\"noopener\">Xarxa RIEC<\/a>&nbsp;i altres acad\u00e8mics, com un dels mitjans de promoci\u00f3 de la transfer\u00e8ncia aplicada de la metodologia d&#8217;investigaci\u00f3 en l&#8217;\u00e0mbit iberoameric\u00e0.<\/p>\n","protected":false},"excerpt":{"rendered":"<p>El Pla d&#8217;Acci\u00f3 del Grup de Recerca SGR 0407 LOCALCOM per al per\u00edode 2014-2016 \u00e9s el seg\u00fcent: &nbsp; Incrementar la investigaci\u00f3 competitiva i la pres\u00e8ncia nacional: S&#8217;ha presentat i obtingut un projecte competitiu en el marc del Pla Estatal d&#8217;Investigaci\u00f3 Cient\u00edfica 2016. El projecte titulat LA TRANSFORMACI\u00d3N DE LAS INDUSTRIAS CULTURALES Y CREATIVAS EN ESPA\u00d1A: [&hellip;]<\/p>\n","protected":false},"author":20,"featured_media":0,"parent":0,"menu_order":0,"comment_status":"closed","ping_status":"closed","template":"","meta":{"footnotes":""},"class_list":["post-500","page","type-page","status-publish","hentry"],"_links":{"self":[{"href":"https:\/\/webs.uab.cat\/oic\/wp-json\/wp\/v2\/pages\/500","targetHints":{"allow":["GET"]}}],"collection":[{"href":"https:\/\/webs.uab.cat\/oic\/wp-json\/wp\/v2\/pages"}],"about":[{"href":"https:\/\/webs.uab.cat\/oic\/wp-json\/wp\/v2\/types\/page"}],"author":[{"embeddable":true,"href":"https:\/\/webs.uab.cat\/oic\/wp-json\/wp\/v2\/users\/20"}],"replies":[{"embeddable":true,"href":"https:\/\/webs.uab.cat\/oic\/wp-json\/wp\/v2\/comments?post=500"}],"version-history":[{"count":0,"href":"https:\/\/webs.uab.cat\/oic\/wp-json\/wp\/v2\/pages\/500\/revisions"}],"wp:attachment":[{"href":"https:\/\/webs.uab.cat\/oic\/wp-json\/wp\/v2\/media?parent=500"}],"curies":[{"name":"wp","href":"https:\/\/api.w.org\/{rel}","templated":true}]}}