{"id":528,"date":"2017-01-17T18:38:17","date_gmt":"2017-01-17T16:38:17","guid":{"rendered":"https:\/\/webs.uab.cat\/oic\/industries-creatives-i-culturals\/"},"modified":"2017-01-17T18:38:17","modified_gmt":"2017-01-17T16:38:17","slug":"industries-creatives-i-culturals","status":"publish","type":"page","link":"https:\/\/webs.uab.cat\/oic\/industries-creatives-i-culturals\/","title":{"rendered":"Ind\u00fastries creatives i culturals"},"content":{"rendered":"<p>El projecte <em>La transformaci\u00f3 de les ind\u00fastries culturals i creatives a Espanya: canvi digital, competitivitat, ocupaci\u00f3 i contribuci\u00f3 al benestar social en l&#8217;Horitz\u00f3 2020<\/em> forma part del Pla Nacional d&#8217;I + D + I, finan\u00e7at pel Ministerio de Econom\u00eda y Competitividad.<\/p>\n<p>Les ind\u00fastries culturals i creatives (ICC) s\u00f3n un dels sectors considerats claus per la Uni\u00f3 Europea en el marc de l&#8217;estrat\u00e8gia Horitz\u00f3 2020 (COM-2011 808 final). No obstant aix\u00f2, les estad\u00edstiques oficials (Eurostat, INE, Ministeri d&#8217;Educaci\u00f3, Cultura i Esports) demostren que Espanya no es troba harmonitzada respecte a la mitjana europea en aquest \u00e0mbit i que no s&#8217;utilitzen criteris homogenis per avaluar el seu desenvolupament i les seves potencialitats.<\/p>\n<p>Davant d&#8217;aquest escenari, el present projecte t\u00e9 com a objectius principals: establir un model innovador per a l&#8217;an\u00e0lisi de les ind\u00fastries culturals i creatives a les comunitats aut\u00f2nomes espanyoles amb \u00e8mfasi en el desenvolupament de les tecnologies digitals emergents; elaborar una cartografia dels recursos i infraestructures existents que identifiqui els nuclis d&#8217;excel\u00b7l\u00e8ncia per a la competitivitat internacional; i crear un bar\u00f2metre de les ICC a Espanya els resultats proporcionin informaci\u00f3 clau per a la presa de decisions estrat\u00e8giques en aquest sector.<\/p>\n<p>El projecte desenvolupar\u00e0 un nou enfocament de mesurament de les ICC a Espanya, alineat amb els criteris europeus i internacionals; aportar\u00e0 indicadors estad\u00edstics renovats i una plataforma de difusi\u00f3 accessible que permetin al sector prendre decisions estrat\u00e8giques; i identificar sota quines condicions aquestes ind\u00fastries poden generar din\u00e0miques de desenvolupament, ocupaci\u00f3 i benestar social.<\/p>\n","protected":false},"excerpt":{"rendered":"<p>El projecte La transformaci\u00f3 de les ind\u00fastries culturals i creatives a Espanya: canvi digital, competitivitat, ocupaci\u00f3 i contribuci\u00f3 al benestar social en l&#8217;Horitz\u00f3 2020 forma part del Pla Nacional d&#8217;I + D + I, finan\u00e7at pel Ministerio de Econom\u00eda y Competitividad. Les ind\u00fastries culturals i creatives (ICC) s\u00f3n un dels sectors considerats claus per la [&hellip;]<\/p>\n","protected":false},"author":20,"featured_media":0,"parent":0,"menu_order":0,"comment_status":"closed","ping_status":"closed","template":"","meta":{"footnotes":""},"class_list":["post-528","page","type-page","status-publish","hentry"],"_links":{"self":[{"href":"https:\/\/webs.uab.cat\/oic\/wp-json\/wp\/v2\/pages\/528","targetHints":{"allow":["GET"]}}],"collection":[{"href":"https:\/\/webs.uab.cat\/oic\/wp-json\/wp\/v2\/pages"}],"about":[{"href":"https:\/\/webs.uab.cat\/oic\/wp-json\/wp\/v2\/types\/page"}],"author":[{"embeddable":true,"href":"https:\/\/webs.uab.cat\/oic\/wp-json\/wp\/v2\/users\/20"}],"replies":[{"embeddable":true,"href":"https:\/\/webs.uab.cat\/oic\/wp-json\/wp\/v2\/comments?post=528"}],"version-history":[{"count":0,"href":"https:\/\/webs.uab.cat\/oic\/wp-json\/wp\/v2\/pages\/528\/revisions"}],"wp:attachment":[{"href":"https:\/\/webs.uab.cat\/oic\/wp-json\/wp\/v2\/media?parent=528"}],"curies":[{"name":"wp","href":"https:\/\/api.w.org\/{rel}","templated":true}]}}

Indústries creatives i culturals

<p>El projecte <em>La transformació de les indústries culturals i creatives a Espanya: canvi digital, competitivitat, ocupació i contribució al benestar social en l&#8217;Horitzó 2020</em> forma part del Pla Nacional d&#8217;I + D + I, finançat pel Ministerio de Economía y Competitividad.</p>
<p>Les indústries culturals i creatives (ICC) són un dels sectors considerats claus per la Unió Europea en el marc de l&#8217;estratègia Horitzó 2020 (COM-2011 808 final). No obstant això, les estadístiques oficials (Eurostat, INE, Ministeri d&#8217;Educació, Cultura i Esports) demostren que Espanya no es troba harmonitzada respecte a la mitjana europea en aquest àmbit i que no s&#8217;utilitzen criteris homogenis per avaluar el seu desenvolupament i les seves potencialitats.</p>
<p>Davant d&#8217;aquest escenari, el present projecte té com a objectius principals: establir un model innovador per a l&#8217;anàlisi de les indústries culturals i creatives a les comunitats autònomes espanyoles amb èmfasi en el desenvolupament de les tecnologies digitals emergents; elaborar una cartografia dels recursos i infraestructures existents que identifiqui els nuclis d&#8217;excel·lència per a la competitivitat internacional; i crear un baròmetre de les ICC a Espanya els resultats proporcionin informació clau per a la presa de decisions estratègiques en aquest sector.</p>
<p>El projecte desenvoluparà un nou enfocament de mesurament de les ICC a Espanya, alineat amb els criteris europeus i internacionals; aportarà indicadors estadístics renovats i una plataforma de difusió accessible que permetin al sector prendre decisions estratègiques; i identificar sota quines condicions aquestes indústries poden generar dinàmiques de desenvolupament, ocupació i benestar social.</p>

<p>El projecte La transformació de les indústries culturals i creatives a Espanya: canvi digital, competitivitat, ocupació i contribució al benestar social en l&#8217;Horitzó 2020 forma part del Pla Nacional d&#8217;I + D + I, finançat pel Ministerio de Economía y Competitividad. Les indústries culturals i creatives (ICC) són un dels sectors considerats claus per la [&hellip;]</p>
