{"id":2231,"date":"2024-07-26T11:00:40","date_gmt":"2024-07-26T09:00:40","guid":{"rendered":"https:\/\/webs.uab.cat\/openlabs\/?page_id=2231"},"modified":"2026-04-13T11:33:51","modified_gmt":"2026-04-13T09:33:51","slug":"labs","status":"publish","type":"page","link":"https:\/\/webs.uab.cat\/openlabs\/labs\/","title":{"rendered":"Laboratoris"},"content":{"rendered":"\n<div class=\"wp-block-columns alignwide is-layout-flex wp-container-core-columns-is-layout-9d6595d7 wp-block-columns-is-layout-flex\">\n<div class=\"wp-block-column is-layout-flow wp-block-column-is-layout-flow\" style=\"flex-basis:33.33%\">\n<figure class=\"wp-block-embed is-type-wp-embed is-provider-laboratoris-d-039-innovaci-oberta wp-block-embed-laboratoris-d-039-innovaci-oberta\"><div class=\"wp-block-embed__wrapper\">\n<blockquote class=\"wp-embedded-content\" data-secret=\"ScEBXtzUnL\"><a href=\"https:\/\/webs.uab.cat\/openlabs\/labs\/laboratori-digital\/\">Digital Lab<\/a><\/blockquote><iframe loading=\"lazy\" class=\"wp-embedded-content\" sandbox=\"allow-scripts\" security=\"restricted\" style=\"position: absolute; visibility: hidden;\" title=\"&#8220;Digital Lab&#8221; &#8212; Laboratoris d&#039;innovaci\u00f3 Oberta\" src=\"https:\/\/webs.uab.cat\/openlabs\/labs\/laboratori-digital\/embed\/#?secret=D6FPovIBBs#?secret=ScEBXtzUnL\" data-secret=\"ScEBXtzUnL\" width=\"580\" height=\"327\" frameborder=\"0\" marginwidth=\"0\" marginheight=\"0\" scrolling=\"no\"><\/iframe>\n<\/div><\/figure>\n\n\n\n<figure class=\"wp-block-embed is-type-wp-embed is-provider-laboratoris-d-039-innovaci-oberta wp-block-embed-laboratoris-d-039-innovaci-oberta\"><div class=\"wp-block-embed__wrapper\">\n<blockquote class=\"wp-embedded-content\" data-secret=\"IxTOo7hZPL\"><a href=\"https:\/\/webs.uab.cat\/openlabs\/labs\/disseny-lab\/\">Disseny Lab<\/a><\/blockquote><iframe loading=\"lazy\" class=\"wp-embedded-content\" sandbox=\"allow-scripts\" security=\"restricted\" style=\"position: absolute; visibility: hidden;\" title=\"&#8220;Disseny Lab&#8221; &#8212; Laboratoris d&#039;innovaci\u00f3 Oberta\" src=\"https:\/\/webs.uab.cat\/openlabs\/labs\/disseny-lab\/embed\/#?secret=03WKP0gy5P#?secret=IxTOo7hZPL\" data-secret=\"IxTOo7hZPL\" width=\"580\" height=\"327\" frameborder=\"0\" marginwidth=\"0\" marginheight=\"0\" scrolling=\"no\"><\/iframe>\n<\/div><\/figure>\n\n\n\n<figure class=\"wp-block-embed is-type-wp-embed is-provider-laboratoris-d-039-innovaci-oberta wp-block-embed-laboratoris-d-039-innovaci-oberta\"><div class=\"wp-block-embed__wrapper\">\n<blockquote class=\"wp-embedded-content\" data-secret=\"lAs4CVp9QC\"><a href=\"https:\/\/webs.uab.cat\/openlabs\/labs\/circulab\/\">CircuLab<\/a><\/blockquote><iframe loading=\"lazy\" class=\"wp-embedded-content\" sandbox=\"allow-scripts\" security=\"restricted\" style=\"position: absolute; visibility: hidden;\" title=\"&#8220;CircuLab&#8221; &#8212; Laboratoris d&#039;innovaci\u00f3 Oberta\" src=\"https:\/\/webs.uab.cat\/openlabs\/labs\/circulab\/embed\/#?secret=uFPHfwaJIm#?secret=lAs4CVp9QC\" data-secret=\"lAs4CVp9QC\" width=\"580\" height=\"327\" frameborder=\"0\" marginwidth=\"0\" marginheight=\"0\" scrolling=\"no\"><\/iframe>\n<\/div><\/figure>\n<\/div>\n\n\n\n<div class=\"wp-block-column is-layout-flow wp-block-column-is-layout-flow\" style=\"flex-basis:66.66%\">\n<figure class=\"wp-block-image size-large\"><img loading=\"lazy\" decoding=\"async\" width=\"1024\" height=\"683\" src=\"https:\/\/webs.uab.cat\/openlabs\/wp-content\/uploads\/sites\/582\/2024\/09\/Inauguracio-dislab-1024x683.jpg\" alt=\"\" class=\"wp-image-3559\" srcset=\"https:\/\/webs.uab.cat\/openlabs\/wp-content\/uploads\/sites\/582\/2024\/09\/Inauguracio-dislab-1024x683.jpg 1024w, https:\/\/webs.uab.cat\/openlabs\/wp-content\/uploads\/sites\/582\/2024\/09\/Inauguracio-dislab-300x200.jpg 300w, https:\/\/webs.uab.cat\/openlabs\/wp-content\/uploads\/sites\/582\/2024\/09\/Inauguracio-dislab-768x512.jpg 768w, https:\/\/webs.uab.cat\/openlabs\/wp-content\/uploads\/sites\/582\/2024\/09\/Inauguracio-dislab-1536x1024.jpg 1536w, https:\/\/webs.uab.cat\/openlabs\/wp-content\/uploads\/sites\/582\/2024\/09\/Inauguracio-dislab-1200x800.jpg 1200w, https:\/\/webs.uab.cat\/openlabs\/wp-content\/uploads\/sites\/582\/2024\/09\/Inauguracio-dislab-1980x1320.jpg 1980w, https:\/\/webs.uab.cat\/openlabs\/wp-content\/uploads\/sites\/582\/2024\/09\/Inauguracio-dislab.jpg 2048w\" sizes=\"auto, (max-width: 1024px) 100vw, 1024px\" \/><figcaption class=\"wp-element-caption\">Inauguraci\u00f3 dels Laboratoris d\u2019Innovaci\u00f3 Oberta , 25 de novembre de 2019<\/figcaption><\/figure>\n\n\n\n<p>Els Laboratoris d\u2019Innovaci\u00f3 Oberta (UAB Open Labs) es van inaugurar el novembre de 2019, amb la posada en marxa del Digital Lab i del Disseny Lab. Poc despr\u00e9s s\u2019hi va unir l\u2019Audio Lab i el 2024, s\u2019hi va sumar el CircuLab. L&#8217;Audio Lab ha deixat de ser part dels Open Labs l&#8217;any 2025.<\/p>\n\n\n\n<p>S\u00f3n moltes les persones que ja formen part d\u2019aquesta xarxa i molts els projectes que s\u2019hi han desenvolupat.<\/p>\n\n\n\n<p>A cadascun dels laboratoris hi trobareu tecnologia diferent, per\u00f2 funcionen com un sol espai. Podeu comen\u00e7ar el vostre projecte o investigaci\u00f3 en un laboratori i continuar-lo en un altre en funci\u00f3 de les vostres necessitats. S\u00f3n un sol ecosistema i tenen el mateix objectiu: fomentar la innovaci\u00f3 per assolir un futur responsable.<\/p>\n\n\n\n<div id='gallery-1' class='gallery galleryid-2231 gallery-columns-3 gallery-size-thumbnail'><figure class='gallery-item'>\n\t\t\t<div class='gallery-icon landscape'>\n\t\t\t\t<a href='https:\/\/webs.uab.cat\/openlabs\/inauguracio-digilab\/'><img loading=\"lazy\" decoding=\"async\" width=\"150\" height=\"150\" src=\"https:\/\/webs.uab.cat\/openlabs\/wp-content\/uploads\/sites\/582\/2024\/09\/inauguracio-digilab-150x150.jpg\" class=\"attachment-thumbnail size-thumbnail\" alt=\"\" aria-describedby=\"gallery-1-3565\" \/><\/a>\n\t\t\t<\/div>\n\t\t\t\t<figcaption class='wp-caption-text gallery-caption' id='gallery-1-3565'>\n\t\t\t\tDigital Lab\n\t\t\t\t<\/figcaption><\/figure><figure class='gallery-item'>\n\t\t\t<div class='gallery-icon landscape'>\n\t\t\t\t<a href='https:\/\/webs.uab.cat\/openlabs\/inauguraci-dislab-2\/'><img loading=\"lazy\" decoding=\"async\" width=\"150\" height=\"150\" src=\"https:\/\/webs.uab.cat\/openlabs\/wp-content\/uploads\/sites\/582\/2024\/09\/inauguraci-dislab-2-150x150.jpg\" class=\"attachment-thumbnail size-thumbnail\" alt=\"\" aria-describedby=\"gallery-1-3562\" \/><\/a>\n\t\t\t<\/div>\n\t\t\t\t<figcaption class='wp-caption-text gallery-caption' id='gallery-1-3562'>\n\t\t\t\tDisseny Lab\n\t\t\t\t<\/figcaption><\/figure><figure class='gallery-item'>\n\t\t\t<div class='gallery-icon portrait'>\n\t\t\t\t<a href='https:\/\/webs.uab.cat\/openlabs\/2023\/06\/28\/canco-de-laron-salinas\/canco2\/'><img loading=\"lazy\" decoding=\"async\" width=\"150\" height=\"150\" src=\"https:\/\/webs.uab.cat\/openlabs\/wp-content\/uploads\/sites\/582\/2024\/09\/canco2-150x150.jpg\" class=\"attachment-thumbnail size-thumbnail\" alt=\"\" aria-describedby=\"gallery-1-3358\" \/><\/a>\n\t\t\t<\/div>\n\t\t\t\t<figcaption class='wp-caption-text gallery-caption' id='gallery-1-3358'>\n\t\t\t\tAudio Lab\n\t\t\t\t<\/figcaption><\/figure><figure class='gallery-item'>\n\t\t\t<div class='gallery-icon landscape'>\n\t\t\t\t<a href='https:\/\/webs.uab.cat\/openlabs\/img-20240628-wa0005\/'><img loading=\"lazy\" decoding=\"async\" width=\"150\" height=\"150\" src=\"https:\/\/webs.uab.cat\/openlabs\/wp-content\/uploads\/sites\/582\/2024\/09\/IMG-20240628-WA0005-e1768826098104-150x150.jpg\" class=\"attachment-thumbnail size-thumbnail\" alt=\"\" aria-describedby=\"gallery-1-3753\" srcset=\"https:\/\/webs.uab.cat\/openlabs\/wp-content\/uploads\/sites\/582\/2024\/09\/IMG-20240628-WA0005-e1768826098104-150x150.jpg 150w, https:\/\/webs.uab.cat\/openlabs\/wp-content\/uploads\/sites\/582\/2024\/09\/IMG-20240628-WA0005-e1768826098104-300x300.jpg 300w, https:\/\/webs.uab.cat\/openlabs\/wp-content\/uploads\/sites\/582\/2024\/09\/IMG-20240628-WA0005-e1768826098104-400x400.jpg 400w, https:\/\/webs.uab.cat\/openlabs\/wp-content\/uploads\/sites\/582\/2024\/09\/IMG-20240628-WA0005-e1768826098104-600x600.jpg 600w\" sizes=\"auto, (max-width: 150px) 100vw, 150px\" \/><\/a>\n\t\t\t<\/div>\n\t\t\t\t<figcaption class='wp-caption-text gallery-caption' id='gallery-1-3753'>\n\t\t\t\tCircuLab\n\t\t\t\t<\/figcaption><\/figure>\n\t\t<\/div>\n\n\n\n\n<h3 class=\"wp-block-heading\">COM FUNCIONEM<\/h3>\n\n\n\n<p>Heu de seguir els passos seg\u00fcents:<\/p>\n\n\n\n<ol start=\"1\" class=\"wp-block-list\">\n<li><strong>Doneu-vos d\u2019alta<\/strong>&nbsp;de la comunitat i accepteu-ne la <a href=\"https:\/\/www.uab.cat\/doc\/CDG-acord63-11072024\">normativa<\/a> d\u2019acc\u00e9s i \u00fas. No t\u00e9 cap cost econ\u00f2mic, per\u00f2 heu de tenir en compte que&nbsp;<strong>formar part<\/strong>&nbsp;<strong>de la comunitat<\/strong>&nbsp;vol dir respectar els altres i col\u00b7laborar-hi, compartir coneixements i tenir cura de les instal\u00b7lacions&nbsp;per tal de mantenir l\u2019ecosistema viu.<\/li>\n\n\n\n<li><strong>Demaneu hora<\/strong> per visitar el laboratori que creieu que s\u2019ajusta m\u00e9s al vostre projecte.<\/li>\n\n\n\n<li>El <strong>primer<\/strong>&nbsp;<strong>dia <\/strong>\u00e9s d\u2019acollida&nbsp;(visita 0): ens coneixem, t\u2019expliquem el funcionament dels Laboratoris, t\u2019ensenyem l\u2019espai, tu ens expliques el teu projecte i comencem a posar fil a l\u2019agulla.<\/li>\n\n\n\n<li>Despr\u00e9s de donar-vos d\u2019alta i de l\u2019acollida inicial,&nbsp;<strong>ja podeu demanar hora<\/strong>&nbsp;per venir als Laboratoris d\u2019Innovaci\u00f3 Oberta i gaudir dels beneficis de l\u2019entorn innovador que hem anat creant i que esperem que continu\u00ef creixent amb vosaltres.<\/li>\n<\/ol>\n\n\n\n<hr class=\"wp-block-separator has-alpha-channel-opacity\" \/>\n\n\n\n<p><a id=\"_msocom_1\"><\/a><\/p>\n<\/div>\n<\/div>\n","protected":false},"excerpt":{"rendered":"<p>Els Laboratoris d\u2019Innovaci\u00f3 Oberta (UAB Open Labs) es van inaugurar el novembre de 2019, amb la posada en marxa del Digital Lab i del Disseny Lab. Poc despr\u00e9s s\u2019hi va unir l\u2019Audio Lab i el 2024, s\u2019hi va sumar el CircuLab. L&#8217;Audio Lab ha deixat de ser part dels Open Labs l&#8217;any 2025. S\u00f3n moltes [&hellip;]<\/p>\n","protected":false},"author":2595,"featured_media":0,"parent":0,"menu_order":4,"comment_status":"closed","ping_status":"closed","template":"","meta":{"footnotes":""},"class_list":["post-2231","page","type-page","status-publish","hentry"],"yoast_head":"<!-- This site is optimized with the Yoast SEO plugin v26.8 - https:\/\/yoast.com\/product\/yoast-seo-wordpress\/ -->\n<title>Laboratoris - Laboratoris d&#039;innovaci\u00f3 Oberta<\/title>\n<meta name=\"description\" content=\"L&#039;ecosistema dels Open Labs fan els espais, equipament, gent i idees. La diversitat dels projectes d&#039;innovaci\u00f3 i recerca ha implicat la configuraci\u00f3 de laboratoris especialitzats, distribu\u00efts per Campus UAB.\" \/>\n<meta name=\"robots\" content=\"index, follow, max-snippet:-1, max-image-preview:large, max-video-preview:-1\" \/>\n<link rel=\"canonical\" href=\"https:\/\/webs.uab.cat\/openlabs\/labs\/\" \/>\n<meta property=\"og:locale\" content=\"ca_ES\" \/>\n<meta property=\"og:type\" content=\"article\" \/>\n<meta property=\"og:title\" content=\"Laboratoris - Laboratoris d&#039;innovaci\u00f3 Oberta\" \/>\n<meta property=\"og:description\" content=\"L&#039;ecosistema dels Open Labs fan els espais, equipament, gent i idees. La diversitat dels projectes d&#039;innovaci\u00f3 i recerca ha implicat la configuraci\u00f3 de laboratoris especialitzats, distribu\u00efts per Campus UAB.\" \/>\n<meta property=\"og:url\" content=\"https:\/\/webs.uab.cat\/openlabs\/labs\/\" \/>\n<meta property=\"og:site_name\" content=\"Laboratoris d&#039;innovaci\u00f3 Oberta\" \/>\n<meta property=\"article:modified_time\" content=\"2026-04-13T09:33:51+00:00\" \/>\n<meta property=\"og:image\" content=\"https:\/\/webs.uab.cat\/openlabs\/wp-content\/uploads\/sites\/582\/2024\/09\/inauguracio-digilab-1024x683.jpg\" \/>\n<meta name=\"twitter:card\" content=\"summary_large_image\" \/>\n<meta name=\"twitter:label1\" content=\"Temps estimat de lectura\" \/>\n\t<meta name=\"twitter:data1\" content=\"2 minuts\" \/>\n<script type=\"application\/ld+json\" class=\"yoast-schema-graph\">{\"@context\":\"https:\/\/schema.org\",\"@graph\":[{\"@type\":\"WebPage\",\"@id\":\"https:\/\/webs.uab.cat\/openlabs\/labs\/\",\"url\":\"https:\/\/webs.uab.cat\/openlabs\/labs\/\",\"name\":\"Laboratoris - Laboratoris d&#039;innovaci\u00f3 Oberta\",\"isPartOf\":{\"@id\":\"https:\/\/webs.uab.cat\/openlabs\/#website\"},\"primaryImageOfPage\":{\"@id\":\"https:\/\/webs.uab.cat\/openlabs\/labs\/#primaryimage\"},\"image\":{\"@id\":\"https:\/\/webs.uab.cat\/openlabs\/labs\/#primaryimage\"},\"thumbnailUrl\":\"https:\/\/webs.uab.cat\/openlabs\/wp-content\/uploads\/sites\/582\/2024\/09\/Inauguracio-dislab-1024x683.jpg\",\"datePublished\":\"2024-07-26T09:00:40+00:00\",\"dateModified\":\"2026-04-13T09:33:51+00:00\",\"description\":\"L'ecosistema dels Open Labs fan els espais, equipament, gent i idees. La diversitat dels projectes d'innovaci\u00f3 i recerca ha implicat la configuraci\u00f3 de laboratoris especialitzats, distribu\u00efts per Campus UAB.\",\"breadcrumb\":{\"@id\":\"https:\/\/webs.uab.cat\/openlabs\/labs\/#breadcrumb\"},\"inLanguage\":\"ca\",\"potentialAction\":[{\"@type\":\"ReadAction\",\"target\":[\"https:\/\/webs.uab.cat\/openlabs\/labs\/\"]}]},{\"@type\":\"ImageObject\",\"inLanguage\":\"ca\",\"@id\":\"https:\/\/webs.uab.cat\/openlabs\/labs\/#primaryimage\",\"url\":\"https:\/\/webs.uab.cat\/openlabs\/wp-content\/uploads\/sites\/582\/2024\/09\/Inauguracio-dislab.jpg\",\"contentUrl\":\"https:\/\/webs.uab.cat\/openlabs\/wp-content\/uploads\/sites\/582\/2024\/09\/Inauguracio-dislab.jpg\",\"width\":2048,\"height\":1365},{\"@type\":\"BreadcrumbList\",\"@id\":\"https:\/\/webs.uab.cat\/openlabs\/labs\/#breadcrumb\",\"itemListElement\":[{\"@type\":\"ListItem\",\"position\":1,\"name\":\"Inici\",\"item\":\"https:\/\/webs.uab.cat\/openlabs\/\"},{\"@type\":\"ListItem\",\"position\":2,\"name\":\"Laboratoris\"}]},{\"@type\":\"WebSite\",\"@id\":\"https:\/\/webs.uab.cat\/openlabs\/#website\",\"url\":\"https:\/\/webs.uab.cat\/openlabs\/\",\"name\":\"Laboratoris d&#039;innovaci\u00f3 Oberta\",\"description\":\"UAB Open Labs - espai obert per les ments obertes\",\"potentialAction\":[{\"@type\":\"SearchAction\",\"target\":{\"@type\":\"EntryPoint\",\"urlTemplate\":\"https:\/\/webs.uab.cat\/openlabs\/?s={search_term_string}\"},\"query-input\":{\"@type\":\"PropertyValueSpecification\",\"valueRequired\":true,\"valueName\":\"search_term_string\"}}],\"inLanguage\":\"ca\"}]}<\/script>\n<!-- \/ Yoast SEO plugin. -->","yoast_head_json":{"title":"Laboratoris - Laboratoris d&#039;innovaci\u00f3 Oberta","description":"L'ecosistema dels Open Labs fan els espais, equipament, gent i idees. La diversitat dels projectes d'innovaci\u00f3 i recerca ha implicat la configuraci\u00f3 de laboratoris especialitzats, distribu\u00efts per Campus UAB.","robots":{"index":"index","follow":"follow","max-snippet":"max-snippet:-1","max-image-preview":"max-image-preview:large","max-video-preview":"max-video-preview:-1"},"canonical":"https:\/\/webs.uab.cat\/openlabs\/labs\/","og_locale":"ca_ES","og_type":"article","og_title":"Laboratoris - Laboratoris d&#039;innovaci\u00f3 Oberta","og_description":"L'ecosistema dels Open Labs fan els espais, equipament, gent i idees. La diversitat dels projectes d'innovaci\u00f3 i recerca ha implicat la configuraci\u00f3 de laboratoris especialitzats, distribu\u00efts per Campus UAB.","og_url":"https:\/\/webs.uab.cat\/openlabs\/labs\/","og_site_name":"Laboratoris d&#039;innovaci\u00f3 Oberta","article_modified_time":"2026-04-13T09:33:51+00:00","og_image":[{"url":"https:\/\/webs.uab.cat\/openlabs\/wp-content\/uploads\/sites\/582\/2024\/09\/inauguracio-digilab-1024x683.jpg","type":"","width":"","height":""}],"twitter_card":"summary_large_image","twitter_misc":{"Temps estimat de lectura":"2 minuts"},"schema":{"@context":"https:\/\/schema.org","@graph":[{"@type":"WebPage","@id":"https:\/\/webs.uab.cat\/openlabs\/labs\/","url":"https:\/\/webs.uab.cat\/openlabs\/labs\/","name":"Laboratoris - Laboratoris d&#039;innovaci\u00f3 Oberta","isPartOf":{"@id":"https:\/\/webs.uab.cat\/openlabs\/#website"},"primaryImageOfPage":{"@id":"https:\/\/webs.uab.cat\/openlabs\/labs\/#primaryimage"},"image":{"@id":"https:\/\/webs.uab.cat\/openlabs\/labs\/#primaryimage"},"thumbnailUrl":"https:\/\/webs.uab.cat\/openlabs\/wp-content\/uploads\/sites\/582\/2024\/09\/Inauguracio-dislab-1024x683.jpg","datePublished":"2024-07-26T09:00:40+00:00","dateModified":"2026-04-13T09:33:51+00:00","description":"L'ecosistema dels Open Labs fan els espais, equipament, gent i idees. La diversitat dels projectes d'innovaci\u00f3 i recerca ha implicat la configuraci\u00f3 de laboratoris especialitzats, distribu\u00efts per Campus UAB.","breadcrumb":{"@id":"https:\/\/webs.uab.cat\/openlabs\/labs\/#breadcrumb"},"inLanguage":"ca","potentialAction":[{"@type":"ReadAction","target":["https:\/\/webs.uab.cat\/openlabs\/labs\/"]}]},{"@type":"ImageObject","inLanguage":"ca","@id":"https:\/\/webs.uab.cat\/openlabs\/labs\/#primaryimage","url":"https:\/\/webs.uab.cat\/openlabs\/wp-content\/uploads\/sites\/582\/2024\/09\/Inauguracio-dislab.jpg","contentUrl":"https:\/\/webs.uab.cat\/openlabs\/wp-content\/uploads\/sites\/582\/2024\/09\/Inauguracio-dislab.jpg","width":2048,"height":1365},{"@type":"BreadcrumbList","@id":"https:\/\/webs.uab.cat\/openlabs\/labs\/#breadcrumb","itemListElement":[{"@type":"ListItem","position":1,"name":"Inici","item":"https:\/\/webs.uab.cat\/openlabs\/"},{"@type":"ListItem","position":2,"name":"Laboratoris"}]},{"@type":"WebSite","@id":"https:\/\/webs.uab.cat\/openlabs\/#website","url":"https:\/\/webs.uab.cat\/openlabs\/","name":"Laboratoris d&#039;innovaci\u00f3 Oberta","description":"UAB Open Labs - espai obert per les ments obertes","potentialAction":[{"@type":"SearchAction","target":{"@type":"EntryPoint","urlTemplate":"https:\/\/webs.uab.cat\/openlabs\/?s={search_term_string}"},"query-input":{"@type":"PropertyValueSpecification","valueRequired":true,"valueName":"search_term_string"}}],"inLanguage":"ca"}]}},"_links":{"self":[{"href":"https:\/\/webs.uab.cat\/openlabs\/wp-json\/wp\/v2\/pages\/2231","targetHints":{"allow":["GET"]}}],"collection":[{"href":"https:\/\/webs.uab.cat\/openlabs\/wp-json\/wp\/v2\/pages"}],"about":[{"href":"https:\/\/webs.uab.cat\/openlabs\/wp-json\/wp\/v2\/types\/page"}],"author":[{"embeddable":true,"href":"https:\/\/webs.uab.cat\/openlabs\/wp-json\/wp\/v2\/users\/2595"}],"replies":[{"embeddable":true,"href":"https:\/\/webs.uab.cat\/openlabs\/wp-json\/wp\/v2\/comments?post=2231"}],"version-history":[{"count":42,"href":"https:\/\/webs.uab.cat\/openlabs\/wp-json\/wp\/v2\/pages\/2231\/revisions"}],"predecessor-version":[{"id":5580,"href":"https:\/\/webs.uab.cat\/openlabs\/wp-json\/wp\/v2\/pages\/2231\/revisions\/5580"}],"wp:attachment":[{"href":"https:\/\/webs.uab.cat\/openlabs\/wp-json\/wp\/v2\/media?parent=2231"}],"curies":[{"name":"wp","href":"https:\/\/api.w.org\/{rel}","templated":true}]}}