{"id":2917,"date":"2024-09-04T10:46:47","date_gmt":"2024-09-04T08:46:47","guid":{"rendered":"https:\/\/webs.uab.cat\/openlabs\/?page_id=2917"},"modified":"2025-01-28T13:18:41","modified_gmt":"2025-01-28T11:18:41","slug":"treball-en-xarxa","status":"publish","type":"page","link":"https:\/\/webs.uab.cat\/openlabs\/coneix-els-labs\/treball-en-xarxa\/","title":{"rendered":"Treball en xarxa"},"content":{"rendered":"\n<p>Els Laboratoris d\u2019Innovaci\u00f3 Oberta (UAB Open Labs) formen part d\u2019una gran universitat que s\u2019emmarca dins d\u2019un territori ric i plural, en un context hist\u00f2ric complex, de grans canvis i amb importants reptes socials, econ\u00f2mics, mediambientals i tecnol\u00f2gics al davant.<\/p>\n\n\n\n<p>Els reptes cada cop s\u00f3n m\u00e9s heterogenis i estan m\u00e9s interrelacionats, i creiem que nom\u00e9s una mirada plural, oberta i interdisciplin\u00e0ria podr\u00e0 trobar el cam\u00ed cap a un futur millor. Aix\u00f2 s\u2019ha de fer des del coneixement de l\u2019entorn i el territori, perqu\u00e8 una soluci\u00f3 pot ser v\u00e0lida en un lloc i pot no funcionar en un altre.<\/p>\n\n\n\n<p>Per aix\u00f2 formem part de les organitzacions seg\u00fcents, amb les quals treballem en xarxa:<\/p>\n\n\n\n<h6 class=\"wp-block-heading\">Comunitats Orientades a Reptes Estrat\u00e8gics (<a href=\"https:\/\/www.uab.cat\/web\/recerca\/itineraris\/innovacio-i-transferencia-de-coneixement\/comunitats-orientades-a-reptes-estrategics-1345841943196.html\">CORE<\/a>)<\/h6>\n\n\n\n<p>Igual que els Laboratoris d\u2019Innovaci\u00f3 Oberta, les CORE depenen de la<a href=\"https:\/\/www.uab.cat\/web\/funcions-dependents-vicegerencia-recerca-1345693685121.html\"> Viceger\u00e8ncia de Recerca<\/a>\u00a0de la\u00a0<a href=\"https:\/\/www.uab.cat\/\">UAB<\/a>, amb un clara mirada cap als reptes del territori que ens envolta.<\/p>\n\n\n\n<h6 class=\"wp-block-heading\">Xarxa de Labs del <a href=\"https:\/\/www.hubb30.cat\/es\">HUB-B30<\/a> (<a href=\"https:\/\/www.consellvallesoccidental.cat\/desenvolupament-economic-i-ocupacio\/industria\/xarxa-despais-de-fabricacio-digital\/\">Xarxa de Labs<\/a>)<\/h6>\n\n\n\n<p>Juntament amb els principals espais de col\u00b7laboraci\u00f3 oberta de l\u2019entorn de la B, treballem per resoldre els principals reptes del nostre territori. <a href=\"https:\/\/auth.nectios.com\/ca\/hubb30\">Aqu\u00ed<\/a> hi trobareu\u00a0un repositori\u00a0amb els projectes conjunts.<\/p>\n\n\n\n<h6 class=\"wp-block-heading\">University Lab of Labs for Transformative Societal Innovation (<a href=\"https:\/\/www.ulalabs.eu\/\">ULALABS<\/a>)<\/h6>\n\n\n\n<p>Aquest projecte ens permet treballar per crear una xarxa de laboratoris universitaris dins del Consorci Europeu d\u2019Universitats Innovadores (<a href=\"https:\/\/www.eciu.eu\/\">ECIU<\/a>).<\/p>\n\n\n\n<h6 class=\"wp-block-heading\"><strong>Xarxa Europea de Laboratoris Vius (<\/strong><a href=\"https:\/\/enoll.org\/\"><strong>ENoLL<\/strong><\/a><a><\/a><a><\/a><strong>)<\/strong><\/h6>\n\n\n\n<p>Els laboratoris vius (<em>living labs<\/em>) s\u00f3n entorns de prova i experimentaci\u00f3 que fomenten la cocreaci\u00f3 i la innovaci\u00f3 oberta.<\/p>\n\n\n\n<p><\/p>\n","protected":false},"excerpt":{"rendered":"<p>Els Laboratoris d\u2019Innovaci\u00f3 Oberta (UAB Open Labs) formen part d\u2019una gran universitat que s\u2019emmarca dins d\u2019un territori ric i plural, en un context hist\u00f2ric complex, de grans canvis i amb importants reptes socials, econ\u00f2mics, mediambientals i tecnol\u00f2gics al davant. Els reptes cada cop s\u00f3n m\u00e9s heterogenis i estan m\u00e9s interrelacionats, i creiem que nom\u00e9s una [&hellip;]<\/p>\n","protected":false},"author":2595,"featured_media":0,"parent":2227,"menu_order":3,"comment_status":"closed","ping_status":"closed","template":"","meta":{"footnotes":""},"class_list":["post-2917","page","type-page","status-publish","hentry"],"yoast_head":"<!-- This site is optimized with the Yoast SEO plugin v26.8 - https:\/\/yoast.com\/product\/yoast-seo-wordpress\/ -->\n<title>Treball en xarxa - Laboratoris d&#039;innovaci\u00f3 Oberta<\/title>\n<meta name=\"robots\" content=\"index, follow, max-snippet:-1, max-image-preview:large, max-video-preview:-1\" \/>\n<link rel=\"canonical\" href=\"https:\/\/webs.uab.cat\/openlabs\/coneix-els-labs\/treball-en-xarxa\/\" \/>\n<meta property=\"og:locale\" content=\"ca_ES\" \/>\n<meta property=\"og:type\" content=\"article\" \/>\n<meta property=\"og:title\" content=\"Treball en xarxa - Laboratoris d&#039;innovaci\u00f3 Oberta\" \/>\n<meta property=\"og:description\" content=\"Els Laboratoris d\u2019Innovaci\u00f3 Oberta (UAB Open Labs) formen part d\u2019una gran universitat que s\u2019emmarca dins d\u2019un territori ric i plural, en un context hist\u00f2ric complex, de grans canvis i amb importants reptes socials, econ\u00f2mics, mediambientals i tecnol\u00f2gics al davant. Els reptes cada cop s\u00f3n m\u00e9s heterogenis i estan m\u00e9s interrelacionats, i creiem que nom\u00e9s una [&hellip;]\" \/>\n<meta property=\"og:url\" content=\"https:\/\/webs.uab.cat\/openlabs\/coneix-els-labs\/treball-en-xarxa\/\" \/>\n<meta property=\"og:site_name\" content=\"Laboratoris d&#039;innovaci\u00f3 Oberta\" \/>\n<meta property=\"article:modified_time\" content=\"2025-01-28T11:18:41+00:00\" \/>\n<meta name=\"twitter:card\" content=\"summary_large_image\" \/>\n<meta name=\"twitter:label1\" content=\"Temps estimat de lectura\" \/>\n\t<meta name=\"twitter:data1\" content=\"2 minuts\" \/>\n<script type=\"application\/ld+json\" class=\"yoast-schema-graph\">{\"@context\":\"https:\/\/schema.org\",\"@graph\":[{\"@type\":\"WebPage\",\"@id\":\"https:\/\/webs.uab.cat\/openlabs\/coneix-els-labs\/treball-en-xarxa\/\",\"url\":\"https:\/\/webs.uab.cat\/openlabs\/coneix-els-labs\/treball-en-xarxa\/\",\"name\":\"Treball en xarxa - Laboratoris d&#039;innovaci\u00f3 Oberta\",\"isPartOf\":{\"@id\":\"https:\/\/webs.uab.cat\/openlabs\/#website\"},\"datePublished\":\"2024-09-04T08:46:47+00:00\",\"dateModified\":\"2025-01-28T11:18:41+00:00\",\"breadcrumb\":{\"@id\":\"https:\/\/webs.uab.cat\/openlabs\/coneix-els-labs\/treball-en-xarxa\/#breadcrumb\"},\"inLanguage\":\"ca\",\"potentialAction\":[{\"@type\":\"ReadAction\",\"target\":[\"https:\/\/webs.uab.cat\/openlabs\/coneix-els-labs\/treball-en-xarxa\/\"]}]},{\"@type\":\"BreadcrumbList\",\"@id\":\"https:\/\/webs.uab.cat\/openlabs\/coneix-els-labs\/treball-en-xarxa\/#breadcrumb\",\"itemListElement\":[{\"@type\":\"ListItem\",\"position\":1,\"name\":\"Inici\",\"item\":\"https:\/\/webs.uab.cat\/openlabs\/\"},{\"@type\":\"ListItem\",\"position\":2,\"name\":\"Qui som\",\"item\":\"https:\/\/webs.uab.cat\/openlabs\/coneix-els-labs\/\"},{\"@type\":\"ListItem\",\"position\":3,\"name\":\"Treball en xarxa\"}]},{\"@type\":\"WebSite\",\"@id\":\"https:\/\/webs.uab.cat\/openlabs\/#website\",\"url\":\"https:\/\/webs.uab.cat\/openlabs\/\",\"name\":\"Laboratoris d&#039;innovaci\u00f3 Oberta\",\"description\":\"UAB Open Labs - espai obert per les ments obertes\",\"potentialAction\":[{\"@type\":\"SearchAction\",\"target\":{\"@type\":\"EntryPoint\",\"urlTemplate\":\"https:\/\/webs.uab.cat\/openlabs\/?s={search_term_string}\"},\"query-input\":{\"@type\":\"PropertyValueSpecification\",\"valueRequired\":true,\"valueName\":\"search_term_string\"}}],\"inLanguage\":\"ca\"}]}<\/script>\n<!-- \/ Yoast SEO plugin. -->","yoast_head_json":{"title":"Treball en xarxa - Laboratoris d&#039;innovaci\u00f3 Oberta","robots":{"index":"index","follow":"follow","max-snippet":"max-snippet:-1","max-image-preview":"max-image-preview:large","max-video-preview":"max-video-preview:-1"},"canonical":"https:\/\/webs.uab.cat\/openlabs\/coneix-els-labs\/treball-en-xarxa\/","og_locale":"ca_ES","og_type":"article","og_title":"Treball en xarxa - Laboratoris d&#039;innovaci\u00f3 Oberta","og_description":"Els Laboratoris d\u2019Innovaci\u00f3 Oberta (UAB Open Labs) formen part d\u2019una gran universitat que s\u2019emmarca dins d\u2019un territori ric i plural, en un context hist\u00f2ric complex, de grans canvis i amb importants reptes socials, econ\u00f2mics, mediambientals i tecnol\u00f2gics al davant. Els reptes cada cop s\u00f3n m\u00e9s heterogenis i estan m\u00e9s interrelacionats, i creiem que nom\u00e9s una [&hellip;]","og_url":"https:\/\/webs.uab.cat\/openlabs\/coneix-els-labs\/treball-en-xarxa\/","og_site_name":"Laboratoris d&#039;innovaci\u00f3 Oberta","article_modified_time":"2025-01-28T11:18:41+00:00","twitter_card":"summary_large_image","twitter_misc":{"Temps estimat de lectura":"2 minuts"},"schema":{"@context":"https:\/\/schema.org","@graph":[{"@type":"WebPage","@id":"https:\/\/webs.uab.cat\/openlabs\/coneix-els-labs\/treball-en-xarxa\/","url":"https:\/\/webs.uab.cat\/openlabs\/coneix-els-labs\/treball-en-xarxa\/","name":"Treball en xarxa - Laboratoris d&#039;innovaci\u00f3 Oberta","isPartOf":{"@id":"https:\/\/webs.uab.cat\/openlabs\/#website"},"datePublished":"2024-09-04T08:46:47+00:00","dateModified":"2025-01-28T11:18:41+00:00","breadcrumb":{"@id":"https:\/\/webs.uab.cat\/openlabs\/coneix-els-labs\/treball-en-xarxa\/#breadcrumb"},"inLanguage":"ca","potentialAction":[{"@type":"ReadAction","target":["https:\/\/webs.uab.cat\/openlabs\/coneix-els-labs\/treball-en-xarxa\/"]}]},{"@type":"BreadcrumbList","@id":"https:\/\/webs.uab.cat\/openlabs\/coneix-els-labs\/treball-en-xarxa\/#breadcrumb","itemListElement":[{"@type":"ListItem","position":1,"name":"Inici","item":"https:\/\/webs.uab.cat\/openlabs\/"},{"@type":"ListItem","position":2,"name":"Qui som","item":"https:\/\/webs.uab.cat\/openlabs\/coneix-els-labs\/"},{"@type":"ListItem","position":3,"name":"Treball en xarxa"}]},{"@type":"WebSite","@id":"https:\/\/webs.uab.cat\/openlabs\/#website","url":"https:\/\/webs.uab.cat\/openlabs\/","name":"Laboratoris d&#039;innovaci\u00f3 Oberta","description":"UAB Open Labs - espai obert per les ments obertes","potentialAction":[{"@type":"SearchAction","target":{"@type":"EntryPoint","urlTemplate":"https:\/\/webs.uab.cat\/openlabs\/?s={search_term_string}"},"query-input":{"@type":"PropertyValueSpecification","valueRequired":true,"valueName":"search_term_string"}}],"inLanguage":"ca"}]}},"_links":{"self":[{"href":"https:\/\/webs.uab.cat\/openlabs\/wp-json\/wp\/v2\/pages\/2917","targetHints":{"allow":["GET"]}}],"collection":[{"href":"https:\/\/webs.uab.cat\/openlabs\/wp-json\/wp\/v2\/pages"}],"about":[{"href":"https:\/\/webs.uab.cat\/openlabs\/wp-json\/wp\/v2\/types\/page"}],"author":[{"embeddable":true,"href":"https:\/\/webs.uab.cat\/openlabs\/wp-json\/wp\/v2\/users\/2595"}],"replies":[{"embeddable":true,"href":"https:\/\/webs.uab.cat\/openlabs\/wp-json\/wp\/v2\/comments?post=2917"}],"version-history":[{"count":7,"href":"https:\/\/webs.uab.cat\/openlabs\/wp-json\/wp\/v2\/pages\/2917\/revisions"}],"predecessor-version":[{"id":4438,"href":"https:\/\/webs.uab.cat\/openlabs\/wp-json\/wp\/v2\/pages\/2917\/revisions\/4438"}],"up":[{"embeddable":true,"href":"https:\/\/webs.uab.cat\/openlabs\/wp-json\/wp\/v2\/pages\/2227"}],"wp:attachment":[{"href":"https:\/\/webs.uab.cat\/openlabs\/wp-json\/wp\/v2\/media?parent=2917"}],"curies":[{"name":"wp","href":"https:\/\/api.w.org\/{rel}","templated":true}]}}