{"id":1063,"date":"2024-01-22T19:19:23","date_gmt":"2024-01-22T17:19:23","guid":{"rendered":"https:\/\/webs.uab.cat\/optics\/?page_id=1063"},"modified":"2024-03-04T11:16:24","modified_gmt":"2024-03-04T09:16:24","slug":"josep-vidal","status":"publish","type":"page","link":"https:\/\/webs.uab.cat\/optics\/josep-vidal\/","title":{"rendered":"Dr. Josep Vidal"},"content":{"rendered":"\n<div class=\"wp-block-cover\" style=\"min-height:297px;aspect-ratio:unset;\"><span aria-hidden=\"true\" class=\"wp-block-cover__background has-negre-eben-background-color has-background-dim-100 has-background-dim\"><\/span><div class=\"wp-block-cover__inner-container is-layout-flow wp-block-cover-is-layout-flow\"><div class=\"wp-block-image is-style-default\">\n<figure class=\"alignleft size-thumbnail is-resized\"><img loading=\"lazy\" decoding=\"async\" width=\"150\" height=\"150\" src=\"https:\/\/webs.uab.cat\/optics\/wp-content\/uploads\/sites\/502\/2024\/03\/PepVidal-150x150.jpg\" alt=\"\" class=\"wp-image-1946\" style=\"width:180px\" \/><\/figure>\n<\/div>\n\n\n<p class=\"has-text-align-right has-large-font-size\"><strong><em>Dr. Josep Vidal<\/em><\/strong><\/p>\n\n\n\n<p class=\"has-text-align-right\"><strong><em>Position<\/em><\/strong>: Associated Professor<\/p>\n\n\n\n<p class=\"has-text-align-right\"><strong><em>Office<\/em><\/strong>: C3\/-160<\/p>\n\n\n\n<p class=\"has-text-align-right\"><strong><em>E-Mail:<\/em> <\/strong><em>pep.vidal(at)uab.cat<\/em><\/p>\n<\/div><\/div>\n\n\n\n<p>Pep Vidal<\/p>\n\n\n\n<p>Rub\u00ed, Barcelona, \u200b\u200b1980.<\/p>\n\n\n\n<p>Graduate in Mathematics and PhD in Physics. I work with infinitesimal changes, changes that always occur, everywhere. Imperceptible changes, chains of changes, changes forever&#8230; most of them, we neither see nor are aware of them. That&#8217;s my workspace.<\/p>\n\n\n\n<p>I combine my artistic practice with that of being a professor of \u201cOptics Laboratory\u201d, in the degree of Physics, at the Autonomous University of Barcelona.&nbsp;<\/p>\n\n\n\n<p>I have shown my work in more than 50 exhibitions, nationally and internationally, among which I would highlight Abrons Arts Center (New York), Museu Nacional d&#8217;Art de Catalunya MNAC (Barcelona), Kunsthaus Baselland (Basel), ISELP Contemporary art center (Brussels), Fundaci\u00f3 Joan Mir\u00f3 (Barcelona), CAPC mus\u00e9e d&#8217;art contemporain de Bordeaux (Bordeaux), CaixaForum (Barcelona) or Fundaci\u00f3 Antoni T\u00e0pies (Barcelona). I have done some residencies, among which I would highlight Rijksakademie van beeldende kunsten, Amsterdam, 2018.<\/p>\n\n\n\n<p>I am represented by: ADN Galer\u00eda, in Barcelona, \u200b\u200band LMNO, in Brussels.<\/p>\n\n\n\n<p>Website: www.pepvidal.com<\/p>\n\n\n\n<p>Instagram: @vidal_pep\/<\/p>\n","protected":false},"excerpt":{"rendered":"<p>Pep Vidal Rub\u00ed, Barcelona, \u200b\u200b1980. Graduate in Mathematics and PhD in Physics. I work with infinitesimal changes, changes that always occur, everywhere. Imperceptible changes, chains of changes, changes forever&#8230; most of them, we neither see nor are aware of them. That&#8217;s my workspace. I combine my artistic practice with that of being a professor of [&hellip;]<\/p>\n","protected":false},"author":2801,"featured_media":0,"parent":0,"menu_order":0,"comment_status":"closed","ping_status":"closed","template":"","meta":{"footnotes":""},"class_list":["post-1063","page","type-page","status-publish","hentry"],"_links":{"self":[{"href":"https:\/\/webs.uab.cat\/optics\/wp-json\/wp\/v2\/pages\/1063","targetHints":{"allow":["GET"]}}],"collection":[{"href":"https:\/\/webs.uab.cat\/optics\/wp-json\/wp\/v2\/pages"}],"about":[{"href":"https:\/\/webs.uab.cat\/optics\/wp-json\/wp\/v2\/types\/page"}],"author":[{"embeddable":true,"href":"https:\/\/webs.uab.cat\/optics\/wp-json\/wp\/v2\/users\/2801"}],"replies":[{"embeddable":true,"href":"https:\/\/webs.uab.cat\/optics\/wp-json\/wp\/v2\/comments?post=1063"}],"version-history":[{"count":9,"href":"https:\/\/webs.uab.cat\/optics\/wp-json\/wp\/v2\/pages\/1063\/revisions"}],"predecessor-version":[{"id":1952,"href":"https:\/\/webs.uab.cat\/optics\/wp-json\/wp\/v2\/pages\/1063\/revisions\/1952"}],"wp:attachment":[{"href":"https:\/\/webs.uab.cat\/optics\/wp-json\/wp\/v2\/media?parent=1063"}],"curies":[{"name":"wp","href":"https:\/\/api.w.org\/{rel}","templated":true}]}}