{"id":106,"date":"2023-10-13T12:39:54","date_gmt":"2023-10-13T10:39:54","guid":{"rendered":"https:\/\/webs.uab.cat\/personenviromentinteractionlab\/?page_id=106"},"modified":"2023-10-30T14:18:07","modified_gmt":"2023-10-30T12:18:07","slug":"books-and-chapters","status":"publish","type":"page","link":"https:\/\/webs.uab.cat\/personenviromentinteractionlab\/scientific-activity\/books-and-chapters\/","title":{"rendered":"Books and Book Chapters"},"content":{"rendered":"\n<h2 class=\"wp-block-heading\">Books<\/h2>\n\n\n\n<ul class=\"wp-block-list\">\n<li>Obiols, J., &amp;<strong> Barrantes-Vidal<\/strong>, N. (Eds.). (2014). <em>Risk Signs and Early Detection of Psychosis<\/em>. Madrid: Editorial S\u00edntesis (ISBN: 978-84-995883-1-5).<\/li>\n\n\n\n<li><strong>Barrantes-Vidal, N<\/strong>., &amp; Vieta, E. (2001). <em>Creativity and Bipolarity<\/em>. Barcelona: RBA Editores (ISBN: 978-84-88865-66-3).<\/li>\n<\/ul>\n\n\n\n<h2 class=\"wp-block-heading\">Book Chapters<\/h2>\n\n\n\n<ul class=\"wp-block-list\">\n<li><strong>Barrantes-Vidal, N<\/strong>., &amp; Kwapil, T.R. (2023). Conceptualization and assessment of multidimensional schizotypy (pp. 81-96). In: Cheli, S., &amp; Lysaker, P.H. (Eds.), <em>A Dimensional Approach to Schizotypy. Conceptualization and Treatment<\/em>. Cham, Switzerland: Springer Nature. (ISBN: 978-3-031-41787-0).<\/li>\n\n\n\n<li>de Castro-Catal\u00e0, M., Papiol, S., <strong>Barrantes-Vidal, N<\/strong>., Rosa, A. (2020). Interaction Between Genes and Childhood Trauma on the Outcome of Psychiatric Disorders (pp. 105-124). In: G. Spalletta, G., Janiri, D., Brogna, P., Sani, G. (Eds.), Childhood Trauma in Mental Disorders: A Comprehensive Approach. Springer Nature Switzerland. (ISBN: 978-3-030-49413-1). Chapter doi: 10.1007\/978-3-030-49414-8_6.<\/li>\n\n\n\n<li><strong>Barrantes-Vidal, N.<\/strong>, Racioppi, A., Kwapil, T.R. (2020). Schizotypy, Schizotypal Personality and Psychosis Risk (pp. 81-99). In: A. Thompson and M. Broome (Eds.), <em>Risk Factors for Psychosis: Paradigms, Mechanisms, and Prevention. <\/em>Elsevier, Academic Press: Publishers (ISBN: 978-0-12-813201-2).<\/li>\n\n\n\n<li>Sheinbaum, T., <strong>Barrantes-Vidal, N<\/strong>. (2015). Mechanisms Mediating the Pathway from Environmental Adversity to Psychosis Proneness (pp. 116-131). In: O. Mason &amp; G. Claridge (Eds.), <em>Schizotypy: New Dimensions<\/em>. New York: Routledge Behavioural Science Research Monographs series: Advances in Mental Health Research. (ISBN: 978-0-415-72203-2).<\/li>\n\n\n\n<li><strong>Barrantes-Vidal, N<\/strong>. (2014). Creativity and the Spectrum of Affective and Schizophrenic Psychoses (pp. 169-204). In: J.C. Kaufman (Ed.), <em>Creativity and Mental Illness<\/em>. New York: Cambridge University Press. (ISBN 978-1-107-02169-3).<\/li>\n\n\n\n<li>Kwapil, T.R., Gross, G.M., Chun, C.A., Silvia, P.J., <strong>Barrantes-Vidal, N<\/strong>. (2014). Anhedonia and negative symptom schizotypy (pp. 203-226). In M. Ritsner (Ed.), <em>Anhedonia: A Comprehensive Handbook (vol. II, Neuropsychiatric and Physical Disorders).<\/em> New York, NY: Springer Science (ISBN 978-94-017-8609-6 IS. DOI 10.1007\/978-94-017-8610).<\/li>\n\n\n\n<li>Kwapil, T.R., Silvia, P., <strong>Barrantes-Vidal, N.<\/strong> (2014). Social anhedonia and solitude (pp. 371-390). In: R.J. Coplan &amp; J.C. Bowker (Eds.), The<em> Handbook of Solitude: Psychological Perspectives on Social Isolation, Social Withdrawal, and Being Alone.<\/em> Hoboken, NJ: Wiley-Blackwell (ISBN: 978-1-118-42736-1).<\/li>\n\n\n\n<li>Claridge, G., &amp; <strong>Barrantes-Vidal, N.<\/strong> (2013). Creativity: A healthy side of madness (pp. 115-132). In: B. Kirkcaldy (Ed.), <em>Chimes of Time. Wounded Health Professionals. Essays on Recovery<\/em>. Leiden, NL: Sidestone Academic Press (ISBN: 978-90-8890-094-5).<\/li>\n\n\n\n<li>Kwapil, T.R., <strong>Barrantes-Vidal, N.<\/strong> (2012). Schizotypal personality disorder: An integrative review (pp. 437-477). In: T.A. Widiger (Ed.), <em>The Oxford Handbook of Personality Disorders. <\/em>New York:Oxford University Press (ISBN: 978-0-19-973501-3).<\/li>\n\n\n\n<li><strong>Barrantes-Vidal, N<\/strong>., Colom, F., Claridge, G. (2002). Temperament and personality in bipolar affective disorders (pp. 217-242). In: E. Vieta (Ed.) <em>Bipolar Disorders. Clinical and Therapeutic Progress.<\/em> Madrid: Editorial M\u00e9dica Panamericana (ISBN: 978-84-7903-712-3).<\/li>\n<\/ul>\n\n\n\n<h2 class=\"wp-block-heading\">Book Chapters in Spanish Books<\/h2>\n\n\n\n<ul class=\"wp-block-list\">\n<li>De Castro-Catala, M., Mora-Solano, A., Pe\u00f1a, E., Crist\u00f3bal-Narv\u00e1ez,&nbsp;P., <strong>Barrantes-Vidal,<\/strong>&nbsp;<strong>N., <\/strong>&amp; Rosa, A. (2018). Use of Polygenic Risk Scores in non-clinical phenotypes (pp.100-114). In: Proceedings of the XX Congress of the Spanish Society of Physical Anthropology. \u201cPhysical anthropology in the age of Genomics\u201d. Ediciones de la Universidad Aut\u00f3noma de Barcelona. ISBN: 978-84-948252-4-8.<\/li>\n\n\n\n<li>De Castro-Catala, M., Mora-Solano, A., Pe\u00f1a, E., Crist\u00f3bal-Narv\u00e1ez,&nbsp;P., <strong>Barrantes-Vidal,<\/strong>&nbsp;<strong>N., <\/strong>&amp; Rosa, A. (2018).&nbsp;The utility of Genome-Wide Association Studies for the comprehension of complex phenotypes in healthy populations (pp.&nbsp;88-99). In: Proceedings of the XX Congress of the Spanish Society of Physical Anthropology. Ediciones de la Universidad Aut\u00f3noma de Barcelona. \u201cPhysical anthropology in the age of Genomics\u201d. ISBN: 978-84-948252-4-8.<\/li>\n\n\n\n<li>Vilagr\u00e0, R., Monsonet, M., Hinojosa, L., &amp; <strong>Barrantes-Vidal, N<\/strong>. (2018). Evaluation of the affective dimension (pp. 225-252). In: E. Fonseca (Ed.), Assessment of Disorders in the Psychotic Spectrum. Ediciones Pir\u00e1mide: Madrid. (ISBN: 978-84-368-3890-9).<\/li>\n\n\n\n<li>Fonseca, E., Mu\u00f1iz, J., Inchausti, F., <strong>Barrantes-Vidal, N<\/strong>., Lemos, S., Vallina, O., P\u00e9rez, M., Ortu\u00f1o, J., Gonz\u00e1lez, D., Paino, M., Rodr\u00edguez-Testal, J.F., Ricarte, J.J., Campos, M.S., &amp; Bouso\u00f1o, M. (2018). Future perspectives in the conceptualization and evaluation of psychotic spectrum disorders  (pp. 465-506). In: E. Fonseca (Ed.), Assessment of Disorders in the Psychotic Spectrum. Ediciones Pir\u00e1mide: Madrid. (ISBN: 978-84-368-3890-9).<\/li>\n\n\n\n<li>Vilagr\u00e0, R., Michel, C., Schultze-Lutter, F., &amp; <strong>Barrantes-Vidal, N<\/strong>. (2014). Basic symptoms as early risk markers for psychosis  (pp. 133-152). In: J. Obiols y N. Barrantes-Vidal (Eds.), <em><em>Risk Signs and Early Detection in Psychosis<\/em><\/em>. Madrid: Editorial S\u00edntesis (ISBN: 978-84-995883-1-5).<\/li>\n\n\n\n<li><strong>Barrantes-Vidal, N<\/strong>., Vilagr\u00e0, R., &amp; Kwapil, T.R. (2014). Schizotypal personality disorder as a risk factor for schizophrenia spectrum disorders (pp. 103-118). In: J. Obiols y N. Barrantes-Vidal (Eds.), <em>Risk Signs and Early Detection in Psychosis<\/em>. Madrid: Editorial S\u00edntesis (ISBN: 978-84-995883-1-5).<\/li>\n\n\n\n<li>Dom\u00ednguez-Mart\u00ednez, T., &amp; <strong>Barrantes-Vidal, N.<\/strong> (2014). Research, detection and intervention programs in the early phases of psychosis  (pp. 153-170). In: J. Obiols y N. Barrantes-Vidal (Eds.), <em><em>Risk Signs and Early Detection in Psychosis<\/em><\/em>. Madrid: Editorial S\u00edntesis (ISBN: 978-84-995883-1-5).<\/li>\n\n\n\n<li>Quijada, Y., Sheinbaum, T., &amp; <strong>Barrantes-Vidal, N<\/strong>. (2014). Role of psychosocial factors in risk, onset and therapeutic linkage in psychosis  (pp. 69-84). In: J. Obiols &amp; N. Barrantes-Vidal (Eds.), <em>Risk Signs and Early Detection in Psychosis<\/em>. Madrid: Editorial S\u00edntesis (ISBN: 978-84-995883-1-5).<\/li>\n\n\n\n<li>Obiols, J.E., <strong>Barrantes-Vidal, N<\/strong>., &amp; Zaragoza, S. (2006). Assessment and diagnosis of schizophrenia spectrum disorders. In: V. Caballo (Ed.), <em>Handbook of<\/em> <em>Clinical<\/em> <em>Assessment of Psychological Disorders<\/em>. Madrid: Pir\u00e1mide (ISBN: 978-84-368199-8-4).<\/li>\n\n\n\n<li><strong>Barrantes-Vidal, N<\/strong>. (2005). Creativty and the bipolar spectrum: A view from the early stages. In: V\u00e1zquez-Barquero, J.L. (Ed.). <em>Initial phases of mental disorders: Bipolar Disorders<\/em>. Barcelona: Elsevier-Masson. (ISBN: 9788445815687)<\/li>\n\n\n\n<li>\u00c1lvarez, E., &amp; <strong>Barrantes-Vidal, N<\/strong>. (2003). Schizotypy and executive functions in normal populations (p.141-82). In: Dom\u00e8nech-Llaberia, E., Obiols, J.E., Jan\u00e9, M.C., Subir\u00e0 (Eds.), <em>Update in Clinical Psychopathology<\/em>. Barcelona: UAB Edicions.<\/li>\n\n\n\n<li><strong>Barrantes-Vidal, N<\/strong>., &amp; Obiols, J.E. (2002).&nbsp; Autistic and schizophrenic spectrums (p.125-146). In: D. Garc\u00eda Villamisar (Ed.), <em>Autism in Adult Life. Clinical and Assitential Aspects<\/em>. Valencia: Promolibro.<\/li>\n\n\n\n<li><strong>Barrantes-Vidal, N.<\/strong> (2001). Neuropsychology and the neurodevelopmental theory of schizophrenia (p. 63-82). In: J.E. Obiols (Ed.), <em>Neurodevelopment and  schizophrenia. Current approaches. <\/em> Barcelona: Ars Medica (ISBN: 978-84-970602-1-9)<\/li>\n\n\n\n<li>Obiols, J.E., \u00c1lvarez, E., <strong>Barrantes-Vidal, N<\/strong>., &amp; Subir\u00e1, S. (2000). Advances in the treatment of schizophrenia (p. 245-272). In: M. Lameiras &amp; J.M. Fa\u00edlde (Ed.). <em>Clinical  and mental health psychology in the XXI century. Possibilities and challenges<\/em>. Dykinson (ISBN: 978-84-815567-7-3).<\/li>\n\n\n\n<li>Obiols, J.E., Subira, S., &amp; <strong>Barrantes-Vidal, N<\/strong>. (1999). Neurodevelopmental theory and early signs in schizophrenia (p.107-116). In: J. Saiz (Ed.), <em>Schizophrenia: Brain Illness and Social Challenge<\/em>. Madrid: Editioral Masson. Medical Psychiatry Collection (ISBN: 9788445807712).<\/li>\n\n\n\n<li>Obiols, J.E., Subira, S., &amp; <strong>Barrantes-Vidal, N<\/strong>. (1999). Personality disorders (pp. 249-259). In: J.A. Cervilla and C. Garcia (Eds.), <em>Principles of Biological Psychiatry<\/em>. Madrid: Editioral Masson. Medical Psychiatry Collection (ISBN: 978-84-458090-1-3).<\/li>\n\n\n\n<li>Obiols, J.E., &amp; <strong>Barrantes-Vidal, N<\/strong>. (1997). Art, creativity, and the bipolar spectrum (pp. 517-527). In: E. Vieta and C. Gast\u00f3 (Eds.), <em>Bipolar Disorders<\/em>. Barcelona: Springer-Verlag (ISBN: 978-8407001738).<\/li>\n<\/ul>\n","protected":false},"excerpt":{"rendered":"<p>Books Book Chapters Book Chapters in Spanish Books<\/p>\n","protected":false},"author":2571,"featured_media":0,"parent":97,"menu_order":0,"comment_status":"closed","ping_status":"closed","template":"","meta":{"footnotes":""},"class_list":["post-106","page","type-page","status-publish","hentry"],"_links":{"self":[{"href":"https:\/\/webs.uab.cat\/personenviromentinteractionlab\/wp-json\/wp\/v2\/pages\/106","targetHints":{"allow":["GET"]}}],"collection":[{"href":"https:\/\/webs.uab.cat\/personenviromentinteractionlab\/wp-json\/wp\/v2\/pages"}],"about":[{"href":"https:\/\/webs.uab.cat\/personenviromentinteractionlab\/wp-json\/wp\/v2\/types\/page"}],"author":[{"embeddable":true,"href":"https:\/\/webs.uab.cat\/personenviromentinteractionlab\/wp-json\/wp\/v2\/users\/2571"}],"replies":[{"embeddable":true,"href":"https:\/\/webs.uab.cat\/personenviromentinteractionlab\/wp-json\/wp\/v2\/comments?post=106"}],"version-history":[{"count":12,"href":"https:\/\/webs.uab.cat\/personenviromentinteractionlab\/wp-json\/wp\/v2\/pages\/106\/revisions"}],"predecessor-version":[{"id":595,"href":"https:\/\/webs.uab.cat\/personenviromentinteractionlab\/wp-json\/wp\/v2\/pages\/106\/revisions\/595"}],"up":[{"embeddable":true,"href":"https:\/\/webs.uab.cat\/personenviromentinteractionlab\/wp-json\/wp\/v2\/pages\/97"}],"wp:attachment":[{"href":"https:\/\/webs.uab.cat\/personenviromentinteractionlab\/wp-json\/wp\/v2\/media?parent=106"}],"curies":[{"name":"wp","href":"https:\/\/api.w.org\/{rel}","templated":true}]}}

<h2 class="wp-block-heading">Books</h2>



<ul class="wp-block-list">
<li>Obiols, J., &amp;<strong> Barrantes-Vidal</strong>, N. (Eds.). (2014). <em>Risk Signs and Early Detection of Psychosis</em>. Madrid: Editorial Síntesis (ISBN: 978-84-995883-1-5).</li>



<li><strong>Barrantes-Vidal, N</strong>., &amp; Vieta, E. (2001). <em>Creativity and Bipolarity</em>. Barcelona: RBA Editores (ISBN: 978-84-88865-66-3).</li>
</ul>



<h2 class="wp-block-heading">Book Chapters</h2>



<ul class="wp-block-list">
<li><strong>Barrantes-Vidal, N</strong>., &amp; Kwapil, T.R. (2023). Conceptualization and assessment of multidimensional schizotypy (pp. 81-96). In: Cheli, S., &amp; Lysaker, P.H. (Eds.), <em>A Dimensional Approach to Schizotypy. Conceptualization and Treatment</em>. Cham, Switzerland: Springer Nature. (ISBN: 978-3-031-41787-0).</li>



<li>de Castro-Català, M., Papiol, S., <strong>Barrantes-Vidal, N</strong>., Rosa, A. (2020). Interaction Between Genes and Childhood Trauma on the Outcome of Psychiatric Disorders (pp. 105-124). In: G. Spalletta, G., Janiri, D., Brogna, P., Sani, G. (Eds.), Childhood Trauma in Mental Disorders: A Comprehensive Approach. Springer Nature Switzerland. (ISBN: 978-3-030-49413-1). Chapter doi: 10.1007/978-3-030-49414-8_6.</li>



<li><strong>Barrantes-Vidal, N.</strong>, Racioppi, A., Kwapil, T.R. (2020). Schizotypy, Schizotypal Personality and Psychosis Risk (pp. 81-99). In: A. Thompson and M. Broome (Eds.), <em>Risk Factors for Psychosis: Paradigms, Mechanisms, and Prevention. </em>Elsevier, Academic Press: Publishers (ISBN: 978-0-12-813201-2).</li>



<li>Sheinbaum, T., <strong>Barrantes-Vidal, N</strong>. (2015). Mechanisms Mediating the Pathway from Environmental Adversity to Psychosis Proneness (pp. 116-131). In: O. Mason &amp; G. Claridge (Eds.), <em>Schizotypy: New Dimensions</em>. New York: Routledge Behavioural Science Research Monographs series: Advances in Mental Health Research. (ISBN: 978-0-415-72203-2).</li>



<li><strong>Barrantes-Vidal, N</strong>. (2014). Creativity and the Spectrum of Affective and Schizophrenic Psychoses (pp. 169-204). In: J.C. Kaufman (Ed.), <em>Creativity and Mental Illness</em>. New York: Cambridge University Press. (ISBN 978-1-107-02169-3).</li>



<li>Kwapil, T.R., Gross, G.M., Chun, C.A., Silvia, P.J., <strong>Barrantes-Vidal, N</strong>. (2014). Anhedonia and negative symptom schizotypy (pp. 203-226). In M. Ritsner (Ed.), <em>Anhedonia: A Comprehensive Handbook (vol. II, Neuropsychiatric and Physical Disorders).</em> New York, NY: Springer Science (ISBN 978-94-017-8609-6 IS. DOI 10.1007/978-94-017-8610).</li>



<li>Kwapil, T.R., Silvia, P., <strong>Barrantes-Vidal, N.</strong> (2014). Social anhedonia and solitude (pp. 371-390). In: R.J. Coplan &amp; J.C. Bowker (Eds.), The<em> Handbook of Solitude: Psychological Perspectives on Social Isolation, Social Withdrawal, and Being Alone.</em> Hoboken, NJ: Wiley-Blackwell (ISBN: 978-1-118-42736-1).</li>



<li>Claridge, G., &amp; <strong>Barrantes-Vidal, N.</strong> (2013). Creativity: A healthy side of madness (pp. 115-132). In: B. Kirkcaldy (Ed.), <em>Chimes of Time. Wounded Health Professionals. Essays on Recovery</em>. Leiden, NL: Sidestone Academic Press (ISBN: 978-90-8890-094-5).</li>



<li>Kwapil, T.R., <strong>Barrantes-Vidal, N.</strong> (2012). Schizotypal personality disorder: An integrative review (pp. 437-477). In: T.A. Widiger (Ed.), <em>The Oxford Handbook of Personality Disorders. </em>New York:Oxford University Press (ISBN: 978-0-19-973501-3).</li>



<li><strong>Barrantes-Vidal, N</strong>., Colom, F., Claridge, G. (2002). Temperament and personality in bipolar affective disorders (pp. 217-242). In: E. Vieta (Ed.) <em>Bipolar Disorders. Clinical and Therapeutic Progress.</em> Madrid: Editorial Médica Panamericana (ISBN: 978-84-7903-712-3).</li>
</ul>



<h2 class="wp-block-heading">Book Chapters in Spanish Books</h2>



<ul class="wp-block-list">
<li>De Castro-Catala, M., Mora-Solano, A., Peña, E., Cristóbal-Narváez,&nbsp;P., <strong>Barrantes-Vidal,</strong>&nbsp;<strong>N., </strong>&amp; Rosa, A. (2018). Use of Polygenic Risk Scores in non-clinical phenotypes (pp.100-114). In: Proceedings of the XX Congress of the Spanish Society of Physical Anthropology. “Physical anthropology in the age of Genomics”. Ediciones de la Universidad Autónoma de Barcelona. ISBN: 978-84-948252-4-8.</li>



<li>De Castro-Catala, M., Mora-Solano, A., Peña, E., Cristóbal-Narváez,&nbsp;P., <strong>Barrantes-Vidal,</strong>&nbsp;<strong>N., </strong>&amp; Rosa, A. (2018).&nbsp;The utility of Genome-Wide Association Studies for the comprehension of complex phenotypes in healthy populations (pp.&nbsp;88-99). In: Proceedings of the XX Congress of the Spanish Society of Physical Anthropology. Ediciones de la Universidad Autónoma de Barcelona. “Physical anthropology in the age of Genomics”. ISBN: 978-84-948252-4-8.</li>



<li>Vilagrà, R., Monsonet, M., Hinojosa, L., &amp; <strong>Barrantes-Vidal, N</strong>. (2018). Evaluation of the affective dimension (pp. 225-252). In: E. Fonseca (Ed.), Assessment of Disorders in the Psychotic Spectrum. Ediciones Pirámide: Madrid. (ISBN: 978-84-368-3890-9).</li>



<li>Fonseca, E., Muñiz, J., Inchausti, F., <strong>Barrantes-Vidal, N</strong>., Lemos, S., Vallina, O., Pérez, M., Ortuño, J., González, D., Paino, M., Rodríguez-Testal, J.F., Ricarte, J.J., Campos, M.S., &amp; Bousoño, M. (2018). Future perspectives in the conceptualization and evaluation of psychotic spectrum disorders  (pp. 465-506). In: E. Fonseca (Ed.), Assessment of Disorders in the Psychotic Spectrum. Ediciones Pirámide: Madrid. (ISBN: 978-84-368-3890-9).</li>



<li>Vilagrà, R., Michel, C., Schultze-Lutter, F., &amp; <strong>Barrantes-Vidal, N</strong>. (2014). Basic symptoms as early risk markers for psychosis  (pp. 133-152). In: J. Obiols y N. Barrantes-Vidal (Eds.), <em><em>Risk Signs and Early Detection in Psychosis</em></em>. Madrid: Editorial Síntesis (ISBN: 978-84-995883-1-5).</li>



<li><strong>Barrantes-Vidal, N</strong>., Vilagrà, R., &amp; Kwapil, T.R. (2014). Schizotypal personality disorder as a risk factor for schizophrenia spectrum disorders (pp. 103-118). In: J. Obiols y N. Barrantes-Vidal (Eds.), <em>Risk Signs and Early Detection in Psychosis</em>. Madrid: Editorial Síntesis (ISBN: 978-84-995883-1-5).</li>



<li>Domínguez-Martínez, T., &amp; <strong>Barrantes-Vidal, N.</strong> (2014). Research, detection and intervention programs in the early phases of psychosis  (pp. 153-170). In: J. Obiols y N. Barrantes-Vidal (Eds.), <em><em>Risk Signs and Early Detection in Psychosis</em></em>. Madrid: Editorial Síntesis (ISBN: 978-84-995883-1-5).</li>



<li>Quijada, Y., Sheinbaum, T., &amp; <strong>Barrantes-Vidal, N</strong>. (2014). Role of psychosocial factors in risk, onset and therapeutic linkage in psychosis  (pp. 69-84). In: J. Obiols &amp; N. Barrantes-Vidal (Eds.), <em>Risk Signs and Early Detection in Psychosis</em>. Madrid: Editorial Síntesis (ISBN: 978-84-995883-1-5).</li>



<li>Obiols, J.E., <strong>Barrantes-Vidal, N</strong>., &amp; Zaragoza, S. (2006). Assessment and diagnosis of schizophrenia spectrum disorders. In: V. Caballo (Ed.), <em>Handbook of</em> <em>Clinical</em> <em>Assessment of Psychological Disorders</em>. Madrid: Pirámide (ISBN: 978-84-368199-8-4).</li>



<li><strong>Barrantes-Vidal, N</strong>. (2005). Creativty and the bipolar spectrum: A view from the early stages. In: Vázquez-Barquero, J.L. (Ed.). <em>Initial phases of mental disorders: Bipolar Disorders</em>. Barcelona: Elsevier-Masson. (ISBN: 9788445815687)</li>



<li>Álvarez, E., &amp; <strong>Barrantes-Vidal, N</strong>. (2003). Schizotypy and executive functions in normal populations (p.141-82). In: Domènech-Llaberia, E., Obiols, J.E., Jané, M.C., Subirà (Eds.), <em>Update in Clinical Psychopathology</em>. Barcelona: UAB Edicions.</li>



<li><strong>Barrantes-Vidal, N</strong>., &amp; Obiols, J.E. (2002).&nbsp; Autistic and schizophrenic spectrums (p.125-146). In: D. García Villamisar (Ed.), <em>Autism in Adult Life. Clinical and Assitential Aspects</em>. Valencia: Promolibro.</li>



<li><strong>Barrantes-Vidal, N.</strong> (2001). Neuropsychology and the neurodevelopmental theory of schizophrenia (p. 63-82). In: J.E. Obiols (Ed.), <em>Neurodevelopment and  schizophrenia. Current approaches. </em> Barcelona: Ars Medica (ISBN: 978-84-970602-1-9)</li>



<li>Obiols, J.E., Álvarez, E., <strong>Barrantes-Vidal, N</strong>., &amp; Subirá, S. (2000). Advances in the treatment of schizophrenia (p. 245-272). In: M. Lameiras &amp; J.M. Faílde (Ed.). <em>Clinical  and mental health psychology in the XXI century. Possibilities and challenges</em>. Dykinson (ISBN: 978-84-815567-7-3).</li>



<li>Obiols, J.E., Subira, S., &amp; <strong>Barrantes-Vidal, N</strong>. (1999). Neurodevelopmental theory and early signs in schizophrenia (p.107-116). In: J. Saiz (Ed.), <em>Schizophrenia: Brain Illness and Social Challenge</em>. Madrid: Editioral Masson. Medical Psychiatry Collection (ISBN: 9788445807712).</li>



<li>Obiols, J.E., Subira, S., &amp; <strong>Barrantes-Vidal, N</strong>. (1999). Personality disorders (pp. 249-259). In: J.A. Cervilla and C. Garcia (Eds.), <em>Principles of Biological Psychiatry</em>. Madrid: Editioral Masson. Medical Psychiatry Collection (ISBN: 978-84-458090-1-3).</li>



<li>Obiols, J.E., &amp; <strong>Barrantes-Vidal, N</strong>. (1997). Art, creativity, and the bipolar spectrum (pp. 517-527). In: E. Vieta and C. Gastó (Eds.), <em>Bipolar Disorders</em>. Barcelona: Springer-Verlag (ISBN: 978-8407001738).</li>
</ul>
