{"id":350,"date":"2015-02-17T18:42:25","date_gmt":"2015-02-17T18:42:25","guid":{"rendered":"https:\/\/webs.uab.cat\/plopez\/iii-2\/"},"modified":"2023-04-06T14:20:49","modified_gmt":"2023-04-06T12:20:49","slug":"iii-2","status":"publish","type":"page","link":"https:\/\/webs.uab.cat\/plopez\/iii-2\/","title":{"rendered":"III.2 Preparaci\u00f3n de los datos para el an\u00e1lisis"},"content":{"rendered":"\n<div class=\"wp-block-media-text is-stacked-on-mobile\" style=\"grid-template-columns:22% auto\"><figure class=\"wp-block-media-text__media\"><img loading=\"lazy\" decoding=\"async\" width=\"370\" height=\"525\" src=\"https:\/\/webs.uab.cat\/plopez\/wp-content\/uploads\/sites\/156\/2015\/01\/Portada.png\" alt=\"MISC\" class=\"wp-image-279 size-full\" srcset=\"https:\/\/webs.uab.cat\/plopez\/wp-content\/uploads\/sites\/156\/2015\/01\/Portada.png 370w, https:\/\/webs.uab.cat\/plopez\/wp-content\/uploads\/sites\/156\/2015\/01\/Portada-211x300.png 211w\" sizes=\"auto, (max-width: 370px) 100vw, 370px\" \/><\/figure><div class=\"wp-block-media-text__content\">\n<p><strong><br>Metodolog\u00eda de la Investigaci\u00f3n Social Cuantitativa<\/strong><\/p>\n\n\n\n<p>Pedro L\u00f3pez-Rold\u00e1n<br>Sandra Fachelli<\/p>\n<\/div><\/div>\n\n\n\n<h2 class=\"wp-block-heading\">Cap\u00edtulo III.2 <br>Preparaci\u00f3n de los datos para el an\u00e1lisis<\/h2>\n\n\n\n<p>El cap\u00edtulo 2 de la Parte III trata diversos procedimientos destinados a tres grupos de tareas principales: la creaci\u00f3n e identificaci\u00f3n de matrices de datos, su transformaci\u00f3n, tanto manipulando ficheros como modificando o creando nuevas variables, y la depuraci\u00f3n de los datos. Se desarrollan diversos ejemplos y ejercicios que se tratan doblemente con SPSS y R.<\/p>\n\n\n\n<div class=\"wp-block-columns is-layout-flex wp-container-core-columns-is-layout-9d6595d7 wp-block-columns-is-layout-flex\">\n<div class=\"wp-block-column is-layout-flow wp-block-column-is-layout-flow\" style=\"flex-basis:5%\">\n<figure class=\"wp-block-image size-full\"><img loading=\"lazy\" decoding=\"async\" width=\"300\" height=\"300\" src=\"https:\/\/webs.uab.cat\/plopez\/wp-content\/uploads\/sites\/156\/2023\/02\/pdf.png\" alt=\"\" class=\"wp-image-992\" srcset=\"https:\/\/webs.uab.cat\/plopez\/wp-content\/uploads\/sites\/156\/2023\/02\/pdf.png 300w, https:\/\/webs.uab.cat\/plopez\/wp-content\/uploads\/sites\/156\/2023\/02\/pdf-150x150.png 150w\" sizes=\"auto, (max-width: 300px) 100vw, 300px\" \/><\/figure>\n<\/div>\n\n\n\n<div class=\"wp-block-column is-vertically-aligned-center is-layout-flow wp-block-column-is-layout-flow\" style=\"flex-basis:85%\">\n<p class=\"has-normal-font-size\"><a rel=\"noopener\" href=\"http:\/\/ddd.uab.cat\/pub\/caplli\/2015\/129381\/metinvsoccuan_cap3-2a2015.pdf\" target=\"_blank\">Documento del cap\u00edtulo III.2<\/a><\/p>\n<\/div>\n<\/div>\n\n\n\n<div class=\"wp-block-columns is-layout-flex wp-container-core-columns-is-layout-9d6595d7 wp-block-columns-is-layout-flex\">\n<div class=\"wp-block-column is-layout-flow wp-block-column-is-layout-flow\" style=\"flex-basis:5%\">\n<figure class=\"wp-block-image size-full is-resized\"><img loading=\"lazy\" decoding=\"async\" src=\"https:\/\/webs.uab.cat\/plopez\/wp-content\/uploads\/sites\/156\/2015\/02\/documentos1.png\" alt=\"\" class=\"wp-image-334\" width=\"50\" height=\"50\" srcset=\"https:\/\/webs.uab.cat\/plopez\/wp-content\/uploads\/sites\/156\/2015\/02\/documentos1.png 256w, https:\/\/webs.uab.cat\/plopez\/wp-content\/uploads\/sites\/156\/2015\/02\/documentos1-150x150.png 150w\" sizes=\"auto, (max-width: 50px) 100vw, 50px\" \/><\/figure>\n<\/div>\n\n\n\n<div class=\"wp-block-column is-vertically-aligned-center is-layout-flow wp-block-column-is-layout-flow\" style=\"flex-basis:85%\">\n<p class=\"has-normal-font-size\"><strong>Archivos adjuntos:<\/strong><\/p>\n<\/div>\n<\/div>\n\n\n\n<div class=\"wp-block-columns is-layout-flex wp-container-core-columns-is-layout-9d6595d7 wp-block-columns-is-layout-flex\">\n<div class=\"wp-block-column is-layout-flow wp-block-column-is-layout-flow\">\n<p>\u2013 <a rel=\"noreferrer noopener\" href=\"https:\/\/webs.uab.cat\/plopez\/wp-content\/uploads\/sites\/156\/2017\/06\/cues3041.pdf\" target=\"_blank\">Cuestionario 3041<\/a><br>\u2013 <a href=\"https:\/\/ddd.uab.cat\/pub\/llibres\/2015\/129382\/DA3041\" target=\"_blank\" rel=\"noreferrer noopener\">DA3041<\/a><br>\u2013 <a href=\"https:\/\/ddd.uab.cat\/pub\/llibres\/2015\/129382\/ES3041.sps\" target=\"_blank\" rel=\"noreferrer noopener\">ES3041.sps<\/a><br>\u2013 <a href=\"https:\/\/ddd.uab.cat\/pub\/llibres\/2015\/129382\/CIS3041.sav\" target=\"_blank\" rel=\"noreferrer noopener\">CIS3041.sav<\/a><br>\u2013 <a href=\"https:\/\/ddd.uab.cat\/pub\/llibres\/2015\/129382\/IDH2014.sav\">IDH2014.<\/a><a rel=\"noreferrer noopener\" href=\"http:\/\/pagines.uab.cat\/plopez\/sites\/pagines.uab.cat.plopez\/files\/IDH2014.sav\" target=\"_blank\">sav<\/a><br>\u2013 <a href=\"https:\/\/ddd.uab.cat\/pub\/llibres\/2015\/129382\/Tabla_EPA_4T_2014_Formacion.sav\" target=\"_blank\" rel=\"noreferrer noopener\">Tabla EPA.sav<\/a><br>\u2013 <a href=\"https:\/\/ddd.uab.cat\/pub\/llibres\/2015\/129382\/Agregacion_CCAA.sav\" target=\"_blank\" rel=\"noreferrer noopener\">Agregaci\u00f3n CCAA.sav<\/a><br>\u2013 <a href=\"https:\/\/ddd.uab.cat\/pub\/llibres\/2015\/129382\/casestovars.sav\">casestovars.sav<\/a><br>\u2013 <a rel=\"noreferrer noopener\" href=\"http:\/\/pagines.uab.cat\/plopez\/sites\/pagines.uab.cat.plopez\/files\/varstocases.sav\" target=\"_blank\">varstocases.sav<\/a><br>\u2013 <a href=\"https:\/\/ddd.uab.cat\/pub\/llibres\/2015\/129382\/X.sav\" target=\"_blank\" rel=\"noreferrer noopener\">X.sav<\/a> | <a href=\"https:\/\/ddd.uab.cat\/pub\/llibres\/2015\/129382\/Y.sav\" target=\"_blank\" rel=\"noreferrer noopener\">Y.sav<\/a><br>\u2013 <a href=\"https:\/\/ddd.uab.cat\/pub\/llibres\/2015\/129382\/YA.sav\" target=\"_blank\" rel=\"noreferrer noopener\">YA.sav<\/a> | <a href=\"https:\/\/ddd.uab.cat\/pub\/llibres\/2015\/129382\/YB.sav\" target=\"_blank\" rel=\"noreferrer noopener\">YB.sav<\/a><br>\u2013 <a href=\"https:\/\/ddd.uab.cat\/pub\/llibres\/2015\/129382\/Y1-3.sav\" target=\"_blank\" rel=\"noreferrer noopener\">Y1-3.sav<\/a> | <a href=\"https:\/\/ddd.uab.cat\/pub\/llibres\/2015\/129382\/Y4-6.sav\" target=\"_blank\" rel=\"noreferrer noopener\">Y4-6.sav<\/a><br>\u2013 <a href=\"https:\/\/ddd.uab.cat\/pub\/llibres\/2015\/129382\/Transformar.sps\" target=\"_blank\" rel=\"noreferrer noopener\">Transformar.sps<\/a><br>\u2013 <a href=\"https:\/\/ddd.uab.cat\/pub\/llibres\/2015\/129382\/CIS3041+.sav\" target=\"_blank\" rel=\"noreferrer noopener\">CIS3041+.sav<\/a><\/p>\n<\/div>\n\n\n\n<div class=\"wp-block-column is-layout-flow wp-block-column-is-layout-flow\">\n<p>\u2013 <a href=\"https:\/\/ddd.uab.cat\/pub\/llibres\/2015\/129382\/CIS3041.rda\" target=\"_blank\" rel=\"noreferrer noopener\">CIS3041.rda<\/a><br>\u2013 <a href=\"https:\/\/ddd.uab.cat\/pub\/llibres\/2015\/129382\/IDH2014.rda\" target=\"_blank\" rel=\"noreferrer noopener\">IDH2014.rda<\/a><br>\u2013 <a href=\"https:\/\/ddd.uab.cat\/pub\/llibres\/2015\/129382\/Datos.dat\" target=\"_blank\" rel=\"noreferrer noopener\">Datos.dat<\/a><br>\u2013 <a href=\"https:\/\/ddd.uab.cat\/pub\/llibres\/2015\/129382\/Datos.csv\" target=\"_blank\" rel=\"noreferrer noopener\">Datos.csv<\/a><br>\u2013 <a href=\"https:\/\/ddd.uab.cat\/pub\/llibres\/2015\/129382\/Datos.xlsx\" target=\"_blank\" rel=\"noreferrer noopener\">Datos.xlsx<\/a><br>\u2013 <a href=\"https:\/\/ddd.uab.cat\/pub\/llibres\/2015\/129382\/Encuesta.dat\" target=\"_blank\" rel=\"noreferrer noopener\">Encuesta.dat<\/a><br>\u2013 <a href=\"https:\/\/ddd.uab.cat\/pub\/llibres\/2015\/129382\/Encuesta.txt\" target=\"_blank\" rel=\"noreferrer noopener\">Encuesta.txt<\/a><br>\u2013 <a href=\"https:\/\/ddd.uab.cat\/pub\/llibres\/2015\/129382\/Encuesta.csv\">Encuesta.csv<\/a><br>\u2013 <a href=\"https:\/\/ddd.uab.cat\/pub\/llibres\/2015\/129382\/Encuesta.xlsx\" target=\"_blank\" rel=\"noreferrer noopener\">Encuesta.xlsx<\/a><br>\u2013 <a href=\"https:\/\/ddd.uab.cat\/pub\/llibres\/2015\/129382\/Encuesta.sps\" target=\"_blank\" rel=\"noreferrer noopener\">Encuesta.sps<\/a><br>\u2013 <a href=\"https:\/\/ddd.uab.cat\/pub\/llibres\/2015\/129382\/Encuesta.sav\" target=\"_blank\" rel=\"noreferrer noopener\">Encuesta.sav<\/a><br>\u2013 <a href=\"https:\/\/ddd.uab.cat\/pub\/llibres\/2015\/129382\/X.rda\" target=\"_blank\" rel=\"noreferrer noopener\">X.rda<\/a> | <a href=\"https:\/\/ddd.uab.cat\/pub\/llibres\/2015\/129382\/Y.rda\" target=\"_blank\" rel=\"noreferrer noopener\">Y.rda<\/a><br>\u2013 <a href=\"https:\/\/ddd.uab.cat\/pub\/llibres\/2015\/129382\/YA.rda\" target=\"_blank\" rel=\"noreferrer noopener\">YA.rda<\/a> | <a href=\"https:\/\/ddd.uab.cat\/pub\/llibres\/2015\/129382\/YB.rda\" target=\"_blank\" rel=\"noreferrer noopener\">YB.rda<\/a><br>\u2013 <a href=\"https:\/\/ddd.uab.cat\/pub\/llibres\/2015\/129382\/Y13.rda\" target=\"_blank\" rel=\"noreferrer noopener\">Y13.rda<\/a> | <a href=\"https:\/\/ddd.uab.cat\/pub\/llibres\/2015\/129382\/Y46.rda\" target=\"_blank\" rel=\"noreferrer noopener\">Y46.rda<\/a><br>\u2013 <a href=\"https:\/\/ddd.uab.cat\/pub\/llibres\/2015\/129382\/Transformar.R\" target=\"_blank\" rel=\"noreferrer noopener\">Transformar.R<\/a><br>\u2013 <a href=\"https:\/\/ddd.uab.cat\/pub\/llibres\/2015\/129382\/CIS3041a.rda\" target=\"_blank\" rel=\"noreferrer noopener\">CIS3041a.rda<\/a><\/p>\n<\/div>\n<\/div>\n\n\n\n<div class=\"wp-block-columns is-layout-flex wp-container-core-columns-is-layout-9d6595d7 wp-block-columns-is-layout-flex\">\n<div class=\"wp-block-column is-layout-flow wp-block-column-is-layout-flow\" style=\"flex-basis:100%\">\n<div class=\"wp-block-columns is-layout-flex wp-container-core-columns-is-layout-9d6595d7 wp-block-columns-is-layout-flex\">\n<div class=\"wp-block-column is-layout-flow wp-block-column-is-layout-flow\" style=\"flex-basis:100%\"><\/div>\n<\/div>\n<\/div>\n<\/div>\n\n\n\n<p><strong>C\u00f3mo citar este cap\u00edtulo<\/strong>:<br>L\u00f3pez-Rold\u00e1n, P.; Fachelli, S. (2015). Preparaci\u00f3n de los datos para el an\u00e1lisis. En P. L\u00f3pez-Rold\u00e1n y S. Fachelli, <em>Metodolog\u00eda de la Investigaci\u00f3n Social Cuantitativa<\/em>. Bellaterra (Cerdanyola del Vall\u00e8s): Dip\u00f2sit Digital de Documents, Universitat Aut\u00f2noma de Barcelona. Cap\u00edtulo III.2. 1\u00aa edici\u00f3n. Edici\u00f3n digital: http:\/\/ddd.uab.cat\/record\/129381<\/p>\n\n\n\n<p class=\"has-text-align-center\">1\u00aa edici\u00f3n, febrero de 2015<\/p>\n\n\n\n<p class=\"has-text-align-center\"><em><span style=\"font-size: x-small;font-family: book antiqua,palatino\"><a href=\"http:\/\/creativecommons.org\/licenses\/by-nc-nd\/4.0\/\"><img loading=\"lazy\" decoding=\"async\" style=\"border-width: 0;border: 0;vertical-align: middle\" src=\"https:\/\/i.creativecommons.org\/l\/by-nc-nd\/4.0\/88x31.png\" alt=\"Licencia de Creative Commons\" width=\"77\" height=\"27\"><\/a><\/span><\/em><br><em><span style=\"font-size: x-small;font-family: book antiqua,palatino\">Licensed under a <a href=\"http:\/\/creativecommons.org\/licenses\/by-nc-sa\/4.0\/\" rel=\"license\">Creative Commons<\/a><\/span><\/em><\/p>\n","protected":false},"excerpt":{"rendered":"<p>Metodolog\u00eda de la Investigaci\u00f3n Social Cuantitativa Pedro L\u00f3pez-Rold\u00e1nSandra Fachelli Cap\u00edtulo III.2 Preparaci\u00f3n de los datos para el an\u00e1lisis El cap\u00edtulo 2 de la Parte III trata diversos procedimientos destinados a tres grupos de tareas principales: la creaci\u00f3n e identificaci\u00f3n de matrices de datos, su transformaci\u00f3n, tanto manipulando ficheros como modificando o creando nuevas variables, y [&hellip;]<\/p>\n","protected":false},"author":20,"featured_media":0,"parent":0,"menu_order":0,"comment_status":"closed","ping_status":"closed","template":"","meta":{"footnotes":""},"class_list":["post-350","page","type-page","status-publish","hentry"],"_links":{"self":[{"href":"https:\/\/webs.uab.cat\/plopez\/wp-json\/wp\/v2\/pages\/350","targetHints":{"allow":["GET"]}}],"collection":[{"href":"https:\/\/webs.uab.cat\/plopez\/wp-json\/wp\/v2\/pages"}],"about":[{"href":"https:\/\/webs.uab.cat\/plopez\/wp-json\/wp\/v2\/types\/page"}],"author":[{"embeddable":true,"href":"https:\/\/webs.uab.cat\/plopez\/wp-json\/wp\/v2\/users\/20"}],"replies":[{"embeddable":true,"href":"https:\/\/webs.uab.cat\/plopez\/wp-json\/wp\/v2\/comments?post=350"}],"version-history":[{"count":10,"href":"https:\/\/webs.uab.cat\/plopez\/wp-json\/wp\/v2\/pages\/350\/revisions"}],"predecessor-version":[{"id":1430,"href":"https:\/\/webs.uab.cat\/plopez\/wp-json\/wp\/v2\/pages\/350\/revisions\/1430"}],"wp:attachment":[{"href":"https:\/\/webs.uab.cat\/plopez\/wp-json\/wp\/v2\/media?parent=350"}],"curies":[{"name":"wp","href":"https:\/\/api.w.org\/{rel}","templated":true}]}}