{"id":361,"date":"2015-04-09T19:25:14","date_gmt":"2015-04-09T19:25:14","guid":{"rendered":"https:\/\/webs.uab.cat\/plopez\/iii-6\/"},"modified":"2025-10-02T07:03:33","modified_gmt":"2025-10-02T05:03:33","slug":"iii-6","status":"publish","type":"page","link":"https:\/\/webs.uab.cat\/plopez\/iii-6\/","title":{"rendered":"III.6 An\u00e1lisis de tablas de contingencia"},"content":{"rendered":"\n<div class=\"wp-block-media-text is-stacked-on-mobile\" style=\"grid-template-columns:22% auto\"><figure class=\"wp-block-media-text__media\"><img loading=\"lazy\" decoding=\"async\" width=\"370\" height=\"525\" src=\"https:\/\/webs.uab.cat\/plopez\/wp-content\/uploads\/sites\/156\/2015\/01\/Portada.png\" alt=\"MISC\" class=\"wp-image-279 size-full\" srcset=\"https:\/\/webs.uab.cat\/plopez\/wp-content\/uploads\/sites\/156\/2015\/01\/Portada.png 370w, https:\/\/webs.uab.cat\/plopez\/wp-content\/uploads\/sites\/156\/2015\/01\/Portada-211x300.png 211w\" sizes=\"auto, (max-width: 370px) 100vw, 370px\" \/><\/figure><div class=\"wp-block-media-text__content\">\n<p><strong><br>Metodolog\u00eda de la Investigaci\u00f3n Social Cuantitativa<\/strong><\/p>\n\n\n\n<p>Pedro L\u00f3pez-Rold\u00e1n<br>Sandra Fachelli<\/p>\n<\/div><\/div>\n\n\n\n<h2 class=\"wp-block-heading\">Cap\u00edtulo III.6 <br>An\u00e1lisis de tablas de contingencia<\/h2>\n\n\n\n<p>Cap\u00edtulo destinado a estudiar las relaciones entre variables cualitativas a trav\u00e9s del  an\u00e1lisis cl\u00e1sico de tablas de contingencia. Se distinguen dos partes principales: la destinada al an\u00e1lisis bivariable y luego su extensi\u00f3n al tratamiento de tablas multidimensionales. En el desarrollo de estos contenidos se introduce el an\u00e1lisis de residuos, el an\u00e1lisis de diferencias de proporciones, el an\u00e1lisis de razones, una introducci\u00f3n al an\u00e1lisis de la movilidad social y la paradoja de Simpson. Al final del cap\u00edtulo se presenta c\u00f3mo realizar un an\u00e1lisis de tablas de contingencia con la ayuda de los softwares estad\u00edsticos SPSS y R.<\/p>\n\n\n\n<div class=\"wp-block-columns is-layout-flex wp-container-core-columns-is-layout-9d6595d7 wp-block-columns-is-layout-flex\">\n<div class=\"wp-block-column is-layout-flow wp-block-column-is-layout-flow\">\n<div class=\"wp-block-columns is-layout-flex wp-container-core-columns-is-layout-9d6595d7 wp-block-columns-is-layout-flex\">\n<div class=\"wp-block-column is-layout-flow wp-block-column-is-layout-flow\" style=\"flex-basis:20%\"><div class=\"wp-block-image\">\n<figure class=\"aligncenter size-full is-resized\"><img loading=\"lazy\" decoding=\"async\" width=\"300\" height=\"300\" src=\"https:\/\/webs.uab.cat\/plopez\/wp-content\/uploads\/sites\/156\/2023\/02\/image.png\" alt=\"\" class=\"wp-image-1040\" style=\"width:50px;height:50px\" srcset=\"https:\/\/webs.uab.cat\/plopez\/wp-content\/uploads\/sites\/156\/2023\/02\/image.png 300w, https:\/\/webs.uab.cat\/plopez\/wp-content\/uploads\/sites\/156\/2023\/02\/image-150x150.png 150w\" sizes=\"auto, (max-width: 300px) 100vw, 300px\" \/><\/figure>\n<\/div><\/div>\n\n\n\n<div class=\"wp-block-column is-vertically-aligned-center is-layout-flow wp-block-column-is-layout-flow\" style=\"flex-basis:40%\">\n<p class=\"has-text-align-left\"><a rel=\"noopener\" href=\"http:\/\/ddd.uab.cat\/pub\/caplli\/2015\/131469\/metinvsoccuan_cap3-6a2015.pdf\" target=\"_blank\">Documento del cap\u00edtulo III.6<\/a><\/p>\n<\/div>\n<\/div>\n<\/div>\n\n\n\n<div class=\"wp-block-column is-layout-flow wp-block-column-is-layout-flow\">\n<div class=\"wp-block-columns is-layout-flex wp-container-core-columns-is-layout-9d6595d7 wp-block-columns-is-layout-flex\">\n<div class=\"wp-block-column is-layout-flow wp-block-column-is-layout-flow\" style=\"flex-basis:20%\"><div class=\"wp-block-image\">\n<figure class=\"aligncenter size-full is-resized\"><img loading=\"lazy\" decoding=\"async\" width=\"900\" height=\"900\" src=\"https:\/\/webs.uab.cat\/plopez\/wp-content\/uploads\/sites\/156\/2015\/01\/png-clipart-computer-icons-video-file-format-data-conversion-video-icon-miscellaneous-angle.png\" alt=\"png-clipart-computer-icons-video-file-format-data-conversion-video-icon-miscellaneous-angle.png\" class=\"wp-image-288\" style=\"width:50px;height:50px\" srcset=\"https:\/\/webs.uab.cat\/plopez\/wp-content\/uploads\/sites\/156\/2015\/01\/png-clipart-computer-icons-video-file-format-data-conversion-video-icon-miscellaneous-angle.png 900w, https:\/\/webs.uab.cat\/plopez\/wp-content\/uploads\/sites\/156\/2015\/01\/png-clipart-computer-icons-video-file-format-data-conversion-video-icon-miscellaneous-angle-300x300.png 300w, https:\/\/webs.uab.cat\/plopez\/wp-content\/uploads\/sites\/156\/2015\/01\/png-clipart-computer-icons-video-file-format-data-conversion-video-icon-miscellaneous-angle-150x150.png 150w, https:\/\/webs.uab.cat\/plopez\/wp-content\/uploads\/sites\/156\/2015\/01\/png-clipart-computer-icons-video-file-format-data-conversion-video-icon-miscellaneous-angle-768x768.png 768w\" sizes=\"auto, (max-width: 900px) 100vw, 900px\" \/><\/figure>\n<\/div><\/div>\n\n\n\n<div class=\"wp-block-column is-vertically-aligned-center is-layout-flow wp-block-column-is-layout-flow\" style=\"flex-basis:40%\">\n<p><a rel=\"noopener\" href=\"https:\/\/ddd.uab.cat\/record\/233626\" target=\"_blank\">V\u00eddeo de presentaci\u00f3n<\/a><\/p>\n<\/div>\n<\/div>\n<\/div>\n<\/div>\n\n\n\n<div class=\"wp-block-columns is-layout-flex wp-container-core-columns-is-layout-9d6595d7 wp-block-columns-is-layout-flex\">\n<div class=\"wp-block-column is-layout-flow wp-block-column-is-layout-flow\" style=\"flex-basis:5%\">\n<figure class=\"wp-block-image size-full is-resized\"><img loading=\"lazy\" decoding=\"async\" width=\"256\" height=\"256\" src=\"https:\/\/webs.uab.cat\/plopez\/wp-content\/uploads\/sites\/156\/2015\/02\/documentos1.png\" alt=\"\" class=\"wp-image-334\" style=\"width:50px;height:50px\" srcset=\"https:\/\/webs.uab.cat\/plopez\/wp-content\/uploads\/sites\/156\/2015\/02\/documentos1.png 256w, https:\/\/webs.uab.cat\/plopez\/wp-content\/uploads\/sites\/156\/2015\/02\/documentos1-150x150.png 150w\" sizes=\"auto, (max-width: 256px) 100vw, 256px\" \/><\/figure>\n<\/div>\n\n\n\n<div class=\"wp-block-column is-vertically-aligned-center is-layout-flow wp-block-column-is-layout-flow\" style=\"flex-basis:85%\">\n<p><strong>Archivos adjuntos:<\/strong><\/p>\n<\/div>\n<\/div>\n\n\n\n<div class=\"wp-block-columns is-layout-flex wp-container-core-columns-is-layout-9d6595d7 wp-block-columns-is-layout-flex\">\n<div class=\"wp-block-column is-layout-flow wp-block-column-is-layout-flow\">\n<p>\u2013 <a href=\"https:\/\/ddd.uab.cat\/pub\/llibres\/2015\/129382\/Coche.sav\" target=\"_blank\" rel=\"noreferrer noopener\">Coche.sav<\/a><br>\u2013 <a href=\"https:\/\/ddd.uab.cat\/pub\/llibres\/2015\/129382\/CIS3041+.sav\" target=\"_blank\" rel=\"noreferrer noopener\">CIS3041+.sav<\/a> <br>\u2013 <a href=\"https:\/\/ddd.uab.cat\/pub\/llibres\/2015\/129382\/Llengua.sav\" target=\"_blank\" rel=\"noreferrer noopener\">Llengua.sav<\/a><br>\u2013 <a href=\"https:\/\/ddd.uab.cat\/pub\/llibres\/2015\/129382\/Ingresos.sav\" target=\"_blank\" rel=\"noreferrer noopener\">Ingresos.sav<\/a><br>\u2013 <a href=\"https:\/\/ddd.uab.cat\/pub\/llibres\/2015\/129382\/Abandono.sav\" target=\"_blank\" rel=\"noreferrer noopener\">Abandono.sav<\/a><br>\u2013 <a href=\"https:\/\/ddd.uab.cat\/pub\/llibres\/2015\/129382\/Actitud.sav\" target=\"_blank\" rel=\"noreferrer noopener\">Actitud.sav<\/a>\u00a0<br>\u2013 <a href=\"https:\/\/ddd.uab.cat\/pub\/llibres\/2015\/129382\/AMS_ECV2011.sav\" target=\"_blank\" rel=\"noreferrer noopener\">AMS_ECV2011.sav<\/a><br>\u2013 <a href=\"https:\/\/ddd.uab.cat\/pub\/llibres\/2015\/129382\/Movilidad_AL-EU.sav\" target=\"_blank\" rel=\"noreferrer noopener\">Movilidad_AL-EU.sav<\/a><br>\u2013 <a href=\"https:\/\/ddd.uab.cat\/pub\/llibres\/2015\/129382\/ATC-Coche.sps\" target=\"_blank\" rel=\"noreferrer noopener\">ATC-Coche.sps<\/a><br>\u2013 <a href=\"http:\/\/pagines.uab.cat\/plopez\/sites\/pagines.uab.cat.plopez\/files\/ATC-Abandono.sps\" target=\"_blank\" rel=\"noreferrer noopener\">ATC-Aband<\/a><a href=\"https:\/\/ddd.uab.cat\/pub\/llibres\/2015\/129382\/ATC-Abandono.sps\" target=\"_blank\" rel=\"noreferrer noopener\">ono.sps<\/a><br>\u2013 <a href=\"https:\/\/ddd.uab.cat\/pub\/llibres\/2015\/129382\/ATC-Actitud.sps\" target=\"_blank\" rel=\"noreferrer noopener\">ATC-Actitud.sps<\/a><br>\u2013 <a href=\"https:\/\/ddd.uab.cat\/pub\/llibres\/2015\/129382\/ATC-Berkeley.sps\" target=\"_blank\" rel=\"noreferrer noopener\">ATC-Berkeley.sps<\/a><br>\u2013 <a href=\"https:\/\/ddd.uab.cat\/pub\/llibres\/2015\/129382\/ATC-Desempleo.sps\" target=\"_blank\" rel=\"noreferrer noopener\">ATC-Desempleo.sps<\/a><br>\u2013 <a href=\"https:\/\/ddd.uab.cat\/pub\/llibres\/2015\/129382\/ATC-Ingresos.sps\" target=\"_blank\" rel=\"noreferrer noopener\">ATC-Ingresos.sps<\/a><\/p>\n<\/div>\n\n\n\n<div class=\"wp-block-column is-layout-flow wp-block-column-is-layout-flow\">\n<p>\u2013 <a href=\"https:\/\/ddd.uab.cat\/pub\/llibres\/2015\/129382\/CIS3041a.rda\" target=\"_blank\" rel=\"noreferrer noopener\">CIS3041a.rda<\/a><br>\u2013 <a href=\"https:\/\/ddd.uab.cat\/pub\/llibres\/2015\/129382\/Llengua.rda\" target=\"_blank\" rel=\"noreferrer noopener\">Llengua.rda<\/a><br>\u2013 <a href=\"https:\/\/ddd.uab.cat\/pub\/llibres\/2015\/129382\/Ingresos.rda\" target=\"_blank\" rel=\"noreferrer noopener\">Ingresos.rda<\/a><br>\u2013 <a href=\"https:\/\/ddd.uab.cat\/pub\/llibres\/2015\/129382\/Abandono.rda\" target=\"_blank\" rel=\"noreferrer noopener\">Abandono.rda<\/a><br>\u2013 <a href=\"https:\/\/ddd.uab.cat\/pub\/llibres\/2015\/129382\/Actitud.rda\" target=\"_blank\" rel=\"noreferrer noopener\">Actitud.rda<\/a><br>\u2013 <a href=\"https:\/\/ddd.uab.cat\/pub\/llibres\/2015\/129382\/Berkeley.rda\" target=\"_blank\" rel=\"noreferrer noopener\">Berkeley.rda<\/a><br>\u2013 <a href=\"https:\/\/ddd.uab.cat\/pub\/llibres\/2015\/129382\/Coche.rda\" target=\"_blank\" rel=\"noreferrer noopener\">Coche.rda<\/a><br>\u2013 <a href=\"https:\/\/ddd.uab.cat\/pub\/llibres\/2015\/129382\/AMS_ECV2011.rda\" target=\"_blank\" rel=\"noreferrer noopener\">AMS_ECV2011.rda<\/a><br>\u2013 <a href=\"https:\/\/ddd.uab.cat\/pub\/llibres\/2015\/129382\/ATC-Llengua.R\" target=\"_blank\" rel=\"noreferrer noopener\">ATC-Llengua.R<\/a><br>\u2013 <a href=\"https:\/\/ddd.uab.cat\/pub\/llibres\/2015\/129382\/ATC-Ingresos.R\" target=\"_blank\" rel=\"noreferrer noopener\">ATC-Ingresos.R<\/a><br>\u2013 <a href=\"https:\/\/ddd.uab.cat\/pub\/llibres\/2015\/129382\/ATC-Abandono.R\" target=\"_blank\" rel=\"noreferrer noopener\">ATC-Abandono.R<\/a><br>\u2013 <a href=\"https:\/\/ddd.uab.cat\/pub\/llibres\/2015\/129382\/ATC-Actitud.R\" target=\"_blank\" rel=\"noreferrer noopener\">ATC-Actitud.R<\/a><br>\u2013 <a href=\"https:\/\/ddd.uab.cat\/pub\/llibres\/2015\/129382\/ATC-Coche.R\" target=\"_blank\" rel=\"noreferrer noopener\">ATC-Coche.R<\/a><br>\u2013 <a href=\"https:\/\/ddd.uab.cat\/pub\/llibres\/2015\/129382\/ATC-Berkeley.R\" target=\"_blank\" rel=\"noreferrer noopener\">ATC-Berkeley.R<\/a><br>\u2013 <a href=\"https:\/\/ddd.uab.cat\/pub\/llibres\/2015\/129382\/Tabla.R\" target=\"_blank\" rel=\"noreferrer noopener\">Tabla.R<\/a><\/p>\n<\/div>\n<\/div>\n\n\n\n<p><strong>C\u00f3mo citar este cap\u00edtulo<\/strong>:<br>L\u00f3pez-Rold\u00e1n, P.; Fachelli, S. (2015). An\u00e1lisis de tablas de contingencia. En P. L\u00f3pez-Rold\u00e1n y S. Fachelli, <em>Metodolog\u00eda de la Investigaci\u00f3n Social Cuantitativa<\/em>. Bellaterra (Cerdanyola del Vall\u00e8s): Dip\u00f2sit Digital de Documents, Universitat Aut\u00f2noma de Barcelona. Cap\u00edtulo III.6. 1\u00aa edici\u00f3n. Versi\u00f3n 2 corregida. Edici\u00f3n digital: <a href=\"http:\/\/ddd.uab.cat\/record\/131469\" target=\"_blank\" rel=\"noreferrer noopener\">http:\/\/ddd.uab.cat\/record\/131469<\/a><\/p>\n\n\n\n<p class=\"has-text-align-center\">1\u00aa edici\u00f3n, febrero de 2015<\/p>\n\n\n\n<p class=\"has-text-align-center\"><em><span style=\"font-size: x-small;font-family: book antiqua,palatino\"><a href=\"http:\/\/creativecommons.org\/licenses\/by-nc-nd\/4.0\/\"><img loading=\"lazy\" decoding=\"async\" style=\"border-width: 0;border: 0;vertical-align: middle\" src=\"https:\/\/i.creativecommons.org\/l\/by-nc-nd\/4.0\/88x31.png\" alt=\"Licencia de Creative Commons\" width=\"77\" height=\"27\"><\/a><\/span><\/em>&nbsp; &nbsp; &nbsp;<br><em><span style=\"font-size: x-small;font-family: book antiqua,palatino\">Licensed under a <a href=\"http:\/\/creativecommons.org\/licenses\/by-nc-sa\/4.0\/\" rel=\"license\">Creative Commons<\/a><\/span><\/em><\/p>\n","protected":false},"excerpt":{"rendered":"<p>Metodolog\u00eda de la Investigaci\u00f3n Social Cuantitativa Pedro L\u00f3pez-Rold\u00e1nSandra Fachelli Cap\u00edtulo III.6 An\u00e1lisis de tablas de contingencia Cap\u00edtulo destinado a estudiar las relaciones entre variables cualitativas a trav\u00e9s del an\u00e1lisis cl\u00e1sico de tablas de contingencia. Se distinguen dos partes principales: la destinada al an\u00e1lisis bivariable y luego su extensi\u00f3n al tratamiento de tablas multidimensionales. En el [&hellip;]<\/p>\n","protected":false},"author":20,"featured_media":0,"parent":0,"menu_order":0,"comment_status":"closed","ping_status":"closed","template":"","meta":{"footnotes":""},"class_list":["post-361","page","type-page","status-publish","hentry"],"_links":{"self":[{"href":"https:\/\/webs.uab.cat\/plopez\/wp-json\/wp\/v2\/pages\/361","targetHints":{"allow":["GET"]}}],"collection":[{"href":"https:\/\/webs.uab.cat\/plopez\/wp-json\/wp\/v2\/pages"}],"about":[{"href":"https:\/\/webs.uab.cat\/plopez\/wp-json\/wp\/v2\/types\/page"}],"author":[{"embeddable":true,"href":"https:\/\/webs.uab.cat\/plopez\/wp-json\/wp\/v2\/users\/20"}],"replies":[{"embeddable":true,"href":"https:\/\/webs.uab.cat\/plopez\/wp-json\/wp\/v2\/comments?post=361"}],"version-history":[{"count":15,"href":"https:\/\/webs.uab.cat\/plopez\/wp-json\/wp\/v2\/pages\/361\/revisions"}],"predecessor-version":[{"id":1636,"href":"https:\/\/webs.uab.cat\/plopez\/wp-json\/wp\/v2\/pages\/361\/revisions\/1636"}],"wp:attachment":[{"href":"https:\/\/webs.uab.cat\/plopez\/wp-json\/wp\/v2\/media?parent=361"}],"curies":[{"name":"wp","href":"https:\/\/api.w.org\/{rel}","templated":true}]}}