{"id":505,"date":"2016-09-02T20:33:06","date_gmt":"2016-09-02T20:33:06","guid":{"rendered":"https:\/\/webs.uab.cat\/plopez\/i-2\/"},"modified":"2023-03-11T19:26:13","modified_gmt":"2023-03-11T18:26:13","slug":"i-2","status":"publish","type":"page","link":"https:\/\/webs.uab.cat\/plopez\/i-2\/","title":{"rendered":"I.2 El proceso de investigaci\u00f3n"},"content":{"rendered":"\n<div class=\"wp-block-media-text is-stacked-on-mobile\" style=\"grid-template-columns:22% auto\"><figure class=\"wp-block-media-text__media\"><img loading=\"lazy\" decoding=\"async\" width=\"370\" height=\"525\" src=\"https:\/\/webs.uab.cat\/plopez\/wp-content\/uploads\/sites\/156\/2015\/01\/Portada.png\" alt=\"MISC\" class=\"wp-image-279 size-full\" srcset=\"https:\/\/webs.uab.cat\/plopez\/wp-content\/uploads\/sites\/156\/2015\/01\/Portada.png 370w, https:\/\/webs.uab.cat\/plopez\/wp-content\/uploads\/sites\/156\/2015\/01\/Portada-211x300.png 211w\" sizes=\"auto, (max-width: 370px) 100vw, 370px\" \/><\/figure><div class=\"wp-block-media-text__content\">\n<p><strong><br>Metodolog\u00eda de la Investigaci\u00f3n Social Cuantitativa<\/strong><\/p>\n\n\n\n<p>Pedro L\u00f3pez-Rold\u00e1n<br>Sandra Fachelli<\/p>\n<\/div><\/div>\n\n\n\n<h2 class=\"wp-block-heading\">Cap\u00edtulo I.2 <br>El proceso de investigaci\u00f3n<\/h2>\n\n\n\n<p>En este segundo cap\u00edtulo, tomando como referencia los fundamentos metodol\u00f3gicos desarrollados en el primero, precisaremos las caracter\u00edsticas m\u00e1s espec\u00edficas del proceso de investigaci\u00f3n cient\u00edfica y situaremos los m\u00e9todos y las t\u00e9cnicas de investigaci\u00f3n en dicho contexto. En esta labor hablaremos de los niveles de reflexi\u00f3n de la pr\u00e1ctica de la investigaci\u00f3n que nos ofrecen instancias (epistemol\u00f3gica, metodol\u00f3gica y tecnol\u00f3gica) desde las cuales razonar y orientar la l\u00f3gica de un proceso investigativo. Damos cuenta de la din\u00e1mica del proceso de investigaci\u00f3n con la interacci\u00f3n entre la teor\u00eda y la realidad emp\u00edrica y proponemos un esquema en nueve etapas que nos ayudar\u00e1n en el planteamiento y estructuraci\u00f3n de un estudio emp\u00edrico.<\/p>\n\n\n\n<div class=\"wp-block-columns is-layout-flex wp-container-core-columns-is-layout-9d6595d7 wp-block-columns-is-layout-flex\">\n<div class=\"wp-block-column is-layout-flow wp-block-column-is-layout-flow\" style=\"flex-basis:5%\">\n<figure class=\"wp-block-image size-full\"><img loading=\"lazy\" decoding=\"async\" width=\"300\" height=\"300\" src=\"https:\/\/webs.uab.cat\/plopez\/wp-content\/uploads\/sites\/156\/2023\/02\/pdf.png\" alt=\"\" class=\"wp-image-992\" srcset=\"https:\/\/webs.uab.cat\/plopez\/wp-content\/uploads\/sites\/156\/2023\/02\/pdf.png 300w, https:\/\/webs.uab.cat\/plopez\/wp-content\/uploads\/sites\/156\/2023\/02\/pdf-150x150.png 150w\" sizes=\"auto, (max-width: 300px) 100vw, 300px\" \/><\/figure>\n<\/div>\n\n\n\n<div class=\"wp-block-column is-vertically-aligned-center is-layout-flow wp-block-column-is-layout-flow\" style=\"flex-basis:85%\">\n<p class=\"has-normal-font-size\"><a rel=\"noreferrer noopener\" href=\"http:\/\/ddd.uab.cat\/pub\/caplli\/2016\/163564\/metinvsoccua_a2016_cap1-2.pdf\" target=\"_blank\">Documento del cap\u00edtulo I.2<\/a><\/p>\n<\/div>\n<\/div>\n\n\n\n<p><strong>C\u00f3mo citar este cap\u00edtulo<\/strong>:<br>L\u00f3pez-Rold\u00e1n, P.; Fachelli, S. (2015). El proceso de investigaci\u00f3n. En P. L\u00f3pez-Rold\u00e1n y S. Fachelli, <em>Metodolog\u00eda de la Investigaci\u00f3n Social Cuantitativa<\/em>. Bellaterra (Cerdanyola del Vall\u00e8s): Dip\u00f2sit Digital de Documents, Universitat Aut\u00f2noma de Barcelona. Cap\u00edtulo I.2. 1\u00aa edici\u00f3n. Edici\u00f3n digital: <a href=\"http:\/\/ddd.uab.cat\/record\/163564\" target=\"_blank\" rel=\"noopener\">http:\/\/ddd.uab.cat\/record\/163564<\/a><\/p>\n\n\n\n<p class=\"has-text-align-center\">1\u00aa edici\u00f3n, febrero de 2015. Cap\u00edtulo acabado de redactar en diciembre de 2015<\/p>\n\n\n\n<p class=\"has-text-align-center\"><em><span style=\"font-size: x-small;font-family: book antiqua,palatino\"><a href=\"http:\/\/creativecommons.org\/licenses\/by-nc-nd\/4.0\/\"><img loading=\"lazy\" decoding=\"async\" style=\"border-width: 0;border: 0;vertical-align: middle\" src=\"https:\/\/i.creativecommons.org\/l\/by-nc-nd\/4.0\/88x31.png\" alt=\"Licencia de Creative Commons\" width=\"77\" height=\"27\"><\/a><\/span><\/em><br><em><span style=\"font-size: x-small;font-family: book antiqua,palatino\">Licensed under a <a href=\"http:\/\/creativecommons.org\/licenses\/by-nc-sa\/4.0\/\" rel=\"license\">Creative Commons<\/a><\/span><\/em><\/p>\n","protected":false},"excerpt":{"rendered":"<p>Metodolog\u00eda de la Investigaci\u00f3n Social Cuantitativa Pedro L\u00f3pez-Rold\u00e1nSandra Fachelli Cap\u00edtulo I.2 El proceso de investigaci\u00f3n En este segundo cap\u00edtulo, tomando como referencia los fundamentos metodol\u00f3gicos desarrollados en el primero, precisaremos las caracter\u00edsticas m\u00e1s espec\u00edficas del proceso de investigaci\u00f3n cient\u00edfica y situaremos los m\u00e9todos y las t\u00e9cnicas de investigaci\u00f3n en dicho contexto. En esta labor hablaremos [&hellip;]<\/p>\n","protected":false},"author":20,"featured_media":0,"parent":0,"menu_order":0,"comment_status":"closed","ping_status":"closed","template":"","meta":{"footnotes":""},"class_list":["post-505","page","type-page","status-publish","hentry"],"_links":{"self":[{"href":"https:\/\/webs.uab.cat\/plopez\/wp-json\/wp\/v2\/pages\/505","targetHints":{"allow":["GET"]}}],"collection":[{"href":"https:\/\/webs.uab.cat\/plopez\/wp-json\/wp\/v2\/pages"}],"about":[{"href":"https:\/\/webs.uab.cat\/plopez\/wp-json\/wp\/v2\/types\/page"}],"author":[{"embeddable":true,"href":"https:\/\/webs.uab.cat\/plopez\/wp-json\/wp\/v2\/users\/20"}],"replies":[{"embeddable":true,"href":"https:\/\/webs.uab.cat\/plopez\/wp-json\/wp\/v2\/comments?post=505"}],"version-history":[{"count":5,"href":"https:\/\/webs.uab.cat\/plopez\/wp-json\/wp\/v2\/pages\/505\/revisions"}],"predecessor-version":[{"id":1359,"href":"https:\/\/webs.uab.cat\/plopez\/wp-json\/wp\/v2\/pages\/505\/revisions\/1359"}],"wp:attachment":[{"href":"https:\/\/webs.uab.cat\/plopez\/wp-json\/wp\/v2\/media?parent=505"}],"curies":[{"name":"wp","href":"https:\/\/api.w.org\/{rel}","templated":true}]}}