{"id":514,"date":"2020-09-19T09:46:17","date_gmt":"2020-09-19T09:46:17","guid":{"rendered":"https:\/\/webs.uab.cat\/plopez\/i-1\/"},"modified":"2023-03-11T19:25:12","modified_gmt":"2023-03-11T18:25:12","slug":"i-1","status":"publish","type":"page","link":"https:\/\/webs.uab.cat\/plopez\/i-1\/","title":{"rendered":"I.1 Fundamentos metodol\u00f3gicos"},"content":{"rendered":"\n<div class=\"wp-block-media-text is-stacked-on-mobile\" style=\"grid-template-columns:25% auto\"><figure class=\"wp-block-media-text__media\"><img loading=\"lazy\" decoding=\"async\" width=\"370\" height=\"525\" src=\"https:\/\/webs.uab.cat\/plopez\/wp-content\/uploads\/sites\/156\/2015\/01\/Portada.png\" alt=\"MISC\" class=\"wp-image-279 size-full\" srcset=\"https:\/\/webs.uab.cat\/plopez\/wp-content\/uploads\/sites\/156\/2015\/01\/Portada.png 370w, https:\/\/webs.uab.cat\/plopez\/wp-content\/uploads\/sites\/156\/2015\/01\/Portada-211x300.png 211w\" sizes=\"auto, (max-width: 370px) 100vw, 370px\" \/><\/figure><div class=\"wp-block-media-text__content\">\n<p><strong><br>Metodolog\u00eda de la Investigaci\u00f3n Social Cuantitativa<\/strong><\/p>\n\n\n\n<p>Pedro L\u00f3pez-Rold\u00e1n<br>Sandra Fachelli<\/p>\n<\/div><\/div>\n\n\n\n<h2 class=\"wp-block-heading\">Cap\u00edtulo I.1 <br>Fundamentos metodol\u00f3gicos<\/h2>\n\n\n\n<p>En el primer cap\u00edtulo presentamos los fundamentos y principios generales que gu\u00edan nuestra concepci\u00f3n de la investigaci\u00f3n en cient\u00edfica en Ciencias Sociales y que fundamentan la pr\u00e1ctica del m\u00e9todo cient\u00edfico para el conocimiento racional y objetivado de los fen\u00f3menos sociales.&nbsp;Se inicia introduciendo el concepto de Epistemolog\u00eda y repasamos brevemente las principales contribuciones realizadas a lo largo de la historia con algunos de&nbsp;los aportes m\u00e1s destacados del siglo XX. As\u00ed introducimos los conceptos fundamentales propuestos por el inductivismo, el m\u00e9todo hipot\u00e9tico-deductivo, el falsacionismo de Karl Popper, los programas de investigaci\u00f3n de Imre Lakatos, los paradigmas de Thomas Kuhn y concluimos el apartado con la propuesta de Paul Feyerabend. El cap\u00edtulo&nbsp;se completa con unas reflexiones generales para situar a la metodolog\u00eda cuantitativa en el marco de la investigaci\u00f3n cient\u00edfica en ciencias sociales y en la Sociolog\u00eda.<\/p>\n\n\n\n<div class=\"wp-block-columns is-layout-flex wp-container-core-columns-is-layout-9d6595d7 wp-block-columns-is-layout-flex\">\n<div class=\"wp-block-column is-layout-flow wp-block-column-is-layout-flow\" style=\"flex-basis:5%\">\n<figure class=\"wp-block-image size-full\"><img loading=\"lazy\" decoding=\"async\" width=\"300\" height=\"300\" src=\"https:\/\/webs.uab.cat\/plopez\/wp-content\/uploads\/sites\/156\/2023\/02\/pdf.png\" alt=\"\" class=\"wp-image-992\" srcset=\"https:\/\/webs.uab.cat\/plopez\/wp-content\/uploads\/sites\/156\/2023\/02\/pdf.png 300w, https:\/\/webs.uab.cat\/plopez\/wp-content\/uploads\/sites\/156\/2023\/02\/pdf-150x150.png 150w\" sizes=\"auto, (max-width: 300px) 100vw, 300px\" \/><\/figure>\n<\/div>\n\n\n\n<div class=\"wp-block-column is-vertically-aligned-center is-layout-flow wp-block-column-is-layout-flow\" style=\"flex-basis:85%\">\n<p class=\"has-normal-font-size\"><a rel=\"noreferrer noopener\" href=\"https:\/\/ddd.uab.cat\/pub\/caplli\/2020\/232105\/metinvsoccua_cap1-1a2020.pdf\" target=\"_blank\">Documento del cap\u00edtulo I.1<\/a><\/p>\n<\/div>\n<\/div>\n\n\n\n<p><strong>C\u00f3mo citar este cap\u00edtulo<\/strong>:<br>L\u00f3pez-Rold\u00e1n, P.; Fachelli, S. (2020). Fundamentos metodol\u00f3gicos. En P. L\u00f3pez-Rold\u00e1n y S. Fachelli, <em>Metodolog\u00eda de la Investigaci\u00f3n Social Cuantitativa<\/em>. Bellaterra (Cerdanyola del Vall\u00e8s): Dip\u00f2sit Digital de Documents, Universitat Aut\u00f2noma de Barcelona. Cap\u00edtulo I.1. 1\u00aa edici\u00f3n. Edici\u00f3n digital:&nbsp;<a href=\"https:\/\/ddd.uab.cat\/record\/232105\" target=\"_blank\" rel=\"noopener\">https:\/\/ddd.uab.cat\/record\/232105<\/a><\/p>\n\n\n\n<p>1\u00aa edici\u00f3n, febrero de 2015. Cap\u00edtulo acabado de redactar en agosto de 2020.<\/p>\n\n\n<div class=\"wp-block-image\">\n<figure class=\"aligncenter size-full is-resized\"><img loading=\"lazy\" decoding=\"async\" src=\"https:\/\/webs.uab.cat\/plopez\/wp-content\/uploads\/sites\/156\/2012\/02\/by-nc-nd.eu_petit.png\" alt=\"by-nc-nd\" class=\"wp-image-617\" width=\"118\" height=\"41\" \/><\/figure>\n<\/div>\n\n\n<p class=\"has-text-align-center\"><em>Licensed under a <a href=\"http:\/\/creativecommons.org\/licenses\/by-nc-sa\/4.0\/\">Creative Commons<\/a><\/em><\/p>\n","protected":false},"excerpt":{"rendered":"<p>Metodolog\u00eda de la Investigaci\u00f3n Social Cuantitativa Pedro L\u00f3pez-Rold\u00e1nSandra Fachelli Cap\u00edtulo I.1 Fundamentos metodol\u00f3gicos En el primer cap\u00edtulo presentamos los fundamentos y principios generales que gu\u00edan nuestra concepci\u00f3n de la investigaci\u00f3n en cient\u00edfica en Ciencias Sociales y que fundamentan la pr\u00e1ctica del m\u00e9todo cient\u00edfico para el conocimiento racional y objetivado de los fen\u00f3menos sociales.&nbsp;Se inicia introduciendo [&hellip;]<\/p>\n","protected":false},"author":20,"featured_media":0,"parent":0,"menu_order":0,"comment_status":"closed","ping_status":"closed","template":"","meta":{"footnotes":""},"class_list":["post-514","page","type-page","status-publish","hentry"],"_links":{"self":[{"href":"https:\/\/webs.uab.cat\/plopez\/wp-json\/wp\/v2\/pages\/514","targetHints":{"allow":["GET"]}}],"collection":[{"href":"https:\/\/webs.uab.cat\/plopez\/wp-json\/wp\/v2\/pages"}],"about":[{"href":"https:\/\/webs.uab.cat\/plopez\/wp-json\/wp\/v2\/types\/page"}],"author":[{"embeddable":true,"href":"https:\/\/webs.uab.cat\/plopez\/wp-json\/wp\/v2\/users\/20"}],"replies":[{"embeddable":true,"href":"https:\/\/webs.uab.cat\/plopez\/wp-json\/wp\/v2\/comments?post=514"}],"version-history":[{"count":9,"href":"https:\/\/webs.uab.cat\/plopez\/wp-json\/wp\/v2\/pages\/514\/revisions"}],"predecessor-version":[{"id":1358,"href":"https:\/\/webs.uab.cat\/plopez\/wp-json\/wp\/v2\/pages\/514\/revisions\/1358"}],"wp:attachment":[{"href":"https:\/\/webs.uab.cat\/plopez\/wp-json\/wp\/v2\/media?parent=514"}],"curies":[{"name":"wp","href":"https:\/\/api.w.org\/{rel}","templated":true}]}}