{"id":69,"date":"2024-05-28T11:40:52","date_gmt":"2024-05-28T09:40:52","guid":{"rendered":"https:\/\/webs.uab.cat\/popfem\/?page_id=69"},"modified":"2024-06-13T18:19:33","modified_gmt":"2024-06-13T16:19:33","slug":"bibliografia","status":"publish","type":"page","link":"https:\/\/webs.uab.cat\/popfem\/bibliografia\/","title":{"rendered":"Bibliograf\u00eda"},"content":{"rendered":"\n<div class=\"wp-block-columns is-layout-flex wp-container-core-columns-is-layout-9d6595d7 wp-block-columns-is-layout-flex\">\n<div class=\"wp-block-column is-layout-flow wp-block-column-is-layout-flow\">\n<p>Bibliograf\u00eda del equipo de investigaci\u00f3n<\/p>\n<\/div>\n\n\n\n<div class=\"wp-block-column is-layout-flow wp-block-column-is-layout-flow\">\n<p class=\"has-text-align-right\">Bibliograf\u00eda general<\/p>\n<\/div>\n<\/div>\n\n\n\n<p class=\"has-text-align-center\">&#8211; <strong>P\u00c1GINA EN PROCESO DE ACTUALIZACI\u00d3N<\/strong> &#8211;<\/p>\n","protected":false},"excerpt":{"rendered":"<p>Bibliograf\u00eda del equipo de investigaci\u00f3n Bibliograf\u00eda general &#8211; P\u00c1GINA EN PROCESO DE ACTUALIZACI\u00d3N &#8211;<\/p>\n","protected":false},"author":2831,"featured_media":0,"parent":0,"menu_order":0,"comment_status":"closed","ping_status":"closed","template":"","meta":{"footnotes":""},"class_list":["post-69","page","type-page","status-publish","hentry"],"_links":{"self":[{"href":"https:\/\/webs.uab.cat\/popfem\/wp-json\/wp\/v2\/pages\/69","targetHints":{"allow":["GET"]}}],"collection":[{"href":"https:\/\/webs.uab.cat\/popfem\/wp-json\/wp\/v2\/pages"}],"about":[{"href":"https:\/\/webs.uab.cat\/popfem\/wp-json\/wp\/v2\/types\/page"}],"author":[{"embeddable":true,"href":"https:\/\/webs.uab.cat\/popfem\/wp-json\/wp\/v2\/users\/2831"}],"replies":[{"embeddable":true,"href":"https:\/\/webs.uab.cat\/popfem\/wp-json\/wp\/v2\/comments?post=69"}],"version-history":[{"count":2,"href":"https:\/\/webs.uab.cat\/popfem\/wp-json\/wp\/v2\/pages\/69\/revisions"}],"predecessor-version":[{"id":157,"href":"https:\/\/webs.uab.cat\/popfem\/wp-json\/wp\/v2\/pages\/69\/revisions\/157"}],"wp:attachment":[{"href":"https:\/\/webs.uab.cat\/popfem\/wp-json\/wp\/v2\/media?parent=69"}],"curies":[{"name":"wp","href":"https:\/\/api.w.org\/{rel}","templated":true}]}}