{"id":15,"date":"2025-08-07T14:25:13","date_gmt":"2025-08-07T12:25:13","guid":{"rendered":"https:\/\/webs.uab.cat\/powah\/?page_id=15"},"modified":"2025-08-18T17:54:00","modified_gmt":"2025-08-18T15:54:00","slug":"albert-navarro-gine","status":"publish","type":"page","link":"https:\/\/webs.uab.cat\/powah\/miembros\/albert-navarro-gine\/","title":{"rendered":"Albert Navarro Gin\u00e9"},"content":{"rendered":"\n<h2 class=\"wp-block-heading has-text-align-center\"><\/h2>\n\n\n\n<p class=\"has-drop-cap\">Profesor agregado en la Unidad de Bioestad\u00edstica, del Departamento de Pediatr\u00eda, Obstetricia y Ginecolog\u00eda y Medicina Preventiva y Salud P\u00fablica de la Universitat Aut\u00f2noma de Barcelona (UAB), y miembro del Instituto de Estudios del Trabajo (IET) de la UAB. Doctor en Salud P\u00fablica y Metodolog\u00eda de la Investigaci\u00f3n Biom\u00e9dica, cuenta con una amplia experiencia investigadora y docente en el an\u00e1lisis de datos procedentes de encuestas poblacionales y estudios epidemiol\u00f3gicos. Su principal l\u00ednea de investigaci\u00f3n se centra en el estudio de la exposici\u00f3n a riesgos psicosociales en el trabajo, analizando su origen en la organizaci\u00f3n del trabajo y las pr\u00e1cticas de gesti\u00f3n laboral, as\u00ed como su impacto en la salud de las personas trabajadoras. Es coautor de m\u00e1s de setenta art\u00edculos en revistas indexadas en el JCR y ha dirigido trece tesis doctorales.<\/p>\n\n\n\n<dl class=\"pir\">\n<dt><\/dt>\n<\/dl>\n\n\n\n<p>\ud83d\udce7\u00a0albert.navarro@uab.cat<br>\ud83d\udd17\u00a0<a href=\"https:\/\/orcid.org\/0000-0001-7153-4673\" target=\"_blank\" rel=\"noreferrer noopener\"><strong>ORCID ID:<\/strong>\u00a00000-0001-7153-4673<\/a><br>\ud83d\udd0e\u00a0<strong><a href=\"https:\/\/scholar.google.es\/citations?hl=en&amp;user=9ZX70o-5qnYC\" target=\"_blank\" rel=\"noreferrer noopener\">Google Scholar<\/a><\/strong><\/p>\n\n\n\n<p><\/p>\n","protected":false},"excerpt":{"rendered":"<p>Profesor agregado en la Unidad de Bioestad\u00edstica, del Departamento de Pediatr\u00eda, Obstetricia y Ginecolog\u00eda y Medicina Preventiva y Salud P\u00fablica de la Universitat Aut\u00f2noma de Barcelona (UAB), y miembro del Instituto de Estudios del Trabajo (IET) de la UAB. Doctor en Salud P\u00fablica y Metodolog\u00eda de la Investigaci\u00f3n Biom\u00e9dica, cuenta con una amplia experiencia investigadora [&hellip;]<\/p>\n","protected":false},"author":2767,"featured_media":0,"parent":9,"menu_order":0,"comment_status":"closed","ping_status":"closed","template":"","meta":{"footnotes":""},"class_list":["post-15","page","type-page","status-publish","hentry"],"_links":{"self":[{"href":"https:\/\/webs.uab.cat\/powah\/wp-json\/wp\/v2\/pages\/15","targetHints":{"allow":["GET"]}}],"collection":[{"href":"https:\/\/webs.uab.cat\/powah\/wp-json\/wp\/v2\/pages"}],"about":[{"href":"https:\/\/webs.uab.cat\/powah\/wp-json\/wp\/v2\/types\/page"}],"author":[{"embeddable":true,"href":"https:\/\/webs.uab.cat\/powah\/wp-json\/wp\/v2\/users\/2767"}],"replies":[{"embeddable":true,"href":"https:\/\/webs.uab.cat\/powah\/wp-json\/wp\/v2\/comments?post=15"}],"version-history":[{"count":7,"href":"https:\/\/webs.uab.cat\/powah\/wp-json\/wp\/v2\/pages\/15\/revisions"}],"predecessor-version":[{"id":200,"href":"https:\/\/webs.uab.cat\/powah\/wp-json\/wp\/v2\/pages\/15\/revisions\/200"}],"up":[{"embeddable":true,"href":"https:\/\/webs.uab.cat\/powah\/wp-json\/wp\/v2\/pages\/9"}],"wp:attachment":[{"href":"https:\/\/webs.uab.cat\/powah\/wp-json\/wp\/v2\/media?parent=15"}],"curies":[{"name":"wp","href":"https:\/\/api.w.org\/{rel}","templated":true}]}}