{"id":22,"date":"2019-01-15T12:17:44","date_gmt":"2019-01-15T10:17:44","guid":{"rendered":"https:\/\/blogs.uab.cat\/primerainfancia\/?page_id=22"},"modified":"2022-07-14T14:12:58","modified_gmt":"2022-07-14T12:12:58","slug":"el-projecte","status":"publish","type":"page","link":"https:\/\/webs.uab.cat\/primerainfancia\/","title":{"rendered":"El projecte"},"content":{"rendered":"\n<h2 class=\"wp-block-heading\"><strong>Models d\u2019educaci\u00f3 i cura de 0 a 3 anys i participaci\u00f3 en el mercat laboral: Estudi de la innovaci\u00f3 social a la ciutat de Barcelona.<\/strong><\/h2>\n\n\n\n<p>Us presentem un projecte de recerca que t\u00e9 l\u2019objectiu de con\u00e8ixer per qu\u00e8 les fam\u00edlies (pares\/mares) prefereixen i\/o trien un determinat model d\u2019educaci\u00f3 i cura de 0 a 3 anys per als seus fills\/es, i un determinat model de participaci\u00f3 en el mercat laboral. Aquestes dues decisions es prenen alhora perqu\u00e8 s\u00f3n interdependents i, un cop preses, tenen un impacte maj\u00fascul en diverses dimensions d\u2019equitat i (des)igualtat d\u2019oportunitats (no nom\u00e9s per als pares\/mares, sin\u00f3 tamb\u00e9 per als nens\/nenes). Per aquest motiu, con\u00e8ixer les motivacions dels pares\/mares en aquestes decisions \u00e9s molt rellevant des d\u2019un punt de vista social, pol\u00edtic i econ\u00f2mic.<\/p>\n\n\n\n<p>En els \u00faltims anys, a l\u2019oferta tradicional institucionalitzada (p\u00fablica\/privada) d\u2019educaci\u00f3 de 0 a 3 anys s\u2019hi han afegit <em>models alternatius innovadors<\/em>. Quines s\u00f3n les caracter\u00edstiques d\u2019aquests models? Com es distribueixen en els barris de Barcelona? Quin perfil de fam\u00edlia tria cada opci\u00f3 i per qu\u00e8? Aquest estudi aporta coneixement \u00fatil per al disseny d\u2019instruments de pol\u00edtica p\u00fablica que poden influenciar les decisions dels pares\/mares i millorar la igualtat d\u2019oportunitats per ells i pels seus fills\/es.<\/p>\n\n\n\n<p>La recerca est\u00e0 finan\u00e7ada pel programa RecerCaixa i realitzada per un equip interdisciplinar amb professionals de la Universitat Aut\u00f2noma de Barcelona i la Universitat de Barcelona. Tamb\u00e9 compta amb una \u00e0mplia comissi\u00f3 d&#8217;assessorament integrada per m\u00e9s de mitja dotzena d&#8217;entitats.<\/p>\n\n\n\n<hr class=\"wp-block-separator has-alpha-channel-opacity\"\/>\n\n\n\n<p>Pots <a rel=\"noreferrer noopener\" href=\"https:\/\/webs.uab.cat\/primerainfancia\/wp-content\/uploads\/sites\/44\/2021\/06\/Resum-EDU_Model-educacio-i-cura-0-3-anys.pdf\" data-type=\"attachment\" data-id=\"133\" target=\"_blank\">descarregar-te la fitxa resum del projecte en aquest enlla\u00e7<\/a>. (CAT) \/ <a href=\"https:\/\/webs.uab.cat\/primerainfancia\/wp-content\/uploads\/sites\/44\/2019\/04\/Punt-0-EDU_Model-educacio-i-cura-0-3-anys_EN.pdf\" data-type=\"attachment\" data-id=\"62\" target=\"_blank\" rel=\"noreferrer noopener\">English Version<\/a> (EN)<\/p>\n\n\n\n<p>Visita tamb\u00e9 la secci\u00f3 dels <a href=\"https:\/\/webs.uab.cat\/primerainfancia\/category\/informes\/\" data-type=\"category\" data-id=\"2\">informes de resultats <\/a>per con\u00e8ixer l\u2019evoluci\u00f3 del projecte.<\/p>\n","protected":false},"excerpt":{"rendered":"<p>Models d\u2019educaci\u00f3 i cura de 0 a 3 anys i participaci\u00f3 en el mercat laboral: Estudi de la innovaci\u00f3 social a la ciutat de Barcelona. Us presentem un projecte de recerca que t\u00e9 l\u2019objectiu de con\u00e8ixer per qu\u00e8 les fam\u00edlies (pares\/mares) prefereixen i\/o trien un determinat model d\u2019educaci\u00f3 i cura de 0 a 3 anys [&hellip;]<\/p>\n","protected":false},"author":34,"featured_media":0,"parent":0,"menu_order":0,"comment_status":"closed","ping_status":"closed","template":"sidebar-page.php","meta":{"footnotes":""},"class_list":["post-22","page","type-page","status-publish","hentry"],"_links":{"self":[{"href":"https:\/\/webs.uab.cat\/primerainfancia\/wp-json\/wp\/v2\/pages\/22","targetHints":{"allow":["GET"]}}],"collection":[{"href":"https:\/\/webs.uab.cat\/primerainfancia\/wp-json\/wp\/v2\/pages"}],"about":[{"href":"https:\/\/webs.uab.cat\/primerainfancia\/wp-json\/wp\/v2\/types\/page"}],"author":[{"embeddable":true,"href":"https:\/\/webs.uab.cat\/primerainfancia\/wp-json\/wp\/v2\/users\/34"}],"replies":[{"embeddable":true,"href":"https:\/\/webs.uab.cat\/primerainfancia\/wp-json\/wp\/v2\/comments?post=22"}],"version-history":[{"count":4,"href":"https:\/\/webs.uab.cat\/primerainfancia\/wp-json\/wp\/v2\/pages\/22\/revisions"}],"predecessor-version":[{"id":143,"href":"https:\/\/webs.uab.cat\/primerainfancia\/wp-json\/wp\/v2\/pages\/22\/revisions\/143"}],"wp:attachment":[{"href":"https:\/\/webs.uab.cat\/primerainfancia\/wp-json\/wp\/v2\/media?parent=22"}],"curies":[{"name":"wp","href":"https:\/\/api.w.org\/{rel}","templated":true}]}}

<h2 class="wp-block-heading"><strong>Models d’educació i cura de 0 a 3 anys i participació en el mercat laboral: Estudi de la innovació social a la ciutat de Barcelona.</strong></h2>



<p>Us presentem un projecte de recerca que té l’objectiu de conèixer per què les famílies (pares/mares) prefereixen i/o trien un determinat model d’educació i cura de 0 a 3 anys per als seus fills/es, i un determinat model de participació en el mercat laboral. Aquestes dues decisions es prenen alhora perquè són interdependents i, un cop preses, tenen un impacte majúscul en diverses dimensions d’equitat i (des)igualtat d’oportunitats (no només per als pares/mares, sinó també per als nens/nenes). Per aquest motiu, conèixer les motivacions dels pares/mares en aquestes decisions és molt rellevant des d’un punt de vista social, polític i econòmic.</p>



<p>En els últims anys, a l’oferta tradicional institucionalitzada (pública/privada) d’educació de 0 a 3 anys s’hi han afegit <em>models alternatius innovadors</em>. Quines són les característiques d’aquests models? Com es distribueixen en els barris de Barcelona? Quin perfil de família tria cada opció i per què? Aquest estudi aporta coneixement útil per al disseny d’instruments de política pública que poden influenciar les decisions dels pares/mares i millorar la igualtat d’oportunitats per ells i pels seus fills/es.</p>



<p>La recerca està finançada pel programa RecerCaixa i realitzada per un equip interdisciplinar amb professionals de la Universitat Autònoma de Barcelona i la Universitat de Barcelona. També compta amb una àmplia comissió d&#8217;assessorament integrada per més de mitja dotzena d&#8217;entitats.</p>



<hr class="wp-block-separator has-alpha-channel-opacity"/>



<p>Pots <a rel="noreferrer noopener" href="https://webs.uab.cat/primerainfancia/wp-content/uploads/sites/44/2021/06/Resum-EDU_Model-educacio-i-cura-0-3-anys.pdf" data-type="attachment" data-id="133" target="_blank">descarregar-te la fitxa resum del projecte en aquest enllaç</a>. (CAT) / <a href="https://webs.uab.cat/primerainfancia/wp-content/uploads/sites/44/2019/04/Punt-0-EDU_Model-educacio-i-cura-0-3-anys_EN.pdf" data-type="attachment" data-id="62" target="_blank" rel="noreferrer noopener">English Version</a> (EN)</p>



<p>Visita també la secció dels <a href="https://webs.uab.cat/primerainfancia/category/informes/" data-type="category" data-id="2">informes de resultats </a>per conèixer l’evolució del projecte.</p>

<p>Models d’educació i cura de 0 a 3 anys i participació en el mercat laboral: Estudi de la innovació social a la ciutat de Barcelona. Us presentem un projecte de recerca que té l’objectiu de conèixer per què les famílies (pares/mares) prefereixen i/o trien un determinat model d’educació i cura de 0 a 3 anys [&hellip;]</p>
