{"id":96,"date":"2019-04-17T18:25:32","date_gmt":"2019-04-17T16:25:32","guid":{"rendered":"https:\/\/blogs.uab.cat\/primerainfancia\/?page_id=96"},"modified":"2025-10-10T15:05:52","modified_gmt":"2025-10-10T13:05:52","slug":"mapa-innovacio","status":"publish","type":"page","link":"https:\/\/webs.uab.cat\/primerainfancia\/mapa-innovacio\/","title":{"rendered":"Mapa innovaci\u00f3"},"content":{"rendered":"\n<p>Us oferim el mapa de la innovaci\u00f3 social educativa a Barcelona.<br>Inclou Mares de dia, Xarxa Educaci\u00f3 lliure, Ensenyament reglat d&#8217;educaci\u00f3 infantil, etc&#8230;<\/p>\n\n\n\n<p>Per a la correcta visualitzaci\u00f3 del mapa escolliu l&#8217;enlla\u00e7: <a rel=\"noopener noreferrer\" href=\"https:\/\/www.instamaps.cat\/instavisor\/e9c926adf2313f59d83a6f936df20f9c\/Mapa_Innovacio_EDU_0-3_IGOP.html#13\/41.3981\/2.1863\" target=\"_blank\">Mapa Innovaci\u00f3 EDU 0-3<\/a><\/p>\n\n\n\n<figure class=\"wp-block-image\"><a href=\"https:\/\/www.instamaps.cat\/instavisor\/e9c926adf2313f59d83a6f936df20f9c\/Mapa_Innovacio_EDU_0-3_IGOP.html#13\/41.3981\/2.1863\" target=\"_blank\" rel=\"noopener noreferrer\"><img loading=\"lazy\" decoding=\"async\" width=\"900\" height=\"416\" src=\"https:\/\/webs.uab.cat\/primerainfancia\/wp-content\/uploads\/sites\/44\/2019\/04\/Simulacio-Mapa.jpg\" alt=\"\" class=\"wp-image-100\" srcset=\"https:\/\/webs.uab.cat\/primerainfancia\/wp-content\/uploads\/sites\/44\/2019\/04\/Simulacio-Mapa.jpg 900w, https:\/\/webs.uab.cat\/primerainfancia\/wp-content\/uploads\/sites\/44\/2019\/04\/Simulacio-Mapa-300x139.jpg 300w, https:\/\/webs.uab.cat\/primerainfancia\/wp-content\/uploads\/sites\/44\/2019\/04\/Simulacio-Mapa-768x355.jpg 768w\" sizes=\"auto, (max-width: 900px) 100vw, 900px\" \/><\/a><\/figure>\n\n\n\n<p><\/p>\n","protected":false},"excerpt":{"rendered":"<p>Us oferim el mapa de la innovaci\u00f3 social educativa a Barcelona.Inclou Mares de dia, Xarxa Educaci\u00f3 lliure, Ensenyament reglat d&#8217;educaci\u00f3 infantil, etc&#8230; Per a la correcta visualitzaci\u00f3 del mapa escolliu l&#8217;enlla\u00e7: Mapa Innovaci\u00f3 EDU 0-3<\/p>\n","protected":false},"author":34,"featured_media":0,"parent":0,"menu_order":0,"comment_status":"closed","ping_status":"closed","template":"","meta":{"footnotes":""},"class_list":["post-96","page","type-page","status-publish","hentry"],"_links":{"self":[{"href":"https:\/\/webs.uab.cat\/primerainfancia\/wp-json\/wp\/v2\/pages\/96","targetHints":{"allow":["GET"]}}],"collection":[{"href":"https:\/\/webs.uab.cat\/primerainfancia\/wp-json\/wp\/v2\/pages"}],"about":[{"href":"https:\/\/webs.uab.cat\/primerainfancia\/wp-json\/wp\/v2\/types\/page"}],"author":[{"embeddable":true,"href":"https:\/\/webs.uab.cat\/primerainfancia\/wp-json\/wp\/v2\/users\/34"}],"replies":[{"embeddable":true,"href":"https:\/\/webs.uab.cat\/primerainfancia\/wp-json\/wp\/v2\/comments?post=96"}],"version-history":[{"count":5,"href":"https:\/\/webs.uab.cat\/primerainfancia\/wp-json\/wp\/v2\/pages\/96\/revisions"}],"predecessor-version":[{"id":166,"href":"https:\/\/webs.uab.cat\/primerainfancia\/wp-json\/wp\/v2\/pages\/96\/revisions\/166"}],"wp:attachment":[{"href":"https:\/\/webs.uab.cat\/primerainfancia\/wp-json\/wp\/v2\/media?parent=96"}],"curies":[{"name":"wp","href":"https:\/\/api.w.org\/{rel}","templated":true}]}}

Mapa innovació

<p>Us oferim el mapa de la innovació social educativa a Barcelona.<br>Inclou Mares de dia, Xarxa Educació lliure, Ensenyament reglat d&#8217;educació infantil, etc&#8230;</p>



<p>Per a la correcta visualització del mapa escolliu l&#8217;enllaç: <a rel="noopener noreferrer" href="https://www.instamaps.cat/instavisor/e9c926adf2313f59d83a6f936df20f9c/Mapa_Innovacio_EDU_0-3_IGOP.html#13/41.3981/2.1863" target="_blank">Mapa Innovació EDU 0-3</a></p>



<figure class="wp-block-image"><a href="https://www.instamaps.cat/instavisor/e9c926adf2313f59d83a6f936df20f9c/Mapa_Innovacio_EDU_0-3_IGOP.html#13/41.3981/2.1863" target="_blank" rel="noopener noreferrer"><img loading="lazy" decoding="async" width="900" height="416" src="https://webs.uab.cat/primerainfancia/wp-content/uploads/sites/44/2019/04/Simulacio-Mapa.jpg" alt="" class="wp-image-100" srcset="https://webs.uab.cat/primerainfancia/wp-content/uploads/sites/44/2019/04/Simulacio-Mapa.jpg 900w, https://webs.uab.cat/primerainfancia/wp-content/uploads/sites/44/2019/04/Simulacio-Mapa-300x139.jpg 300w, https://webs.uab.cat/primerainfancia/wp-content/uploads/sites/44/2019/04/Simulacio-Mapa-768x355.jpg 768w" sizes="auto, (max-width: 900px) 100vw, 900px" /></a></figure>



<p></p>

<p>Us oferim el mapa de la innovació social educativa a Barcelona.Inclou Mares de dia, Xarxa Educació lliure, Ensenyament reglat d&#8217;educació infantil, etc&#8230; Per a la correcta visualització del mapa escolliu l&#8217;enllaç: Mapa Innovació EDU 0-3</p>
