{"id":484,"date":"2023-02-22T21:17:58","date_gmt":"2023-02-22T19:17:58","guid":{"rendered":"https:\/\/webs.uab.cat\/programa-universitat-empresa\/?page_id=484"},"modified":"2026-01-28T16:26:38","modified_gmt":"2026-01-28T14:26:38","slug":"faqs","status":"publish","type":"page","link":"https:\/\/webs.uab.cat\/programa-universitat-empresa\/faqs\/","title":{"rendered":"FAQS"},"content":{"rendered":"\n<dl class=\"pir\">\n<dt>Quantes places hi ha al PUE?<\/dt>\n\n\n\n<dd>60 places (curs 2026\/2027).<\/dd>\n\n\n\n<dt>\u00c9s necessari tenir un nivell d&#8217;angl\u00e8s determinat per poder entrar al PUE?<\/dt>\n\n\n\n<dd>No, per entrar al PUE no hi ha cap requeriment sobre l&#8217;angl\u00e8s. Per\u00f2, per la majoria de posicions de pr\u00e0ctiques \u00e9s indispensable (en algunes demanen un B2.2 i en d&#8217;altres un C1.1). Per tant, si vols tenir m\u00e9s opcions per triar les pr\u00e0ctiques que m\u00e9s t&#8217;interessin, hauries de procurar acreditar un nivell d&#8217;angl\u00e8s.<\/dd>\n\n\n\n<dt>Les beques i ajuts pels estudis universitaris s\u00f3n incompatibles amb el PUE?<\/dt>\n\n\n\n<dd>La beca General del Ministeri o la beca d&#8217;Equitat de la Generalitat s\u00f3n compatibles amb el PUE.<\/dd>\n\n\n\n<dt>Si estic cursant tercer, puc demanar la preinscripci\u00f3 al PUE per fer nom\u00e9s quart?<\/dt>\n\n\n\n<dd>No. El programa est\u00e0 disenyat per realitzar-lo en dos cursos, tercer i quart.<\/dd>\n\n\n\n<dt>Si estic cursant el grau d&#8217;ADE o Economia en angl\u00e8s, puc fer el PUE?<\/dt>\n\n\n\n<dd>No. Al PUE nom\u00e9s hi poden participar els estudiants dels graus d&#8217;ADE (codi 1416) i Economia (codi 1407).<\/dd>\n\n\n\n<dt>He fet la preinscripci\u00f3. Quan sabr\u00e9 si he estat seleccionat?<\/dt>\n\n\n\n<dd>La Comissi\u00f3 d&#8217;Admissi\u00f3 es reuneix despr\u00e9s del tancament de les actes del segon quadrimestre (a mitjans de juliol). S&#8217;informa els estudiants, just abans de la data d&#8217;inici del per\u00edode de matriculaci\u00f3 del curs vinent.<\/dd>\n\n\n\n<dt>En cas de ser seleccionat, quan he de fer la matr\u00edcula de tercer?<\/dt>\n\n\n\n<dd>Els estudiants del PUE es matriculen a principis de setembre.<\/dd>\n\n\n\n<dt>En cas de ser seleccionat, puc renunciar a la pla\u00e7a?<\/dt>\n\n\n\n<dd>S\u00ed, pots renunciar a la pla\u00e7a enviant un correu electr\u00f2nic a l&#8217;adre\u00e7a del PUE, indicant-ne els motius.<\/dd>\n\n\n\n<dt>Com alumne PUE, he de participar a les activitats addicionals que el programa organitza?<\/dt>\n\n\n\n<dd>S\u00ed. Els alumnes PUE es comprometen a realitzar les activitats addicionals (seminaris, confer\u00e8ncies, visites, &#8230;) que el programa organitza. En el moment de ser adm\u00e8s, disposar\u00e0s d&#8217;un calendari de les activitats m\u00e9s properes.<\/dd>\n\n\n\n<dt>Les pr\u00e0ctiques s\u00f3n de jornada completa o de mitja jornada?<\/dt>\n\n\n\n<dd>Les pr\u00e0ctiques s\u00f3n a jornada completa.<\/dd>\n\n\n\n<dt>Els horaris de pr\u00e0ctiques s&#8217;adapten a l&#8217;horari personal?<\/dt>\n\n\n\n<dd>No. Durant el per\u00edode de pr\u00e0ctiques l&#8217;estudiant fa el mateix horari que la resta de treballadors de l&#8217;empresa\/instituci\u00f3 assignada.<\/dd>\n\n\n\n<dt>Estic fent unes pr\u00e0ctiques extra-curriculars, les podria convalidar amb l\u2019assignatura de Pr\u00e0ctiques PUE?<\/dt>\n\n\n\n<dd>No. Les pr\u00e0ctiques extra-curriculars no poden convalidar-se amb les Pr\u00e0ctiques PUE.<\/dd>\n<\/dl>\n","protected":false},"excerpt":{"rendered":"","protected":false},"author":61,"featured_media":0,"parent":0,"menu_order":0,"comment_status":"closed","ping_status":"closed","template":"","meta":{"footnotes":""},"class_list":["post-484","page","type-page","status-publish","hentry"],"_links":{"self":[{"href":"https:\/\/webs.uab.cat\/programa-universitat-empresa\/wp-json\/wp\/v2\/pages\/484","targetHints":{"allow":["GET"]}}],"collection":[{"href":"https:\/\/webs.uab.cat\/programa-universitat-empresa\/wp-json\/wp\/v2\/pages"}],"about":[{"href":"https:\/\/webs.uab.cat\/programa-universitat-empresa\/wp-json\/wp\/v2\/types\/page"}],"author":[{"embeddable":true,"href":"https:\/\/webs.uab.cat\/programa-universitat-empresa\/wp-json\/wp\/v2\/users\/61"}],"replies":[{"embeddable":true,"href":"https:\/\/webs.uab.cat\/programa-universitat-empresa\/wp-json\/wp\/v2\/comments?post=484"}],"version-history":[{"count":15,"href":"https:\/\/webs.uab.cat\/programa-universitat-empresa\/wp-json\/wp\/v2\/pages\/484\/revisions"}],"predecessor-version":[{"id":1291,"href":"https:\/\/webs.uab.cat\/programa-universitat-empresa\/wp-json\/wp\/v2\/pages\/484\/revisions\/1291"}],"wp:attachment":[{"href":"https:\/\/webs.uab.cat\/programa-universitat-empresa\/wp-json\/wp\/v2\/media?parent=484"}],"curies":[{"name":"wp","href":"https:\/\/api.w.org\/{rel}","templated":true}]}}

<dl class="pir">
<dt>Quantes places hi ha al PUE?</dt>



<dd>60 places (curs 2026/2027).</dd>



<dt>És necessari tenir un nivell d&#8217;anglès determinat per poder entrar al PUE?</dt>



<dd>No, per entrar al PUE no hi ha cap requeriment sobre l&#8217;anglès. Però, per la majoria de posicions de pràctiques és indispensable (en algunes demanen un B2.2 i en d&#8217;altres un C1.1). Per tant, si vols tenir més opcions per triar les pràctiques que més t&#8217;interessin, hauries de procurar acreditar un nivell d&#8217;anglès.</dd>



<dt>Les beques i ajuts pels estudis universitaris són incompatibles amb el PUE?</dt>



<dd>La beca General del Ministeri o la beca d&#8217;Equitat de la Generalitat són compatibles amb el PUE.</dd>



<dt>Si estic cursant tercer, puc demanar la preinscripció al PUE per fer només quart?</dt>



<dd>No. El programa està disenyat per realitzar-lo en dos cursos, tercer i quart.</dd>



<dt>Si estic cursant el grau d&#8217;ADE o Economia en anglès, puc fer el PUE?</dt>



<dd>No. Al PUE només hi poden participar els estudiants dels graus d&#8217;ADE (codi 1416) i Economia (codi 1407).</dd>



<dt>He fet la preinscripció. Quan sabré si he estat seleccionat?</dt>



<dd>La Comissió d&#8217;Admissió es reuneix després del tancament de les actes del segon quadrimestre (a mitjans de juliol). S&#8217;informa els estudiants, just abans de la data d&#8217;inici del període de matriculació del curs vinent.</dd>



<dt>En cas de ser seleccionat, quan he de fer la matrícula de tercer?</dt>



<dd>Els estudiants del PUE es matriculen a principis de setembre.</dd>



<dt>En cas de ser seleccionat, puc renunciar a la plaça?</dt>



<dd>Sí, pots renunciar a la plaça enviant un correu electrònic a l&#8217;adreça del PUE, indicant-ne els motius.</dd>



<dt>Com alumne PUE, he de participar a les activitats addicionals que el programa organitza?</dt>



<dd>Sí. Els alumnes PUE es comprometen a realitzar les activitats addicionals (seminaris, conferències, visites, &#8230;) que el programa organitza. En el moment de ser admès, disposaràs d&#8217;un calendari de les activitats més properes.</dd>



<dt>Les pràctiques són de jornada completa o de mitja jornada?</dt>



<dd>Les pràctiques són a jornada completa.</dd>



<dt>Els horaris de pràctiques s&#8217;adapten a l&#8217;horari personal?</dt>



<dd>No. Durant el període de pràctiques l&#8217;estudiant fa el mateix horari que la resta de treballadors de l&#8217;empresa/institució assignada.</dd>



<dt>Estic fent unes pràctiques extra-curriculars, les podria convalidar amb l’assignatura de Pràctiques PUE?</dt>



<dd>No. Les pràctiques extra-curriculars no poden convalidar-se amb les Pràctiques PUE.</dd>
</dl>
