{"id":6,"date":"2022-07-24T22:56:06","date_gmt":"2022-07-24T20:56:06","guid":{"rendered":"https:\/\/webs.uab.cat\/programa-universitat-empresa\/?page_id=6"},"modified":"2026-01-28T16:30:51","modified_gmt":"2026-01-28T14:30:51","slug":"programa-universitat-empresa-pue","status":"publish","type":"page","link":"https:\/\/webs.uab.cat\/programa-universitat-empresa\/","title":{"rendered":"Desenvolupem  &#8211; Connectem  &#8211; Impactem"},"content":{"rendered":"\n<div class=\"wp-block-media-text alignwide is-stacked-on-mobile\" style=\"grid-template-columns:25% auto\"><figure class=\"wp-block-media-text__media\"><img loading=\"lazy\" decoding=\"async\" width=\"1024\" height=\"1024\" src=\"https:\/\/webs.uab.cat\/programa-universitat-empresa\/wp-content\/uploads\/sites\/77\/2023\/09\/Logo_PUEFEE-2-1024x1024.jpg\" alt=\"\" class=\"wp-image-1003 size-full\" srcset=\"https:\/\/webs.uab.cat\/programa-universitat-empresa\/wp-content\/uploads\/sites\/77\/2023\/09\/Logo_PUEFEE-2-1024x1024.jpg 1024w, https:\/\/webs.uab.cat\/programa-universitat-empresa\/wp-content\/uploads\/sites\/77\/2023\/09\/Logo_PUEFEE-2-300x300.jpg 300w, https:\/\/webs.uab.cat\/programa-universitat-empresa\/wp-content\/uploads\/sites\/77\/2023\/09\/Logo_PUEFEE-2-150x150.jpg 150w, https:\/\/webs.uab.cat\/programa-universitat-empresa\/wp-content\/uploads\/sites\/77\/2023\/09\/Logo_PUEFEE-2-768x768.jpg 768w, https:\/\/webs.uab.cat\/programa-universitat-empresa\/wp-content\/uploads\/sites\/77\/2023\/09\/Logo_PUEFEE-2.jpg 1066w\" sizes=\"auto, (max-width: 1024px) 100vw, 1024px\" \/><\/figure><div class=\"wp-block-media-text__content\">\n<p>El Programa Universitat-Empresa (PUE) \u00e9s una iniciativa pionera de la<a href=\"https:\/\/www.uab.cat\/economia-empresa\/\" data-type=\"URL\" data-id=\"https:\/\/www.uab.cat\/economia-empresa\/\" target=\"_blank\" rel=\"noreferrer noopener\"> Facultat d&#8217;Economia i Empresa<\/a> de la UAB per apropar la Universitat a l&#8217;empresa i facilitar la professionalitzaci\u00f3 de l&#8217;estudiant mitjan\u00e7ant la seva formaci\u00f3 pr\u00e0ctica a l&#8217;empresa.<br><br>El Programa permet a l&#8217;alumnat aplicar els coneixements rebuts a la Universitat i els facilita la seva incorporaci\u00f3 al m\u00f3n professional amb vuit mesos d&#8217;experi\u00e8ncia en una empresa o instituci\u00f3.<\/p>\n\n\n\n<p>El PUE \u00e9s molt m\u00e9s que pr\u00e0ctiques en empreses. El programa permet entrar en contacte amb el m\u00f3n de l&#8217;empresa, per\u00f2 tamb\u00e9 inculca la cultura de l&#8217;esfor\u00e7, comprom\u00eds, i proporciona als estudiants determinaci\u00f3 i confian\u00e7a en ells mateixos.<\/p>\n\n\n\n<p>El PUE \u00e9s finan\u00e7at per les empreses i les institucions que hi participen i \u00e9s administrat per la <a rel=\"noreferrer noopener\" href=\"https:\/\/www.uab.cat\/parc-recerca\/\" data-type=\"URL\" data-id=\"https:\/\/www.uab.cat\/parc-recerca\/\" target=\"_blank\">Fundaci\u00f3 Parc de Recerca UAB<\/a><\/p>\n\n\n\n<p><\/p>\n<\/div><\/div>\n\n\n\n<div class=\"wp-block-columns alignwide is-layout-flex wp-container-core-columns-is-layout-9d6595d7 wp-block-columns-is-layout-flex\">\n<div class=\"wp-block-column has-text-color has-background has-link-color wp-elements-ff04ef44754c59a8ff9d27448cca4569 is-layout-flow wp-block-column-is-layout-flow\" style=\"color:#000000;background-color:#f0f1f3;padding-top:2em;padding-right:2em;padding-bottom:2em;padding-left:2em\">\n<h2 class=\"wp-block-heading has-text-align-center\" id=\"single\" style=\"font-size:30px\"><strong><strong>Sigues un alumne PUE<\/strong><\/strong><\/h2>\n\n\n<div class=\"wp-block-image\">\n<figure class=\"aligncenter size-full is-resized\"><img loading=\"lazy\" decoding=\"async\" width=\"500\" height=\"300\" src=\"https:\/\/webs.uab.cat\/programa-universitat-empresa\/wp-content\/uploads\/sites\/77\/2022\/07\/student_2.png\" alt=\"\" class=\"wp-image-38\" style=\"width:470px;height:300px\" srcset=\"https:\/\/webs.uab.cat\/programa-universitat-empresa\/wp-content\/uploads\/sites\/77\/2022\/07\/student_2.png 500w, https:\/\/webs.uab.cat\/programa-universitat-empresa\/wp-content\/uploads\/sites\/77\/2022\/07\/student_2-300x180.png 300w\" sizes=\"auto, (max-width: 500px) 100vw, 500px\" \/><\/figure>\n<\/div>\n\n\n<p>Si ets un alumne de 1r o de 2n &#8211; dels graus d&#8217;ADE o d&#8217;Economia &#8211; i cerques una experi\u00e8ncia que et permeti compaginar els dos \u00faltims cursos del grau amb l&#8217;entorn laboral<\/p>\n\n\n\n<div class=\"wp-block-buttons alignfull is-horizontal is-content-justification-center is-layout-flex wp-container-core-buttons-is-layout-499968f5 wp-block-buttons-is-layout-flex\">\n<div class=\"wp-block-button has-custom-width wp-block-button__width-100\"><a class=\"wp-block-button__link has-white-color has-text-color has-background no-border-radius wp-element-button\" href=\"https:\/\/webs.uab.cat\/programa-universitat-empresa\/alumnes\/\" style=\"background-color:#000000\">t&#8217;Interesa!<\/a><\/div>\n<\/div>\n<\/div>\n\n\n\n<div class=\"wp-block-column has-text-color has-background has-link-color wp-elements-3e97b7fa3013a7a35c66b94302557268 is-layout-flow wp-block-column-is-layout-flow\" style=\"color:#000000;background-color:#f0f1f3;padding-top:2em;padding-right:2em;padding-bottom:2em;padding-left:2em\">\n<h2 class=\"wp-block-heading has-text-align-center\" id=\"family\" style=\"font-size:30px\"><strong><strong>Converteix-te en una empresa PUE<\/strong><\/strong><\/h2>\n\n\n<div class=\"wp-block-image\">\n<figure class=\"aligncenter size-thumbnail is-resized\"><img loading=\"lazy\" decoding=\"async\" width=\"150\" height=\"150\" src=\"https:\/\/webs.uab.cat\/programa-universitat-empresa\/wp-content\/uploads\/sites\/77\/2022\/07\/briefcase-150x150.png\" alt=\"\" class=\"wp-image-42\" style=\"width:280px;height:300px\" srcset=\"https:\/\/webs.uab.cat\/programa-universitat-empresa\/wp-content\/uploads\/sites\/77\/2022\/07\/briefcase-150x150.png 150w, https:\/\/webs.uab.cat\/programa-universitat-empresa\/wp-content\/uploads\/sites\/77\/2022\/07\/briefcase-300x300.png 300w, https:\/\/webs.uab.cat\/programa-universitat-empresa\/wp-content\/uploads\/sites\/77\/2022\/07\/briefcase.png 512w\" sizes=\"auto, (max-width: 150px) 100vw, 150px\" \/><\/figure>\n<\/div>\n\n\n<p>El talent que cerques t&#8217;est\u00e0 esperant. <br>Aqu\u00ed pots trobar els millors estudiants d&#8217;ADE i d&#8217;Economia: els  teus futurs col\u00b7laboradors.<\/p>\n\n\n\n<div class=\"wp-block-buttons alignfull is-horizontal is-content-justification-center is-layout-flex wp-container-core-buttons-is-layout-499968f5 wp-block-buttons-is-layout-flex\">\n<div class=\"wp-block-button has-custom-width wp-block-button__width-100 is-style-fill\"><a class=\"wp-block-button__link has-white-color has-text-color has-background no-border-radius wp-element-button\" href=\"https:\/\/webs.uab.cat\/programa-universitat-empresa\/empreses\/\" style=\"background-color:#000000\">descobreix-ne m\u00e9s<\/a><\/div>\n<\/div>\n<\/div>\n<\/div>\n\n\n\n<div class=\"wp-block-cover alignfull is-light\"><span aria-hidden=\"true\" class=\"wp-block-cover__background has-white-background-color has-background-dim-100 has-background-dim\"><\/span><div class=\"wp-block-cover__inner-container is-layout-flow wp-block-cover-is-layout-flow\">\n<h2 class=\"wp-block-heading has-text-align-center\">Una iniciativa d&#8217;\u00e8xit des del curs 1989\/1990<\/h2>\n\n\n\n<p class=\"has-text-align-center\">El Programa Universitat-Empresa porta m\u00e9s de 30 anys formant estudiants altament qualificats per entrar al m\u00f3n laboral.<\/p>\n\n\n\n<div class=\"wp-block-columns alignfull has-text-color has-background is-layout-flex wp-container-core-columns-is-layout-9d6595d7 wp-block-columns-is-layout-flex\" style=\"color:#000000;background-color:#ffffff\">\n<div class=\"wp-block-column is-layout-flow wp-block-column-is-layout-flow\">\n<h2 class=\"wp-block-heading has-text-align-center has-text-color\" style=\"color:#0bb4aa;line-height:1.3\">2.541<\/h2>\n\n\n\n<p class=\"has-text-align-center\">alumnes han participat al PUE<\/p>\n<\/div>\n\n\n\n<div class=\"wp-block-column is-layout-flow wp-block-column-is-layout-flow\">\n<h2 class=\"wp-block-heading has-text-align-center has-text-color\" style=\"color:#0bb4aa;line-height:1.3\"><strong>1<\/strong>82<\/h2>\n\n\n\n<p class=\"has-text-align-center\">empreses han acollit estudiants<\/p>\n<\/div>\n\n\n\n<div class=\"wp-block-column is-layout-flow wp-block-column-is-layout-flow\">\n<h2 class=\"wp-block-heading has-text-align-center has-text-color\" style=\"color:#0bb4aa;line-height:1.3\">98%<\/h2>\n\n\n\n<p class=\"has-text-align-center\">d&#8217;ocupabilitat dels alumni<\/p>\n<\/div>\n<\/div>\n<\/div><\/div>\n\n\n\n<ul class=\"wp-block-social-links is-layout-flex wp-block-social-links-is-layout-flex\">\n\n\n\n<\/ul>\n","protected":false},"excerpt":{"rendered":"<p>El Programa Universitat-Empresa (PUE) \u00e9s una iniciativa pionera de la Facultat d&#8217;Economia i Empresa de la UAB per apropar la Universitat a l&#8217;empresa i facilitar la professionalitzaci\u00f3 de l&#8217;estudiant mitjan\u00e7ant la seva formaci\u00f3 pr\u00e0ctica a l&#8217;empresa. El Programa permet a l&#8217;alumnat aplicar els coneixements rebuts a la Universitat i els facilita la seva incorporaci\u00f3 al [&hellip;]<\/p>\n","protected":false},"author":61,"featured_media":0,"parent":0,"menu_order":0,"comment_status":"closed","ping_status":"closed","template":"index.php","meta":{"footnotes":""},"class_list":["post-6","page","type-page","status-publish","hentry"],"_links":{"self":[{"href":"https:\/\/webs.uab.cat\/programa-universitat-empresa\/wp-json\/wp\/v2\/pages\/6","targetHints":{"allow":["GET"]}}],"collection":[{"href":"https:\/\/webs.uab.cat\/programa-universitat-empresa\/wp-json\/wp\/v2\/pages"}],"about":[{"href":"https:\/\/webs.uab.cat\/programa-universitat-empresa\/wp-json\/wp\/v2\/types\/page"}],"author":[{"embeddable":true,"href":"https:\/\/webs.uab.cat\/programa-universitat-empresa\/wp-json\/wp\/v2\/users\/61"}],"replies":[{"embeddable":true,"href":"https:\/\/webs.uab.cat\/programa-universitat-empresa\/wp-json\/wp\/v2\/comments?post=6"}],"version-history":[{"count":77,"href":"https:\/\/webs.uab.cat\/programa-universitat-empresa\/wp-json\/wp\/v2\/pages\/6\/revisions"}],"predecessor-version":[{"id":1293,"href":"https:\/\/webs.uab.cat\/programa-universitat-empresa\/wp-json\/wp\/v2\/pages\/6\/revisions\/1293"}],"wp:attachment":[{"href":"https:\/\/webs.uab.cat\/programa-universitat-empresa\/wp-json\/wp\/v2\/media?parent=6"}],"curies":[{"name":"wp","href":"https:\/\/api.w.org\/{rel}","templated":true}]}}

<div class="wp-block-media-text alignwide is-stacked-on-mobile" style="grid-template-columns:25% auto"><figure class="wp-block-media-text__media"><img loading="lazy" decoding="async" width="1024" height="1024" src="https://webs.uab.cat/programa-universitat-empresa/wp-content/uploads/sites/77/2023/09/Logo_PUEFEE-2-1024x1024.jpg" alt="" class="wp-image-1003 size-full" srcset="https://webs.uab.cat/programa-universitat-empresa/wp-content/uploads/sites/77/2023/09/Logo_PUEFEE-2-1024x1024.jpg 1024w, https://webs.uab.cat/programa-universitat-empresa/wp-content/uploads/sites/77/2023/09/Logo_PUEFEE-2-300x300.jpg 300w, https://webs.uab.cat/programa-universitat-empresa/wp-content/uploads/sites/77/2023/09/Logo_PUEFEE-2-150x150.jpg 150w, https://webs.uab.cat/programa-universitat-empresa/wp-content/uploads/sites/77/2023/09/Logo_PUEFEE-2-768x768.jpg 768w, https://webs.uab.cat/programa-universitat-empresa/wp-content/uploads/sites/77/2023/09/Logo_PUEFEE-2.jpg 1066w" sizes="auto, (max-width: 1024px) 100vw, 1024px" /></figure><div class="wp-block-media-text__content">
<p>El Programa Universitat-Empresa (PUE) és una iniciativa pionera de la<a href="https://www.uab.cat/economia-empresa/" data-type="URL" data-id="https://www.uab.cat/economia-empresa/" target="_blank" rel="noreferrer noopener"> Facultat d&#8217;Economia i Empresa</a> de la UAB per apropar la Universitat a l&#8217;empresa i facilitar la professionalització de l&#8217;estudiant mitjançant la seva formació pràctica a l&#8217;empresa.<br><br>El Programa permet a l&#8217;alumnat aplicar els coneixements rebuts a la Universitat i els facilita la seva incorporació al món professional amb vuit mesos d&#8217;experiència en una empresa o institució.</p>



<p>El PUE és molt més que pràctiques en empreses. El programa permet entrar en contacte amb el món de l&#8217;empresa, però també inculca la cultura de l&#8217;esforç, compromís, i proporciona als estudiants determinació i confiança en ells mateixos.</p>



<p>El PUE és finançat per les empreses i les institucions que hi participen i és administrat per la <a rel="noreferrer noopener" href="https://www.uab.cat/parc-recerca/" data-type="URL" data-id="https://www.uab.cat/parc-recerca/" target="_blank">Fundació Parc de Recerca UAB</a></p>



<p></p>
</div></div>



<div class="wp-block-columns alignwide is-layout-flex wp-container-core-columns-is-layout-9d6595d7 wp-block-columns-is-layout-flex">
<div class="wp-block-column has-text-color has-background has-link-color wp-elements-ff04ef44754c59a8ff9d27448cca4569 is-layout-flow wp-block-column-is-layout-flow" style="color:#000000;background-color:#f0f1f3;padding-top:2em;padding-right:2em;padding-bottom:2em;padding-left:2em">
<h2 class="wp-block-heading has-text-align-center" id="single" style="font-size:30px"><strong><strong>Sigues un alumne PUE</strong></strong></h2>


<div class="wp-block-image">
<figure class="aligncenter size-full is-resized"><img loading="lazy" decoding="async" width="500" height="300" src="https://webs.uab.cat/programa-universitat-empresa/wp-content/uploads/sites/77/2022/07/student_2.png" alt="" class="wp-image-38" style="width:470px;height:300px" srcset="https://webs.uab.cat/programa-universitat-empresa/wp-content/uploads/sites/77/2022/07/student_2.png 500w, https://webs.uab.cat/programa-universitat-empresa/wp-content/uploads/sites/77/2022/07/student_2-300x180.png 300w" sizes="auto, (max-width: 500px) 100vw, 500px" /></figure>
</div>


<p>Si ets un alumne de 1r o de 2n &#8211; dels graus d&#8217;ADE o d&#8217;Economia &#8211; i cerques una experiència que et permeti compaginar els dos últims cursos del grau amb l&#8217;entorn laboral</p>



<div class="wp-block-buttons alignfull is-horizontal is-content-justification-center is-layout-flex wp-container-core-buttons-is-layout-499968f5 wp-block-buttons-is-layout-flex">
<div class="wp-block-button has-custom-width wp-block-button__width-100"><a class="wp-block-button__link has-white-color has-text-color has-background no-border-radius wp-element-button" href="https://webs.uab.cat/programa-universitat-empresa/alumnes/" style="background-color:#000000">t&#8217;Interesa!</a></div>
</div>
</div>



<div class="wp-block-column has-text-color has-background has-link-color wp-elements-3e97b7fa3013a7a35c66b94302557268 is-layout-flow wp-block-column-is-layout-flow" style="color:#000000;background-color:#f0f1f3;padding-top:2em;padding-right:2em;padding-bottom:2em;padding-left:2em">
<h2 class="wp-block-heading has-text-align-center" id="family" style="font-size:30px"><strong><strong>Converteix-te en una empresa PUE</strong></strong></h2>


<div class="wp-block-image">
<figure class="aligncenter size-thumbnail is-resized"><img loading="lazy" decoding="async" width="150" height="150" src="https://webs.uab.cat/programa-universitat-empresa/wp-content/uploads/sites/77/2022/07/briefcase-150x150.png" alt="" class="wp-image-42" style="width:280px;height:300px" srcset="https://webs.uab.cat/programa-universitat-empresa/wp-content/uploads/sites/77/2022/07/briefcase-150x150.png 150w, https://webs.uab.cat/programa-universitat-empresa/wp-content/uploads/sites/77/2022/07/briefcase-300x300.png 300w, https://webs.uab.cat/programa-universitat-empresa/wp-content/uploads/sites/77/2022/07/briefcase.png 512w" sizes="auto, (max-width: 150px) 100vw, 150px" /></figure>
</div>


<p>El talent que cerques t&#8217;està esperant. <br>Aquí pots trobar els millors estudiants d&#8217;ADE i d&#8217;Economia: els  teus futurs col·laboradors.</p>



<div class="wp-block-buttons alignfull is-horizontal is-content-justification-center is-layout-flex wp-container-core-buttons-is-layout-499968f5 wp-block-buttons-is-layout-flex">
<div class="wp-block-button has-custom-width wp-block-button__width-100 is-style-fill"><a class="wp-block-button__link has-white-color has-text-color has-background no-border-radius wp-element-button" href="https://webs.uab.cat/programa-universitat-empresa/empreses/" style="background-color:#000000">descobreix-ne més</a></div>
</div>
</div>
</div>



<div class="wp-block-cover alignfull is-light"><span aria-hidden="true" class="wp-block-cover__background has-white-background-color has-background-dim-100 has-background-dim"></span><div class="wp-block-cover__inner-container is-layout-flow wp-block-cover-is-layout-flow">
<h2 class="wp-block-heading has-text-align-center">Una iniciativa d&#8217;èxit des del curs 1989/1990</h2>



<p class="has-text-align-center">El Programa Universitat-Empresa porta més de 30 anys formant estudiants altament qualificats per entrar al món laboral.</p>



<div class="wp-block-columns alignfull has-text-color has-background is-layout-flex wp-container-core-columns-is-layout-9d6595d7 wp-block-columns-is-layout-flex" style="color:#000000;background-color:#ffffff">
<div class="wp-block-column is-layout-flow wp-block-column-is-layout-flow">
<h2 class="wp-block-heading has-text-align-center has-text-color" style="color:#0bb4aa;line-height:1.3">2.541</h2>



<p class="has-text-align-center">alumnes han participat al PUE</p>
</div>



<div class="wp-block-column is-layout-flow wp-block-column-is-layout-flow">
<h2 class="wp-block-heading has-text-align-center has-text-color" style="color:#0bb4aa;line-height:1.3"><strong>1</strong>82</h2>



<p class="has-text-align-center">empreses han acollit estudiants</p>
</div>



<div class="wp-block-column is-layout-flow wp-block-column-is-layout-flow">
<h2 class="wp-block-heading has-text-align-center has-text-color" style="color:#0bb4aa;line-height:1.3">98%</h2>



<p class="has-text-align-center">d&#8217;ocupabilitat dels alumni</p>
</div>
</div>
</div></div>



<ul class="wp-block-social-links is-layout-flex wp-block-social-links-is-layout-flex">



</ul>

<p>El Programa Universitat-Empresa (PUE) és una iniciativa pionera de la Facultat d&#8217;Economia i Empresa de la UAB per apropar la Universitat a l&#8217;empresa i facilitar la professionalització de l&#8217;estudiant mitjançant la seva formació pràctica a l&#8217;empresa. El Programa permet a l&#8217;alumnat aplicar els coneixements rebuts a la Universitat i els facilita la seva incorporació al [&hellip;]</p>
