{"id":671,"date":"2023-02-28T14:44:59","date_gmt":"2023-02-28T12:44:59","guid":{"rendered":"https:\/\/webs.uab.cat\/programa-universitat-empresa\/?page_id=671"},"modified":"2025-02-11T17:18:07","modified_gmt":"2025-02-11T15:18:07","slug":"equip","status":"publish","type":"page","link":"https:\/\/webs.uab.cat\/programa-universitat-empresa\/equip\/","title":{"rendered":"Equip"},"content":{"rendered":"\n<h2 class=\"wp-block-heading\">Equip de direcci\u00f3:<\/h2>\n\n\n\n<p><strong>Direcci\u00f3<\/strong>: Carlos Guallarte Nuez<br><strong>Coordinaci\u00f3<\/strong>: Teresa Obis Artal<br><strong>Secretaria<\/strong>: Eul\u00e0lia Aymerich Boira<\/p>\n\n\n\n<h2 class=\"wp-block-heading\">Comissi\u00f3 d&#8217;Admissi\u00f3:<\/h2>\n\n\n\n<p><strong>Deg\u00e0 Facultat d&#8217;Economia i Empresa<\/strong>: Alejandro Rialp Criado<br><strong>Vice-deg\u00e0 d&#8217;Inserci\u00f3 Laboral, Emprenedoria i Pr\u00e0ctiques<\/strong>: Stefan Van Hemmen<br><strong>Director PUE<\/strong>: Carlos Guallarte Nuez<br><strong>Coordinadora PUE<\/strong>: Teresa Obis Artal<\/p>\n\n\n\n<p><\/p>\n","protected":false},"excerpt":{"rendered":"<p>Equip de direcci\u00f3: Direcci\u00f3: Carlos Guallarte NuezCoordinaci\u00f3: Teresa Obis ArtalSecretaria: Eul\u00e0lia Aymerich Boira Comissi\u00f3 d&#8217;Admissi\u00f3: Deg\u00e0 Facultat d&#8217;Economia i Empresa: Alejandro Rialp CriadoVice-deg\u00e0 d&#8217;Inserci\u00f3 Laboral, Emprenedoria i Pr\u00e0ctiques: Stefan Van HemmenDirector PUE: Carlos Guallarte NuezCoordinadora PUE: Teresa Obis Artal<\/p>\n","protected":false},"author":61,"featured_media":0,"parent":0,"menu_order":0,"comment_status":"closed","ping_status":"closed","template":"","meta":{"footnotes":""},"class_list":["post-671","page","type-page","status-publish","hentry"],"_links":{"self":[{"href":"https:\/\/webs.uab.cat\/programa-universitat-empresa\/wp-json\/wp\/v2\/pages\/671","targetHints":{"allow":["GET"]}}],"collection":[{"href":"https:\/\/webs.uab.cat\/programa-universitat-empresa\/wp-json\/wp\/v2\/pages"}],"about":[{"href":"https:\/\/webs.uab.cat\/programa-universitat-empresa\/wp-json\/wp\/v2\/types\/page"}],"author":[{"embeddable":true,"href":"https:\/\/webs.uab.cat\/programa-universitat-empresa\/wp-json\/wp\/v2\/users\/61"}],"replies":[{"embeddable":true,"href":"https:\/\/webs.uab.cat\/programa-universitat-empresa\/wp-json\/wp\/v2\/comments?post=671"}],"version-history":[{"count":5,"href":"https:\/\/webs.uab.cat\/programa-universitat-empresa\/wp-json\/wp\/v2\/pages\/671\/revisions"}],"predecessor-version":[{"id":1206,"href":"https:\/\/webs.uab.cat\/programa-universitat-empresa\/wp-json\/wp\/v2\/pages\/671\/revisions\/1206"}],"wp:attachment":[{"href":"https:\/\/webs.uab.cat\/programa-universitat-empresa\/wp-json\/wp\/v2\/media?parent=671"}],"curies":[{"name":"wp","href":"https:\/\/api.w.org\/{rel}","templated":true}]}}

<h2 class="wp-block-heading">Equip de direcció:</h2>



<p><strong>Direcció</strong>: Carlos Guallarte Nuez<br><strong>Coordinació</strong>: Teresa Obis Artal<br><strong>Secretaria</strong>: Eulàlia Aymerich Boira</p>



<h2 class="wp-block-heading">Comissió d&#8217;Admissió:</h2>



<p><strong>Degà Facultat d&#8217;Economia i Empresa</strong>: Alejandro Rialp Criado<br><strong>Vice-degà d&#8217;Inserció Laboral, Emprenedoria i Pràctiques</strong>: Stefan Van Hemmen<br><strong>Director PUE</strong>: Carlos Guallarte Nuez<br><strong>Coordinadora PUE</strong>: Teresa Obis Artal</p>



<p></p>

<p>Equip de direcció: Direcció: Carlos Guallarte NuezCoordinació: Teresa Obis ArtalSecretaria: Eulàlia Aymerich Boira Comissió d&#8217;Admissió: Degà Facultat d&#8217;Economia i Empresa: Alejandro Rialp CriadoVice-degà d&#8217;Inserció Laboral, Emprenedoria i Pràctiques: Stefan Van HemmenDirector PUE: Carlos Guallarte NuezCoordinadora PUE: Teresa Obis Artal</p>
