{"id":54,"date":"2021-01-18T17:19:55","date_gmt":"2021-01-18T17:19:55","guid":{"rendered":"https:\/\/webs.uab.cat\/projectemencioencarnasanahujayll\/8-de-marc-2021\/"},"modified":"2022-09-07T11:22:24","modified_gmt":"2022-09-07T11:22:24","slug":"8-de-marc-2021","status":"publish","type":"page","link":"https:\/\/webs.uab.cat\/projectemencioencarnasanahujayll\/8-de-marc-2021\/","title":{"rendered":"8 de mar\u00e7 2021"},"content":{"rendered":"\n<figure class=\"wp-block-embed is-type-video is-provider-youtube wp-block-embed-youtube wp-embed-aspect-16-9 wp-has-aspect-ratio\"><div class=\"wp-block-embed__wrapper\">\n<iframe loading=\"lazy\" title=\"Gender\/ed Methodologies: Updating Intersectionality\" width=\"580\" height=\"326\" src=\"https:\/\/www.youtube.com\/embed\/mqXKMQkNSg8?feature=oembed\" frameborder=\"0\" allow=\"accelerometer; autoplay; clipboard-write; encrypted-media; gyroscope; picture-in-picture; web-share\" referrerpolicy=\"strict-origin-when-cross-origin\" allowfullscreen><\/iframe>\n<\/div><figcaption>Pon\u00e8ncia de la Pr. Nira Yuval-Davis en di\u00e0leg amb Maria Rod\u00f3-Z\u00e1rate i Laura Zambrini a la Jornada Internacional Gender\/ed Methdologies: Updating Intersectionality. Organitzada pel M\u00ednor en Estudis de G\u00e8nere de la Universitat Aut\u00f2noma de Barcelona en el marc del projecte Encarna Sanahuja Yl<\/figcaption><\/figure>\n","protected":false},"excerpt":{"rendered":"","protected":false},"author":20,"featured_media":0,"parent":0,"menu_order":0,"comment_status":"closed","ping_status":"closed","template":"","meta":{"footnotes":""},"class_list":["post-54","page","type-page","status-publish","hentry"],"_links":{"self":[{"href":"https:\/\/webs.uab.cat\/projectemencioencarnasanahujayll\/wp-json\/wp\/v2\/pages\/54","targetHints":{"allow":["GET"]}}],"collection":[{"href":"https:\/\/webs.uab.cat\/projectemencioencarnasanahujayll\/wp-json\/wp\/v2\/pages"}],"about":[{"href":"https:\/\/webs.uab.cat\/projectemencioencarnasanahujayll\/wp-json\/wp\/v2\/types\/page"}],"author":[{"embeddable":true,"href":"https:\/\/webs.uab.cat\/projectemencioencarnasanahujayll\/wp-json\/wp\/v2\/users\/20"}],"replies":[{"embeddable":true,"href":"https:\/\/webs.uab.cat\/projectemencioencarnasanahujayll\/wp-json\/wp\/v2\/comments?post=54"}],"version-history":[{"count":1,"href":"https:\/\/webs.uab.cat\/projectemencioencarnasanahujayll\/wp-json\/wp\/v2\/pages\/54\/revisions"}],"predecessor-version":[{"id":266,"href":"https:\/\/webs.uab.cat\/projectemencioencarnasanahujayll\/wp-json\/wp\/v2\/pages\/54\/revisions\/266"}],"wp:attachment":[{"href":"https:\/\/webs.uab.cat\/projectemencioencarnasanahujayll\/wp-json\/wp\/v2\/media?parent=54"}],"curies":[{"name":"wp","href":"https:\/\/api.w.org\/{rel}","templated":true}]}}