{"id":10,"date":"2020-05-22T21:58:31","date_gmt":"2020-05-22T19:58:31","guid":{"rendered":"http:\/\/blogs.uab.cat\/promise\/?page_id=4"},"modified":"2022-07-14T09:25:21","modified_gmt":"2022-07-14T07:25:21","slug":"projecte-promise","status":"publish","type":"page","link":"https:\/\/webs.uab.cat\/promise\/","title":{"rendered":"Projecte Promise"},"content":{"rendered":"<p><img loading=\"lazy\" decoding=\"async\" class=\"alignnone wp-image-52 size-full\" src=\"https:\/\/webs.uab.cat\/promise\/wp-content\/uploads\/sites\/37\/2020\/05\/Top-Promise-Project.jpg\" alt=\"Promise Project\" width=\"960\" height=\"250\" srcset=\"https:\/\/webs.uab.cat\/promise\/wp-content\/uploads\/sites\/37\/2020\/05\/Top-Promise-Project.jpg 960w, https:\/\/webs.uab.cat\/promise\/wp-content\/uploads\/sites\/37\/2020\/05\/Top-Promise-Project-300x78.jpg 300w, https:\/\/webs.uab.cat\/promise\/wp-content\/uploads\/sites\/37\/2020\/05\/Top-Promise-Project-768x200.jpg 768w\" sizes=\"auto, (max-width: 960px) 100vw, 960px\" \/><\/p>\n<p>Promoure la participaci\u00f3 de la joventut i la Mobilitzaci\u00f3 Social (PROMISE en angl\u00e8s) \u00e9s un projecte d\u2019investigaci\u00f3 finan\u00e7at per la UE amb l\u2019objectiu d\u2019explorar el paper dels joves en la conformaci\u00f3 de la societat; passat, present i futur.<\/p>\n<p>El projecte reuneix a dotze centres col\u00b7laboradors a Est\u00f2nia, Finl\u00e0ndia, Alemanya, It\u00e0lia, Portugal, Eslov\u00e0quia, Espanya, la Federaci\u00f3 de R\u00fassia, Cro\u00e0cia i el Regne Unit.<\/p>\n<p>Aquest projecte est\u00e0 finan\u00e7at pel Programa Horitz\u00f3 2020 de Recerca i Innovaci\u00f3 de la Comissi\u00f3 Europea, Conveni de subvenci\u00f3 no. 693221. Amb una durada de tres anys a partir de maig 2016 a abril 2019.<\/p>\n<p><strong>Objectius<\/strong><\/p>\n<p>Els joves solen estar a\u00a0l\u2019avantguarda del canvi social, cultural i pol\u00edtic, sovint impulsat per la seva energia i creativitat, per\u00f2 tamb\u00e9 per la seva frustraci\u00f3 davant els reptes a que s\u2019enfronten. PROMISE t\u00e9 com a objectiu investigar les respostes dels joves a aquests desafiaments, i busca la manera de transformar aix\u00f2 en l\u2019assoliment social positiu. A trav\u00e9s de la comprensi\u00f3 de les experi\u00e8ncies, valors i actituds de la joventut europea PROMISE arribar\u00e0 al cor de les barreres i oportunitats per a la participaci\u00f3 social.<\/p>\n<p>PROMISE es centra espec\u00edficament en els joves en conflicte \u201camb l\u2019autoritat\u201d, i en general, per tant, en conflicte amb les normes socials. Sostenim que aquests joves en conflicte s\u00f3n vistos com els m\u00e9s problem\u00e0tics en termes de comprom\u00eds social positiu, sovint desencadenant respostes negatives i punitives de l\u2019autoritat, que al seu torn fomenten la marginaci\u00f3 i l\u2019estigmatitzaci\u00f3. Els efectes negatius de l\u2019estigma i la marginaci\u00f3 redueixen les oportunitats perqu\u00e8 els joves s\u2019involucrin de manera positiva en l\u2019acci\u00f3 social, i com a resultat, gran part de la creativitat, la innovaci\u00f3 i l\u2019energia dins d\u2019aquests grups es dirigeix lluny d\u2019un canvi social positiu. PROMISE creu que els joves en conflicte presenten importants oportunitats per al canvi i per tant ha de ser el focus principal dels pol\u00edtics i professionals.<\/p>\n","protected":false},"excerpt":{"rendered":"<p>Promoure la participaci\u00f3 de la joventut i la Mobilitzaci\u00f3 Social (PROMISE en angl\u00e8s) \u00e9s un projecte d\u2019investigaci\u00f3 finan\u00e7at per la UE amb l\u2019objectiu d\u2019explorar el paper dels joves en la conformaci\u00f3 de la societat; passat, present i futur. El projecte reuneix a dotze centres col\u00b7laboradors a Est\u00f2nia, Finl\u00e0ndia, Alemanya, It\u00e0lia, Portugal, Eslov\u00e0quia, Espanya, la Federaci\u00f3 [&hellip;]<\/p>\n","protected":false},"author":34,"featured_media":0,"parent":0,"menu_order":0,"comment_status":"closed","ping_status":"closed","template":"","meta":{"footnotes":""},"class_list":["post-10","page","type-page","status-publish","hentry"],"_links":{"self":[{"href":"https:\/\/webs.uab.cat\/promise\/wp-json\/wp\/v2\/pages\/10","targetHints":{"allow":["GET"]}}],"collection":[{"href":"https:\/\/webs.uab.cat\/promise\/wp-json\/wp\/v2\/pages"}],"about":[{"href":"https:\/\/webs.uab.cat\/promise\/wp-json\/wp\/v2\/types\/page"}],"author":[{"embeddable":true,"href":"https:\/\/webs.uab.cat\/promise\/wp-json\/wp\/v2\/users\/34"}],"replies":[{"embeddable":true,"href":"https:\/\/webs.uab.cat\/promise\/wp-json\/wp\/v2\/comments?post=10"}],"version-history":[{"count":2,"href":"https:\/\/webs.uab.cat\/promise\/wp-json\/wp\/v2\/pages\/10\/revisions"}],"predecessor-version":[{"id":95,"href":"https:\/\/webs.uab.cat\/promise\/wp-json\/wp\/v2\/pages\/10\/revisions\/95"}],"wp:attachment":[{"href":"https:\/\/webs.uab.cat\/promise\/wp-json\/wp\/v2\/media?parent=10"}],"curies":[{"name":"wp","href":"https:\/\/api.w.org\/{rel}","templated":true}]}}