{"id":39,"date":"2019-05-13T10:27:42","date_gmt":"2019-05-13T10:27:42","guid":{"rendered":"https:\/\/webs.uab.cat\/rad\/participants\/"},"modified":"2022-09-29T11:36:06","modified_gmt":"2022-09-29T11:36:06","slug":"participants","status":"publish","type":"page","link":"https:\/\/webs.uab.cat\/rad\/en\/participants\/","title":{"rendered":"Participants"},"content":{"rendered":"\n<p><strong><a href=\"http:\/\/grupsderecerca.uab.cat\/transmedia\/content\/carme-mangiron\">Carme Mangiron<\/a><\/strong>&nbsp;(main researcher)<\/p>\n\n\n\n<p><strong><a href=\"http:\/\/grupsderecerca.uab.cat\/transmedia\/content\/anna-matamala\">Anna Matamala<\/a><\/strong>\u00a0(main researcher)<\/p>\n\n\n\n<p><\/p>\n\n\n\n<h3 class=\"has-normal-font-size wp-block-heading\"><strong>Researchers from Universitat Aut\u00f2noma de Barcelona<\/strong><\/h3>\n\n\n\n<p><strong><a href=\"http:\/\/grupsderecerca.uab.cat\/transmedia\/content\/olga-soler\">Olga Soler Vilageliu<\/a><\/strong><\/p>\n\n\n\n<p><strong><a href=\"http:\/\/grupsderecerca.uab.cat\/transmedia\/content\/pilar-orero\">Pilar Orero<\/a><\/strong><\/p>\n\n\n\n<p><strong><a href=\"http:\/\/grupsderecerca.uab.cat\/transmedia\/content\/miquel-edo-0\">Miquel Edo Juli\u00e0<\/a><\/strong><\/p>\n\n\n\n<p><strong><a href=\"http:\/\/grupsderecerca.uab.cat\/transmedia\/content\/helena-casas-tost\">Helena Casas Tost<\/a><\/strong><\/p>\n\n\n\n<p><strong><a href=\"http:\/\/grupsderecerca.uab.cat\/transmedia\/content\/sara-rovira-esteva\">Sara Rovira Esteva<\/a><\/strong><\/p>\n\n\n\n<p><strong><a href=\"http:\/\/grupsderecerca.uab.cat\/transmedia\/content\/maria-j-machuca\">Mar\u00eda Jes\u00fas Machuca Ayuso<\/a><\/strong><\/p>\n\n\n\n<p>Antonio R\u00edos Mestre<\/p>\n\n\n\n<p><\/p>\n\n\n\n<p><\/p>\n\n\n\n<h3 class=\"wp-block-heading\"><strong>Researchers from other universities<\/strong><\/h3>\n\n\n\n<p>Jos\u00e9 Ramon Calvo Ferrer<\/p>\n\n\n\n<p>Juan Pedro Rica Peromingo<\/p>\n\n\n\n<p>Jos\u00e9&nbsp;Ramon Belda Medina<\/p>\n\n\n\n<p><\/p>\n\n\n\n<p><\/p>\n\n\n\n<h3 class=\"wp-block-heading\"><strong>Working team members<\/strong><\/h3>\n\n\n\n<p>Josep D\u00e1vila<\/p>\n\n\n\n<p>Nazaret Fresno<\/p>\n\n\n\n<p>Gian Maria Greco<\/p>\n\n\n\n<p>Irene Hermosa<\/p>\n\n\n\n<p>Anna Jankowska<\/p>\n\n\n\n<p>Mar\u00eda Eugenia Larreina<\/p>\n\n\n\n<p>Yuchen Liu<\/p>\n\n\n\n<p>Liudmila Navtanovich<\/p>\n\n\n\n<p><\/p>\n\n\n\n<p><\/p>\n\n\n\n<h3 class=\"wp-block-heading\"><strong>Working team members from January 2019 to March 2020<\/strong><\/h3>\n\n\n\n<p>Bel\u00e9n Agull\u00f3<\/p>\n\n\n\n<p>Anita Fidyka<\/p>\n\n\n\n<p>Irene Tor-Carrogio<\/p>\n","protected":false},"excerpt":{"rendered":"<p>Carme Mangiron&nbsp;(main researcher) Anna Matamala\u00a0(main researcher) Researchers from Universitat Aut\u00f2noma de Barcelona Olga Soler Vilageliu Pilar Orero Miquel Edo Juli\u00e0 Helena Casas Tost Sara Rovira Esteva Mar\u00eda Jes\u00fas Machuca Ayuso Antonio R\u00edos Mestre Researchers from other universities Jos\u00e9 Ramon Calvo Ferrer Juan Pedro Rica Peromingo Jos\u00e9&nbsp;Ramon Belda Medina Working team members Josep D\u00e1vila Nazaret Fresno [&hellip;]<\/p>\n","protected":false},"author":20,"featured_media":0,"parent":0,"menu_order":0,"comment_status":"closed","ping_status":"closed","template":"","meta":{"footnotes":""},"class_list":["post-39","page","type-page","status-publish","hentry"],"_links":{"self":[{"href":"https:\/\/webs.uab.cat\/rad\/en\/wp-json\/wp\/v2\/pages\/39","targetHints":{"allow":["GET"]}}],"collection":[{"href":"https:\/\/webs.uab.cat\/rad\/en\/wp-json\/wp\/v2\/pages"}],"about":[{"href":"https:\/\/webs.uab.cat\/rad\/en\/wp-json\/wp\/v2\/types\/page"}],"author":[{"embeddable":true,"href":"https:\/\/webs.uab.cat\/rad\/en\/wp-json\/wp\/v2\/users\/20"}],"replies":[{"embeddable":true,"href":"https:\/\/webs.uab.cat\/rad\/en\/wp-json\/wp\/v2\/comments?post=39"}],"version-history":[{"count":6,"href":"https:\/\/webs.uab.cat\/rad\/en\/wp-json\/wp\/v2\/pages\/39\/revisions"}],"predecessor-version":[{"id":169,"href":"https:\/\/webs.uab.cat\/rad\/en\/wp-json\/wp\/v2\/pages\/39\/revisions\/169"}],"wp:attachment":[{"href":"https:\/\/webs.uab.cat\/rad\/en\/wp-json\/wp\/v2\/media?parent=39"}],"curies":[{"name":"wp","href":"https:\/\/api.w.org\/{rel}","templated":true}]}}

<p><strong><a href="http://grupsderecerca.uab.cat/transmedia/content/carme-mangiron">Carme Mangiron</a></strong>&nbsp;(main researcher)</p>



<p><strong><a href="http://grupsderecerca.uab.cat/transmedia/content/anna-matamala">Anna Matamala</a></strong> (main researcher)</p>



<p></p>



<h3 class="has-normal-font-size wp-block-heading"><strong>Researchers from Universitat Autònoma de Barcelona</strong></h3>



<p><strong><a href="http://grupsderecerca.uab.cat/transmedia/content/olga-soler">Olga Soler Vilageliu</a></strong></p>



<p><strong><a href="http://grupsderecerca.uab.cat/transmedia/content/pilar-orero">Pilar Orero</a></strong></p>



<p><strong><a href="http://grupsderecerca.uab.cat/transmedia/content/miquel-edo-0">Miquel Edo Julià</a></strong></p>



<p><strong><a href="http://grupsderecerca.uab.cat/transmedia/content/helena-casas-tost">Helena Casas Tost</a></strong></p>



<p><strong><a href="http://grupsderecerca.uab.cat/transmedia/content/sara-rovira-esteva">Sara Rovira Esteva</a></strong></p>



<p><strong><a href="http://grupsderecerca.uab.cat/transmedia/content/maria-j-machuca">María Jesús Machuca Ayuso</a></strong></p>



<p>Antonio Ríos Mestre</p>



<p></p>



<p></p>



<h3 class="wp-block-heading"><strong>Researchers from other universities</strong></h3>



<p>José Ramon Calvo Ferrer</p>



<p>Juan Pedro Rica Peromingo</p>



<p>José&nbsp;Ramon Belda Medina</p>



<p></p>



<p></p>



<h3 class="wp-block-heading"><strong>Working team members</strong></h3>



<p>Josep Dávila</p>



<p>Nazaret Fresno</p>



<p>Gian Maria Greco</p>



<p>Irene Hermosa</p>



<p>Anna Jankowska</p>



<p>María Eugenia Larreina</p>



<p>Yuchen Liu</p>



<p>Liudmila Navtanovich</p>



<p></p>



<p></p>



<h3 class="wp-block-heading"><strong>Working team members from January 2019 to March 2020</strong></h3>



<p>Belén Agulló</p>



<p>Anita Fidyka</p>



<p>Irene Tor-Carrogio</p>

<p>Carme Mangiron&nbsp;(main researcher) Anna Matamala (main researcher) Researchers from Universitat Autònoma de Barcelona Olga Soler Vilageliu Pilar Orero Miquel Edo Julià Helena Casas Tost Sara Rovira Esteva María Jesús Machuca Ayuso Antonio Ríos Mestre Researchers from other universities José Ramon Calvo Ferrer Juan Pedro Rica Peromingo José&nbsp;Ramon Belda Medina Working team members Josep Dávila Nazaret Fresno [&hellip;]</p>
