{"id":2,"date":"2023-01-11T12:41:34","date_gmt":"2023-01-11T10:41:34","guid":{"rendered":"https:\/\/webs.uab.cat\/radiorosetta\/?page_id=2"},"modified":"2023-01-11T13:59:59","modified_gmt":"2023-01-11T11:59:59","slug":"pagina-exemple","status":"publish","type":"page","link":"https:\/\/webs.uab.cat\/radiorosetta\/pagina-exemple\/","title":{"rendered":"Radio Rosetta"},"content":{"rendered":"\n<p>Tot all\u00f3 que volies saber, escoltar, xerrar o discutir, i tot all\u00f3 que no volies, al mateix puesto. <\/p>\n\n\n\n<p>Un lloc de trobada per lletraferits, punkies, hippies, i d&#8217;altres esp\u00e8cies. <\/p>\n\n\n\n<p>Des d&#8217;alg\u00fan rac\u00f3&#8230; dins la @UABarcelona <\/p>\n\n\n\n<p><\/p>\n\n\n\n<p>First We Take Trafamaldore, then we read Homer.<\/p>\n\n\n\n<blockquote class=\"wp-block-quote is-layout-flow wp-block-quote-is-layout-flow\"><p>Listen:<\/p><p>Billy Pilgrim has come unstuck in time.<\/p><cite>(K. Vonnegut, &#8216;Slaughterhouse Five&#8217;)<\/cite><\/blockquote>\n\n\n\n<p>&#8230; o alguna cosa aix\u00ed:<\/p>\n\n\n\n<blockquote class=\"wp-block-quote is-layout-flow wp-block-quote-is-layout-flow\"><p>[\u03c0\u03bf\u03c4\u03b1\u03bc\u1ff7 \u03b3\u1f70\u03c1 \u03bf\u1f50\u03ba \u1f14\u03c3\u03c4\u03b9\u03bd \u03b5\u03bc\u03b2\u1fc6\u03bd\u03b1\u03b9 \u03b4\u1f76\u03c2 \u03c4\u1ff7 \u03b1\u1f50\u03c4\u1ff7 \u03ba\u03b1\u03b8&#8217; \u1f29\u03c1\u03ac\u03ba\u03bb\u03b5\u03b9\u03c4\u03bf\u03bd \u03bf\u1f50\u03b4\u1f72 \u03b8\u03bd\u03b7\u03c4\u1fc6\u03c2 \u03bf\u1f50\u03c3\u03af\u03b1\u03c2 \u03b4\u1f76\u03c2 \u1f05\u03c8\u03b1\u03c3\u03b8\u03b1\u03b9 \u03ba\u03b1\u03c4\u1f70 \u1f15\u03be\u03b9\u03bd &lt;\u03c4\u1fc6\u03c2 \u03b1\u1f50\u03c4\u1fc6\u03c2&gt;\u00b7 \u1f00\u03bb\u03bb&#8217; \u1f40\u03be\u03cd\u03c4\u03b7\u03c4\u03b9 \u03ba\u03b1\u1f76 \u03c4\u03ac\u03c7\u03b5\u03b9 \u03bc\u03b5\u03c4\u03b1\u03b2\u03bf\u03bb\u1fc6\u03c2] \u03c3\u03ba\u03af\u03b4\u03bd\u03b7\u03c3\u03b9 \u03ba\u03b1\u1f76 \u03c0\u03ac\u03bb\u03b9\u03bd \u03c3\u03c5\u03bd\u03ac\u03b3\u03b5\u03b9 [(\u03bc\u1fb6\u03bb\u03bb\u03bf\u03bd \u03b4\u1f72 \u03bf\u1f50\u03b4\u1f72 \u03c0\u03ac\u03bb\u03b9\u03bd \u03bf\u1f50\u03b4&#8217; \u1f55\u03c3\u03c4\u03b5\u03c1\u03bf\u03bd, \u1f00\u03bb\u03bb&#8217; \u1f05\u03bc\u03b1)] \u03c3\u03c5\u03bd\u03af\u03c3\u03c4\u03b1\u03c4\u03b1\u03b9 \u03ba\u03b1\u1f76 \u1f00\u03c0\u03bf\u03bb\u03b5\u03af\u03c0\u03b5\u03b9 \u03ba\u03b1\u1f76 \u03c0\u03c1\u03cc\u03c3\u03b5\u03b9\u03c3\u03b9 \u03ba\u03b1\u1f76 \u1f04\u03c0\u03b5\u03b9\u03c3\u03b9<\/p><p>[For, according to Heraclitus, it is not possible to step twice into the same river, nor is it possible to touch a mortal substance twice in so far as its state is concerned. But, thanks to the swiftness and speed of change,] it scatters &lt;things&gt; and brings &lt;them&gt; together again, [(or, rather, it brings together and lets go neither again nor later, but simultaneously)] it forms and dissolves, and it approaches and departs.<\/p><cite>(Heraclit, <a href=\"http:\/\/heraclitusfragments.com\/files\/ge.html\">Fragments<\/a>)<\/cite><\/blockquote>\n\n\n\n<p><\/p>\n\n\n\n<p><\/p>\n","protected":false},"excerpt":{"rendered":"<p>Tot all\u00f3 que volies saber, escoltar, xerrar o discutir, i tot all\u00f3 que no volies, al mateix puesto. Un lloc de trobada per lletraferits, punkies, hippies, i d&#8217;altres esp\u00e8cies. Des d&#8217;alg\u00fan rac\u00f3&#8230; dins la @UABarcelona First We Take Trafamaldore, then we read Homer. Listen: Billy Pilgrim has come unstuck in time. (K. Vonnegut, &#8216;Slaughterhouse Five&#8217;) [&hellip;]<\/p>\n","protected":false},"author":1317,"featured_media":0,"parent":0,"menu_order":0,"comment_status":"closed","ping_status":"open","template":"","meta":{"footnotes":""},"class_list":["post-2","page","type-page","status-publish","hentry"],"_links":{"self":[{"href":"https:\/\/webs.uab.cat\/radiorosetta\/wp-json\/wp\/v2\/pages\/2","targetHints":{"allow":["GET"]}}],"collection":[{"href":"https:\/\/webs.uab.cat\/radiorosetta\/wp-json\/wp\/v2\/pages"}],"about":[{"href":"https:\/\/webs.uab.cat\/radiorosetta\/wp-json\/wp\/v2\/types\/page"}],"author":[{"embeddable":true,"href":"https:\/\/webs.uab.cat\/radiorosetta\/wp-json\/wp\/v2\/users\/1317"}],"replies":[{"embeddable":true,"href":"https:\/\/webs.uab.cat\/radiorosetta\/wp-json\/wp\/v2\/comments?post=2"}],"version-history":[{"count":3,"href":"https:\/\/webs.uab.cat\/radiorosetta\/wp-json\/wp\/v2\/pages\/2\/revisions"}],"predecessor-version":[{"id":11,"href":"https:\/\/webs.uab.cat\/radiorosetta\/wp-json\/wp\/v2\/pages\/2\/revisions\/11"}],"wp:attachment":[{"href":"https:\/\/webs.uab.cat\/radiorosetta\/wp-json\/wp\/v2\/media?parent=2"}],"curies":[{"name":"wp","href":"https:\/\/api.w.org\/{rel}","templated":true}]}}