{"id":490,"date":"2022-07-23T22:17:36","date_gmt":"2022-07-23T20:17:36","guid":{"rendered":"https:\/\/webs.uab.cat\/ratnakara\/?page_id=490"},"modified":"2022-07-23T22:17:37","modified_gmt":"2022-07-23T20:17:37","slug":"sandra-saaymans-publications-2","status":"publish","type":"page","link":"https:\/\/webs.uab.cat\/ratnakara\/sandra-saaymans-publications-2\/","title":{"rendered":"Sandra Saayman&#8217;s publications"},"content":{"rendered":"\n<p>\u00ab&nbsp;Tout un cheval, de Breyten Breytenbach&nbsp;\u00bb,&nbsp;<em>Africultures. Afriques du Sud m\u00e9connues<\/em>, Paris&nbsp;: L\u2019Harmattan, n\u00b04 (janvier 1998)&nbsp;: 30-33.<\/p>\n\n\n\n<p>&nbsp;\u00ab&nbsp;L\u2019auto-repr\u00e9sentation de l\u2019artiste incarc\u00e9r\u00e9&nbsp;\u00bb,&nbsp;&nbsp;<em>Les Cahiers du FORELL<\/em>, Universit\u00e9 de Poitiers, n\u00b0 10 (novembre 1999)&nbsp;: 37-42.<\/p>\n\n\n\n<p>\u00ab&nbsp;Les enjeux de la cr\u00e9ation et de l\u2019expression.&nbsp;<em>Disgrace<\/em>&nbsp;de J. M. Coetzee&nbsp;\u00bb,&nbsp;<em>Aliz\u00e9s<\/em>&nbsp;n\u00b0 21,&nbsp;<em>Writing in South Africa at the End of Apartheid and Other Essays<\/em>, Facult\u00e9 des Lettres et des Sciences Humaines, Universit\u00e9 de La R\u00e9union (d\u00e9cembre 2001): 25-36.<\/p>\n\n\n\n<p>\u00ab&nbsp;Le papillon dans \u2018The Thieves and the Word\u2019 de Breyten Breytenbach&nbsp;\u00bb<em>, Publications de la Licorne<\/em>,&nbsp;<em>Le D\u00e9tail,<\/em>&nbsp;Hors S\u00e9rie &#8211; Colloques VII, UFR Langues Litt\u00e9ratures Poitiers (1999)&nbsp;:123-129.<\/p>\n\n\n\n<p>\u00ab&nbsp;A detail&nbsp;: the butterfly in \u2018The Thieves and the word\u2019 by Breyten Breytenbach&nbsp;\u00bb, J. L. Coullie and J. U. Jacobs eds.&nbsp;&nbsp;<em>a.k.a. Breyten Breytenbach<\/em>, New York, Amsterdam, Rodopi (2004)&nbsp;: 249-262.<\/p>\n\n\n\n<p>\u00ab&nbsp;\u2018Everything is going to the dogs\u2019&nbsp;: peinture et \u00e9criture de Breyten Breytenbach&nbsp;\u00bb&nbsp;<em>, Derives et D\u00e9viances<\/em>, actes du colloque CRLHOI, Universit\u00e9 de La R\u00e9union,&nbsp; Paris, Le Publieur (2005)&nbsp;: 265-273.<\/p>\n\n\n\n<p>\u201cKaggen, the Trickster God. Bushman Mythology as a Clue to Reading&nbsp;<em>Dog Heart<\/em>&nbsp;by Breyten Breytenbach,\u201d&nbsp;<em>Eclats d&#8217;Afrique du Sud\/ South African Literature, Hommage \u00e0 Andr\u00e9 Viola<\/em>,&nbsp; with contributions by J.M. Coetzee and Nuruddin Farah, CYCNOS (Centre de Recherches sur les Ecritures de Langue Anglaise, Universit\u00e9 de Nice), 24, 2, (novembre 2007): 59-69.<\/p>\n\n\n\n<p>\u201cThe Resurgence of Prison Imagery in Breyten Breytenbach\u2019s&nbsp;<em>A Veil of Footsteps,<\/em>\u201d&nbsp;<em>Commonwealth. Essays and Studies<\/em>, Vol. 31, n\u00b0 1, (Autumn 2008): 69-79.<\/p>\n\n\n\n<p>\u00ab&nbsp;La repr\u00e9sentation de l\u2019Autre dans l\u2019\u0153uvre de prison de Breyten Breytenbach&nbsp;\u00bb,&nbsp; in&nbsp;<em>Du n\u00e8gre bambara au n\u00e9gropolitain. Les litt\u00e9ratures africaines en contexte transculturel<\/em>, Dir. D. K.Wa Kabwe-Segatti et P. Halen, Edition Universit\u00e9 de Metz, France, Collection \u00ab&nbsp;Litt\u00e9ratures des mondes contemporains&nbsp;\u00bb, n\u00b04 (2008): 135-150.<\/p>\n\n\n\n<p>\u201cIs a South African artist an \u2018African\u2019 artist&nbsp;? An analysis of the questions raised by (South) African art&nbsp;in Ivan Vladislavi\u0107\u2019s \u2018Curiouser.\u2019\u201d&nbsp;<em>Healing South African Wounds. Gu\u00e9rir les blessures de l\u2019Afrique du Sud<\/em>, Cahiers du Cerpac n\u00b07, Presses Universitaires de la M\u00e9diterran\u00e9e (2009): 83-104.<\/p>\n\n\n\n<p>\u201c<strong>\u2018<\/strong>Writing is travelling unfolding its own landscape.\u2019\u201d A discussion with Breyten Breytenbach on&nbsp;<em>A Veil of Footsteps<\/em>.\u201d&nbsp;<em>\u2018n Tydskrif vir Afrika-Letterkunde<\/em>.&nbsp;<em>A Journal for African Literature, Breyten Breytenbach 70<\/em>, University of Pretoria, &nbsp;46\/2, (Spring 2009): 201-212.<\/p>\n\n\n\n<p>\u00ab&nbsp;D\u00e9personnalisation et d\u00e9doublement du protagoniste de&nbsp;<em>The True Confessions of an Albino Terrorist<\/em>&nbsp;de Breyten Breytenbach&nbsp;\u00bb,&nbsp;<em>Langages, \u00e9critures et fronti\u00e8res du corps,<\/em>&nbsp;<em>Travaux et documents&nbsp;<\/em>n\u00b0 40, Universit\u00e9 de La R\u00e9union (d\u00e9cembre 2011)&nbsp;: 97-107.<\/p>\n\n\n\n<p>\u00ab&nbsp;Madone ou Venus? Le nu africain dans&nbsp;<em>The Madonna of Excelsior<\/em>&nbsp;de Zakes Mda \u00bb,&nbsp;<em>Le f\u00e9minin en Orient et en Occident, du Moyen Age \u00e0 nos jours : mythes et r\u00e9alit\u00e9s,&nbsp;<\/em>Presses Universitaires de Saint-\u00c9tienne, Collection \u00ab&nbsp;l\u2019\u00e9cole du genre&nbsp;\u00bb (2011)&nbsp;: 213-221.<\/p>\n\n\n\n<p><em>Breyten Breytenbach,<\/em>&nbsp;<em>A Monologue in Two Voices<\/em>, Johannesburg&nbsp;: Fourthwall Books, 2013.<\/p>\n\n\n\n<p>ISBN 978-0-9870429-4-1<\/p>\n\n\n\n<p>\u201cReading and (not) seeing?\u201d,&nbsp;University of the Sorbonne, Paris,&nbsp;<em>Sillages critiques&nbsp;<\/em>(2014), [online]&nbsp;:&nbsp;<a href=\"https:\/\/sillagescritiques.revues.org\/4647\">https:\/\/sillagescritiques.revues.org\/4647<\/a><\/p>\n\n\n\n<p>\u201cImagining the Other \u2013 the Representation of the African Migrant in Contemporary South African Literature,\u201d&nbsp;<em>International Journal of Languages, Literature and Linguistics<\/em>.&nbsp;<em>ISSN 2374-8850 (Print), 2374-8869 (Online)&nbsp;<\/em>Vol. 3, No. 6; (2016)<\/p>\n\n\n\n<p><a href=\"https:\/\/ijllnet.com\/journal\/index\/2327\">https:\/\/ijllnet.com\/journal\/index\/2327<\/a><\/p>\n","protected":false},"excerpt":{"rendered":"<p>\u00ab&nbsp;Tout un cheval, de Breyten Breytenbach&nbsp;\u00bb,&nbsp;Africultures. Afriques du Sud m\u00e9connues, Paris&nbsp;: L\u2019Harmattan, n\u00b04 (janvier 1998)&nbsp;: 30-33. &nbsp;\u00ab&nbsp;L\u2019auto-repr\u00e9sentation de l\u2019artiste incarc\u00e9r\u00e9&nbsp;\u00bb,&nbsp;&nbsp;Les Cahiers du FORELL, Universit\u00e9 de Poitiers, n\u00b0 10 (novembre 1999)&nbsp;: 37-42. \u00ab&nbsp;Les enjeux de la cr\u00e9ation et de l\u2019expression.&nbsp;Disgrace&nbsp;de J. M. Coetzee&nbsp;\u00bb,&nbsp;Aliz\u00e9s&nbsp;n\u00b0 21,&nbsp;Writing in South Africa at the End of Apartheid and Other Essays, Facult\u00e9 [&hellip;]<\/p>\n","protected":false},"author":20,"featured_media":0,"parent":0,"menu_order":0,"comment_status":"closed","ping_status":"closed","template":"","meta":{"footnotes":""},"class_list":["post-490","page","type-page","status-publish","hentry"],"_links":{"self":[{"href":"https:\/\/webs.uab.cat\/ratnakara\/wp-json\/wp\/v2\/pages\/490","targetHints":{"allow":["GET"]}}],"collection":[{"href":"https:\/\/webs.uab.cat\/ratnakara\/wp-json\/wp\/v2\/pages"}],"about":[{"href":"https:\/\/webs.uab.cat\/ratnakara\/wp-json\/wp\/v2\/types\/page"}],"author":[{"embeddable":true,"href":"https:\/\/webs.uab.cat\/ratnakara\/wp-json\/wp\/v2\/users\/20"}],"replies":[{"embeddable":true,"href":"https:\/\/webs.uab.cat\/ratnakara\/wp-json\/wp\/v2\/comments?post=490"}],"version-history":[{"count":1,"href":"https:\/\/webs.uab.cat\/ratnakara\/wp-json\/wp\/v2\/pages\/490\/revisions"}],"predecessor-version":[{"id":491,"href":"https:\/\/webs.uab.cat\/ratnakara\/wp-json\/wp\/v2\/pages\/490\/revisions\/491"}],"wp:attachment":[{"href":"https:\/\/webs.uab.cat\/ratnakara\/wp-json\/wp\/v2\/media?parent=490"}],"curies":[{"name":"wp","href":"https:\/\/api.w.org\/{rel}","templated":true}]}}