{"id":108,"date":"2022-06-15T16:49:23","date_gmt":"2022-06-15T16:49:23","guid":{"rendered":"https:\/\/webs.uab.cat\/recursosbct\/fons-lynx\/"},"modified":"2025-04-30T10:04:56","modified_gmt":"2025-04-30T10:04:56","slug":"fons-lynx","status":"publish","type":"page","link":"https:\/\/webs.uab.cat\/recursosbct\/fons-lynx\/","title":{"rendered":"FONS LYNX"},"content":{"rendered":"\n<p class=\"has-text-align-center has-large-font-size\"><strong>FONS LYNX<\/strong><\/p>\n\n\n\n<figure class=\"wp-block-table\"><table><tbody><tr><td><a href=\"https:\/\/uab.sharepoint.com\/:x:\/s\/BCT\/EQtkDXQ6BndGos6h-6ZibkwBmgST-1s3vSOL9WTTrpX5Og?e=dfDKaz\" target=\"_blank\" rel=\"noreferrer noopener\">AFEGIR mat\u00e8ries Lemac<\/a><\/td><td><a href=\"https:\/\/uab.sharepoint.com\/:x:\/s\/BCT\/EbO7LnDeukZKuD44BIEHA9YB-brKFT3X93kPdl1IYedSzg?e=Z7bRL0\" target=\"_blank\" rel=\"noreferrer noopener\">Consultar noms dels ocells<\/a><\/td><\/tr><\/tbody><\/table><\/figure>\n\n\n\n<p>Aquesta classificaci\u00f3 \u00e9s per als llibres d&#8217;ocells, s&#8217;ha creat espec\u00edficament per als llibres del Fons Lynx, i segueix l&#8217;ordenaci\u00f3&nbsp;de mat\u00e8ries que tenien els documents a la biblioteca original.<\/p>\n\n\n\n<p>Els llibres del donatiu Lynx que no s\u00f3n sobre ornitologia els incorporarem al fons de la biblioteca (act00) amb el topogr\u00e0fic que els toqui segons la mat\u00e8ria i amb una etiqueta identificativa (FLynx) a la part superior del llom del llibre.<\/p>\n\n\n\n<p>El fons est\u00e0 distribu\u00eft&nbsp;en 4 grans grups de mat\u00e8ries als que s&#8217;ha assignat un n\u00famero de classificaci\u00f3 correlatiu:<\/p>\n\n\n\n<ul class=\"wp-block-list\">\n<li><strong>Ocells en general<\/strong>&nbsp;(0-29)<\/li>\n\n\n\n<li><strong>Ocells del m\u00f3n<\/strong>&nbsp;(30-39), La distribuci\u00f3 geogr\u00e0fica correspon a les <a href=\"https:\/\/es.wikipedia.org\/wiki\/Ecozona\">Ecozones o regions zoogeogr\u00e0fiques<\/a><\/li>\n\n\n\n<li><strong>Sistem\u00e0tica<\/strong>: Ordres i fam\u00edlies (Passeriformes)&nbsp;(40-89).&nbsp;<a href=\"https:\/\/www.worldbirdnames.org\/\">Gill, F, D Donsker, and P Rasmussen (Eds). 2022. IOC World Bird List (v 12.1 DRAFT). Doi 10.14344\/IOC.ML.12.1<\/a><\/li>\n\n\n\n<li><strong>No Ocells<\/strong>&nbsp;(90-99)<\/li>\n<\/ul>\n\n\n\n<hr class=\"wp-block-separator has-alpha-channel-opacity\" \/>\n\n\n\n<p>Per a l&#8217;assignaci\u00f3 del n\u00famero de classificaci\u00f3&nbsp;s&#8217;ha&nbsp;establert un ordre de prioritats:<\/p>\n\n\n\n<ol class=\"wp-block-list\">\n<li>Documents sobre un ocell concret el posarem sempre al n\u00famero de l&#8217;ocell.\n<ul class=\"wp-block-list\">\n<li>Checklist dels \u00e0necs de l&#8217;Empord\u00e0 &#8211;&gt; Anseriformes &#8211;&gt; 48<\/li>\n\n\n\n<li>Els \u00e0necs de l&#8217;Empord\u00e0 &#8211;&gt; Anseriformes &#8211;&gt; 48<\/li>\n<\/ul>\n<\/li>\n\n\n\n<li>Documents d&#8217;un tema (que no sigui un ocell en concret) centrat en un lloc geogr\u00e0fic, els posarem al geogr\u00e0fic.\n<ul class=\"wp-block-list\">\n<li>Els ocells de l&#8217;Empord\u00e0 &#8211;&gt; Pale\u00e0rtic Oest &#8211;&gt; 32<\/li>\n\n\n\n<li>Checklist dels ocells de l&#8217;Empord\u00e0&nbsp; &#8211;&gt; Pale\u00e0rtic Oest &#8211;&gt; 32<\/li>\n<\/ul>\n<\/li>\n\n\n\n<li>Documents d&#8217;un tema gen\u00e8ric al seu n\u00famero de classificaci\u00f3\n<ul class=\"wp-block-list\">\n<li>Checklist dels ocells del m\u00f3n &#8211;&gt; Checklist &#8211;&gt; 00<\/li>\n<\/ul>\n<\/li>\n<\/ol>\n\n\n\n<hr class=\"wp-block-separator has-alpha-channel-opacity\" \/>\n\n\n\n<p>El topogr\u00e0fic dels documents estar\u00e0 format per<\/p>\n\n\n\n<ul class=\"wp-block-list\">\n<li>Identificaci\u00f3 del fons: FLynx<\/li>\n\n\n\n<li>N\u00famero de la classificaci\u00f3<\/li>\n\n\n\n<li>3 lletres de l&#8217;autor\/t\u00edtol<\/li>\n<\/ul>\n\n\n\n<p>Exemple: Apodiformes\/M.Smith = FLynx <b>56 Smi<\/b><\/p>\n\n\n\n<hr class=\"wp-block-separator has-alpha-channel-opacity\" \/>\n\n\n\n<figure class=\"wp-block-table\"><table><tbody><tr><td><strong>CLASSIFICACI\u00d3 DELS LLIBRES DEL FONS LYNX<\/strong><\/td><\/tr><tr><td>OCELLS EN GENERAL<\/td><\/tr><tr><td><strong>00&nbsp; &nbsp;Ocells<\/strong>. Ornitologia<br><strong>02&nbsp; &nbsp;Checklists<\/strong><br><strong>04&nbsp; &nbsp;Diccionaris<\/strong><br><strong>06&nbsp; &nbsp;Taxonomia i nomenclatura<\/strong><br><strong>12&nbsp; &nbsp;Biologia<\/strong><br>H\u00e0bits i comportament<br>Alimentaci\u00f3<br>Migraci\u00f3<br>Evoluci\u00f3<br><strong>16 &nbsp;Conservaci\u00f3. Ocells rars, extingits, en perill <br>20&nbsp; &nbsp;Hist\u00f2ria de l&#8217;ornitologia. <\/strong><br><strong>22  Ornit\u00f2legs<br>25&nbsp; &nbsp;Observaci\u00f3 d&#8217;ocells. <\/strong>Els llibres sobre l&#8217;observaci\u00f3 d&#8217;ocells d&#8217;un lloc concret van al n\u00famero del geogr\u00e0fic que li correspongui<strong><br>27&nbsp; &nbsp;Art naturalista<\/strong> (fotografia, il\u00b7lustraci\u00f3, literatura)<br><strong>28&nbsp;  Miscel\u00b7l\u00e0nia d&#8217;ocells. Home i ocells. Com fer jardins per ocells, caixes niu<\/strong><\/td><\/tr><tr><td>OCELLS per geogr\u00e0fic<\/td><\/tr><tr><td><strong>30<\/strong><br><strong>31&nbsp; &nbsp; Palearctic<\/strong><br><strong>32&nbsp; &nbsp; Palearctic Oest<\/strong><br><strong>33&nbsp; &nbsp; Palearctic Est<\/strong><br><strong>34&nbsp; &nbsp; Afrotropical. \u00c0frica Central i Sud\u00e0frica<\/strong><br><strong>35&nbsp; &nbsp; Indo-Malaia (Asia Sud)<\/strong><br><strong>36&nbsp; &nbsp; Australasia<\/strong>. Inclou Hawai i altres illes disperses de la zona<br><strong>37&nbsp; &nbsp; Neo\u00e0rtica. Am\u00e8rica del Nord<\/strong><br><strong>38&nbsp; &nbsp; Neotropical. Am\u00e8rica del Sud i Central<\/strong><br><strong>39&nbsp; &nbsp; Ant\u00e0rtica<\/strong><\/td><\/tr><tr><td><strong>**Els documents sobre un ocell espec\u00edfic&nbsp;d&#8217;una regi\u00f3 geogr\u00e0fica els posarem al n\u00famero de classificaci\u00f3 de l&#8217;ordre d&#8217;ocells, no a la classificaci\u00f3 geogr\u00e0fica.<\/strong><br><strong>Exemple: <\/strong>La garsa eurasi\u00e0tica &#8211;&gt;&nbsp;<strong>86.55 (C\u00f2rvids) no al 32<\/strong><\/td><\/tr><\/tbody><\/table><\/figure>\n\n\n\n<div class=\"wp-block-columns is-layout-flex wp-container-core-columns-is-layout-9d6595d7 wp-block-columns-is-layout-flex\">\n<div class=\"wp-block-column is-layout-flow wp-block-column-is-layout-flow\" style=\"flex-basis:100%\">\n<figure class=\"wp-block-image size-full is-resized\"><img loading=\"lazy\" decoding=\"async\" width=\"833\" height=\"425\" src=\"https:\/\/webs.uab.cat\/recursosbct\/wp-content\/uploads\/sites\/155\/2024\/04\/RegionesBiogeograficasamb-numero.jpg\" alt=\"\" class=\"wp-image-353\" srcset=\"https:\/\/webs.uab.cat\/recursosbct\/wp-content\/uploads\/sites\/155\/2024\/04\/RegionesBiogeograficasamb-numero.jpg 833w, https:\/\/webs.uab.cat\/recursosbct\/wp-content\/uploads\/sites\/155\/2024\/04\/RegionesBiogeograficasamb-numero-300x153.jpg 300w, https:\/\/webs.uab.cat\/recursosbct\/wp-content\/uploads\/sites\/155\/2024\/04\/RegionesBiogeograficasamb-numero-768x392.jpg 768w\" sizes=\"auto, (max-width: 833px) 100vw, 833px\" \/><\/figure>\n<\/div>\n<\/div>\n\n\n\n<figure class=\"wp-block-table\"><table><tbody><tr><td>ORDRES I FAM\u00cdLIES<br>*Estan com a mat\u00e8ria a la LCSH<\/td><\/tr><tr><td><strong>40   PALAEOGNATHAE.<br>41   STRUTHIONIFORMES. Estru\u00e7os<br>42   RHEIFORMES. Nyand\u00fas<br>43   APTERYGIFORMES. Kiwis<br>44   CASUARIIFORMES. Em\u00fas<br>45   TINAMIFORMES. Tinam\u00fas<br>46   NEOGNATHAE.<br>47   GALLOANSERES.<br>48   OCELLS AQU\u00c0TICS i MARINS<br>49   ANSERIFORMES. \u00c0necs<br>50   GALLIFORMES. Faisans. Perdius. Galls. Guatlles<br>51    NEOAVES.<br>52   CAPRIMULGIFORMES. Enganyapastors<br>53   STEATORNITHIFORMES. Ocell de l&#8217;oli<br>54   NYCTIBIIFORMES. Nictibis<br>55   PODARGIFORMES. Podargs<br>56   AEGOTHELIFORMES. Egotels<br>57   APODIFORMES. Ballesters. Colibr\u00eds. Falciots<br>58   MUSOPHAGIFORMES. Turacs<br>59   OTIDIFORMES. Hubares. Piocs. Sisons<br><br>61   CUCULIFORMES. An\u00eds. Correcamins. Cucuts. Malcoes<br>62   MESITORNITHIFORMES. Mesitornis<br>63   PTEROCLIFORMES. Gangues<br>64   COLUMBIFORMES. Coloms. Goures. Tilinops. T\u00f3rtores<br>65   GRUIFORMES. Carraus. Fotjes. Grues.  Helornis. Polles. Rasclets. Rasclons<br>66   PODICIPEDIFORMES. Cabussets<br>67   PHOENICOPTERIFORMES. Flamencs<br>68   CHARADRIIFORMES. Ocells del litoral. Lim\u00edcoles. Shorebirds. Becades. Corredors. Frarets. Garses. Gavians. Gavines. Guatlles. Perdius<br>69   EURYPYGIFORMES. Kag\u00fa<br>.<br>71   PHAETHONTIFORMES. Cua de joncs<br>72   GAVIIFORMES. Cal\u00e0bries<br>73   SPHENISCIFORMES. Ping\u00fcins<br>74   PROCELLARIIFORMES. Albatros. Baldrigues. Petrells<br>75   CICONIIFORMES. Cigonyes. Jabir\u00fas. Marab\u00fas. T\u00e0ntals<br>76   SULIFORMES. Corbs mar\u00edns. Fregates. Mascarells<br>77   PELECANIFORMES. Pelicans. Agr\u00f3. Becplaner. Bernat. Capons. Ibis. Martinets<br>78   OPISTHOCOMIFORMES. Hoatz\u00edn<br>79   ACCIPITRIFORMES. RAPINYAIRES. \u00c0guiles. Aligots. C\u00f2ndors. Esparvers. Milans. Voltors<br>80   STRIGIFORMES. Owls. Ducs. Mussols. \u00d2libes. Xots<br>81   COLIIFORMES. Ocell ratol\u00ed<br>82   LEPTOSOMIFORMES. Curols<br>83   TROGONIFORMES. Quetzals. Trogons<br>84   CORACIIFORMES. Kingfishers. Abellerols. Alcions. Blauets. Gaigs<\/strong><br><strong>84-1  BUCEROTIFORMES. Hornbills. Calau<br>85   PICIFORMES. Tuc\u00e0ns. Barbacolls. Barbuts. Cabuts. Jacamars. Picots<br>86   CARIAMIFORMES. Seriemes<br>87   FALCONIFORMES. Falcons. Xoriguers<br>88   PSITTACIFORMES. Parrots. Cacatues. Cotorres. Guacamais. Lloros. Papagais. Periquitos<\/strong><br><strong><br>89   PASSERIFORMES.<br>89.01   Family Acanthisittidae.<br>89.02   Family Sapayoidae.<br>89.03   Family Philepittidae.<br>89.04   Family Eurylaimidae.<br>89.05   Family Calyptomenidae.<br>89.06   Family Pittidae.<br>89.07   Family Furnariidae.<br>89.08   Family Thamnophilidae.<br>89.09   Family Formicariidae.<br>89.10   Family Grallariidae.<br>89.11   Family Conopophagidae.<br>89.12   Family Rhinocryptidae.<br>89.13   Family Melanopareiidae.<br>89.14   Family Tyrannidae.<\/strong><br><strong>89.14-3 Familia Cotingidae<br>89.14-6 Familia Pipridae<br>89.15   Family Menuridae.<br>89.16   Family Atrichornithidae.<br>89.17   Family Ptilonorhynchidae.<br>89.18   Family Climacteridae.<br>89.19   Family Maluridae.<br>89.20   Sipodotus.<br>89.21   Family Meliphagidae.<br>89.22   Family Dasyornithidae.<br>89.23   Family Pardalotidae.<br>89.24   Family Acanthizidae.<br>89.25   Family Pomatostomidae.<br>89.26   Family Orthonychidae.<br>89.27   Family Cnemophilidae.<br>89.28   Family Melanocharitidae.<br>89.29   Family Paramythiidae.<br>89.30   Family Callaeidae.<br>89.31   Family Notiomystidae.<br>89.32   Family Psophodidae.<br>89.33   Family Cinclosomatidae.<br>89.34   Family Platysteiridae.<br>89.35   Family Malaconotidae.<br>89.36   Family Machaerirhynchidae.<br>89.37   Family Vangidae.<br>89.38   Family Pityriasidae.<br>89.39   Family Artamidae.<br>89.40   Family Rhagologidae.<br>89.41   Family Aegithinidae.<br>89.42   Family Campephagidae.<br>89.43   Family Mohouidae.<br>89.44   Family Neosittidae.<br>89.45   Family Eulacestomatidae.<br>89.46   Family Oreoicidae.<br>89.47   Family Falcunculidae.<br>89.48   Family Pachycephalidae.<br>89.49   Family Laniidae.<br>89.50   Family Vireonidae.<br>89.51   Family Oriolidae.<br>89.52   Family Dicruridae.<br>89.53   Family Rhipiduridae.<br>89.54   Family Monarchidae.<br>89.55   Family Corvidae.<br>89.56   Family Corcoracidae.<br>89.57   Family Melampittidae.<br>89.58   Family Ifritidae.<br>89.59   Family Paradisaeidae.<br>89.60   Family Petroicidae.<br>89.61 .<br>89.62   Family Picathartidae.<br>89.63   Family Chaetopidae.<br>89.64   Family Eupetidae.<br>89.65   Family Bombycillidae.<br>89.66   Family Ptiliogonatidae.<br>89.67   Family Hypocoliidae.<br>89.68   Family Dulidae.<br>89.69   Family Mohoidae.<br>89.70   Family Hylocitreidae.<br>89.71   Family Stenostiridae.<br>89.72   Family Paridae.<br>89.73   Family Remizidae.<br>89.74   Family Nicatoridae.<br>89.75   Family Panuridae.<br>89.76   Family Alaudidae.<br>89.77   Family Pycnonotidae.<br>89.78   Family Hirundinidae.<br>89.79   Family Pnoepygidae.<br>89.80 .<br>89.81   Family Macrosphenidae.<br>89.82   Family Cettiidae.<br>89.83   Family Scotocercidae.<br>89.84   Family Erythrocercidae.<br>89.85   Family Hyliidae.<br>89.86   Family Aegithalidae.<br>89.87   Family Phylloscopidae.<br>89.88   Family Acrocephalidae.<br>89.89   Family Locustellidae.<br>89.90   Family Donacobiidae.<br>89.91   Family Bernieridae.<br>89.92   Family Cisticolidae.<br>89.93   Family Sylviidae.<br>89.94   Family Paradoxornithidae.<br>89.95   Family Zosteropidae.<br>89.96   Family Timaliidae.<br>89.97   Family Pellorneidae.<br>89.98   Family Alcippeidae.<br>89.99   Family Leiothrichidae.<br>89.100   Family Modulatricidae.<br>89.101   Family Promeropidae.<br>89.102   Family Irenidae.<br>89.103   Irena.<br>89.104   Family Regulidae.<br>89.105   Family Elachuridae.<br>89.106   Family Hyliotidae.<br>89.107   Family Troglodytidae.<br>89.108   Family Polioptilidae.<br>89.109   Family Sittidae.<br>89.110   Family Tichodromidae.<br>89.111   Family Certhiidae.<br>89.112   Family Mimidae.<br>89.113   Family Sturnidae.<br>89.114   Family Buphagidae.<br>89.115   Family Turdidae.<br>89.116   Family Muscicapidae.<br>89.117   Family Cinclidae.<br>89.118   Family Chloropseidae.<br>89.119   <strong>Family Dicaeidae.<\/strong><br>89.120   Family <\/strong>Nectariniidae<strong><br>89.121   Family Passeridae.<br>89.122   Family Ploceidae.<br>89.123   Family Estrildidae.<br>89.124   Family Viduidae.<br>89.125   Family Peucedramidae.<br>89.126   Family Prunellidae.<br>89.127   Family Motacillidae.<br>89.128   Family Urocynchramidae.<br>89.129   Family Fringillidae.<br>89.130   Family Calcariidae.<br>89.131   Family Rhodinocichlidae.<br>89.132   Family Emberizidae.<br>89.133   Family Passerellidae.<br>89.134   Family Calyptophilidae.<br>89.135   Family Phaenicophilidae.<br>89.136   Family Nesospingidae.<br>89.137   Family Spindalidae.<br>89.138   Family Zeledoniidae.<br>89.139   Family Teretistridae.<br>89.140   Family Icteriidae.<br>89.141   Family Icteridae.<br>89.142   Family Parulidae.<br>89.143   Family Mitrospingidae.<br>89.144   Family Cardinalidae.<br>89.145   Family Thraupidae.<\/strong><br><\/td><\/tr><tr><td>ALTRES MAT\u00c8RIES<\/td><\/tr><tr><td>Els Llibres del donatiu de l&#8217;Editorial Lynx que no s\u00f3n d&#8217;Ocells estan a la Sala General al n\u00famero de la CDU que els corresp\u00f2n segons la mat\u00e8ria. Porten una etiqueta identificativa a la part superior del llom del llibre (FLynx)<\/td><\/tr><\/tbody><\/table><\/figure>\n","protected":false},"excerpt":{"rendered":"<p>FONS LYNX AFEGIR mat\u00e8ries Lemac Consultar noms dels ocells Aquesta classificaci\u00f3 \u00e9s per als llibres d&#8217;ocells, s&#8217;ha creat espec\u00edficament per als llibres del Fons Lynx, i segueix l&#8217;ordenaci\u00f3&nbsp;de mat\u00e8ries que tenien els documents a la biblioteca original. Els llibres del donatiu Lynx que no s\u00f3n sobre ornitologia els incorporarem al fons de la biblioteca (act00) [&hellip;]<\/p>\n","protected":false},"author":20,"featured_media":0,"parent":0,"menu_order":0,"comment_status":"closed","ping_status":"closed","template":"","meta":{"footnotes":""},"class_list":["post-108","page","type-page","status-publish","hentry"],"_links":{"self":[{"href":"https:\/\/webs.uab.cat\/recursosbct\/wp-json\/wp\/v2\/pages\/108","targetHints":{"allow":["GET"]}}],"collection":[{"href":"https:\/\/webs.uab.cat\/recursosbct\/wp-json\/wp\/v2\/pages"}],"about":[{"href":"https:\/\/webs.uab.cat\/recursosbct\/wp-json\/wp\/v2\/types\/page"}],"author":[{"embeddable":true,"href":"https:\/\/webs.uab.cat\/recursosbct\/wp-json\/wp\/v2\/users\/20"}],"replies":[{"embeddable":true,"href":"https:\/\/webs.uab.cat\/recursosbct\/wp-json\/wp\/v2\/comments?post=108"}],"version-history":[{"count":67,"href":"https:\/\/webs.uab.cat\/recursosbct\/wp-json\/wp\/v2\/pages\/108\/revisions"}],"predecessor-version":[{"id":721,"href":"https:\/\/webs.uab.cat\/recursosbct\/wp-json\/wp\/v2\/pages\/108\/revisions\/721"}],"wp:attachment":[{"href":"https:\/\/webs.uab.cat\/recursosbct\/wp-json\/wp\/v2\/media?parent=108"}],"curies":[{"name":"wp","href":"https:\/\/api.w.org\/{rel}","templated":true}]}}