{"id":42,"date":"2020-03-16T19:26:10","date_gmt":"2020-03-16T19:26:10","guid":{"rendered":"https:\/\/webs.uab.cat\/recursosbct\/54-2\/"},"modified":"2025-05-19T13:51:59","modified_gmt":"2025-05-19T13:51:59","slug":"54-2","status":"publish","type":"page","link":"https:\/\/webs.uab.cat\/recursosbct\/54-2\/","title":{"rendered":"54. QU\u00cdMICA"},"content":{"rendered":"\n<figure class=\"wp-block-table is-style-regular\"><table><tbody><tr><td><strong>CDU<\/strong><\/td><td><strong>DESCRIPCI\u00d3<\/strong><\/td><\/tr><tr><td>54&nbsp;<\/td><td>Qu\u00edmica. Ci\u00e8ncies mineral\u00f2giques<\/td><\/tr><tr><td>54(05)<\/td><td>Revistes tipus Annual Reports<\/td><\/tr><tr><td>54(08)<\/td><td>Formulaci\u00f3 i Nomenclatura generals<\/td><\/tr><tr><td>54-16<\/td><td>Qu\u00edmica de l&#8217; estat s\u00f2lid<\/td><\/tr><tr><td>54:57<\/td><td>Qu\u00edmica aplicada a la biologia.&nbsp;Qu\u00edmica bioinorg\u00e0nica<\/td><\/tr><tr><td>54:68<\/td><td>Qu\u00edmica computacional<\/td><\/tr><tr><td>541 ()<\/td><td>Qu\u00edmica te\u00f2rica<\/td><\/tr><tr><td>541.1 ()<\/td><td>Qu\u00edmica f\u00edsica<\/td><\/tr><tr><td>541.11 ()<\/td><td>Termoqu\u00edmica<\/td><\/tr><tr><td>541.12 ()<\/td><td>Mec\u00e0nica qu\u00edmica.&nbsp;Mec\u00e0nica qu\u00e0ntica molecular<\/td><\/tr><tr><td>541.121 ()<\/td><td>Est\u00e0tica qu\u00edmica. Equilibri en general<\/td><\/tr><tr><td>541.122 ()<\/td><td>Equilibri dels sistemes homogenis<\/td><\/tr><tr><td>541.123 ()         <\/td><td>Equilibri dels sistemes heterogenis<\/td><\/tr><tr><td>541.124 ()<\/td><td>Din\u00e0mica qu\u00edmica. Mecanismes de reacci\u00f3<\/td><\/tr><tr><td>541.125 ()<\/td><td>L\u00edmits de les reaccions<\/td><\/tr><tr><td>541.126 ()<\/td><td>Reaccions espont\u00e0nies. Explosions. Fen\u00f2mens de combusti\u00f3 fisicoqu\u00edmics. Velocitat d&#8217; ignici\u00f3<\/td><\/tr><tr><td>541.127 ()<\/td><td>Velocitat de reacci\u00f3. Constants de reacci\u00f3<\/td><\/tr><tr><td>541.128 ()<\/td><td>Cat\u00e0lisi. Autocat\u00e0lisi. Combusti\u00f3 espont\u00e0nia. Acceleraci\u00f3 i retard per cat\u00e0lisi<\/td><\/tr><tr><td>541.13 ()<\/td><td>Electroqu\u00edmica<\/td><\/tr><tr><td>541.14 ()<\/td><td>Fotoqu\u00edmica<\/td><\/tr><tr><td>541.15 ()<\/td><td>Radiaci\u00f3 qu\u00edmica<\/td><\/tr><tr><td>541.17 ()<\/td><td>Topoqu\u00edmica<\/td><\/tr><tr><td>541.18 ()<\/td><td>Qu\u00edmica dels col\u00b7loides i de fen\u00f2mens d&#8217; adsorci\u00f3 i de capil\u00b7laritat<\/td><\/tr><tr><td>541.2 ()<\/td><td>Teoria at\u00f2mica.&nbsp;Orbitals moleculars<\/td><\/tr><tr><td>541.22 ()<\/td><td>Lleis estequiom\u00e8triques. Equival\u00e8ncia. Lleis de volums de compostos gasosos, Gay-Lussac<\/td><\/tr><tr><td>541.23 ()<\/td><td>Massa at\u00f2mica relativa. Pes at\u00f2mic<\/td><\/tr><tr><td>541.24 ()<\/td><td>Massa molar relativa. Pes molecular<\/td><\/tr><tr><td>541.25 ()<\/td><td>Volum at\u00f2mic molecular relatiu<\/td><\/tr><tr><td>541.28 ()<\/td><td>Radioqu\u00edmica.&nbsp;Qu\u00edmica qu\u00e0ntica<\/td><\/tr><tr><td>541.4 ()<\/td><td>Combinacions qu\u00edmiques. Tipus de compostos qu\u00edmics<\/td><\/tr><tr><td>541.5 ()<\/td><td>Val\u00e8ncies. Afinitats<\/td><\/tr><tr><td>541.6 ()<\/td><td>Estructura qu\u00edmica. Qu\u00edmica dels pol\u00edmers alts<\/td><\/tr><tr><td>541.60 ()<\/td><td>Simetria molecular i teoria de grups<\/td><\/tr><tr><td>541.62 ()<\/td><td>Isomerisme. Tautomerisme. Mesomerisme<\/td><\/tr><tr><td>541.63 ()<\/td><td>Estereoqu\u00edmica en general<\/td><\/tr><tr><td>541.64 ()<\/td><td>Qu\u00edmica macromolecular. Productes polimeritzats, policondensats, poliadicionats<\/td><\/tr><tr><td>541.65 ()<\/td><td>Relacions de l&#8217; estructura qu\u00edmica amb les propietats \u00f2ptiques, t\u00e8rmiques, el\u00e8ctriques, magn\u00e8tiques, mec\u00e0niques i fisiol\u00f2giques<\/td><\/tr><tr><td>541.7 ()<\/td><td>Al\u00b7lotropia. Isomerisme f\u00edsic. Diferents formes cristal\u00b7lines de subst\u00e0ncies iguales. Polimorfisme. Enantiotropia. Monotropia<\/td><\/tr><tr><td>541.8 ()<\/td><td>Solucions i solubilitat<\/td><\/tr><tr><td>542 ()<\/td><td>Qu\u00edmica pr\u00e0ctica de laboratori. Preparativa i experimental <br><sub>T\u00e8cniques i manuals de laboratori generals. Riscos qu\u00edmics i de la ind\u00fastria qu\u00edmica<br>Per a la Prevenci\u00f3 d&#8217; accidents en general vegeu el <strong>614<\/strong><\/sub><\/td><\/tr><tr><td>543 ()<\/td><td>Qu\u00edmica anal\u00edtica<\/td><\/tr><tr><td>543.06 ()<\/td><td>Procediment anal\u00edtic<\/td><\/tr><tr><td>543.08 ()<\/td><td>M\u00e8todes de mesura en an\u00e0lisi.&nbsp;An\u00e0lisi instrumental. Quimiometria<\/td><\/tr><tr><td>543.2 ()<\/td><td>M\u00e8todes qu\u00edmics d&#8217; an\u00e0lisi<\/td><\/tr><tr><td>543.21 ()<\/td><td>Separaci\u00f3 i determinaci\u00f3 per via humida. Gravimetria<\/td><\/tr><tr><td>543.22 ()<\/td><td>An\u00e0lisi per via seca<\/td><\/tr><tr><td>543.24 ()<\/td><td>Titrimetria. An\u00e0lisi volum\u00e8tric<\/td><\/tr><tr><td>543.25 ()<\/td><td>Electroan\u00e0lisi. M\u00e8todes electrol\u00edtics i electrom\u00e8trics<\/td><\/tr><tr><td>543.3 ()<\/td><td>Presa de mostres i an\u00e0lisi de l&#8217; aigua<\/td><\/tr><tr><td>543.4 ()<\/td><td>M\u00e8todes d&#8217; an\u00e0lisi\u00f2ptic<\/td><\/tr><tr><td>543.41 ()<\/td><td>M\u00e8todes visuals simples. Reaccions de coloraci\u00f3. Coloraci\u00f3 a la flama<\/td><\/tr><tr><td>543.42 ()<\/td><td>An\u00e0lisi espectral. Espectrosc\u00f2pia. Espectrografia<\/td><\/tr><tr><td>543.422 ()           <\/td><td>Resson\u00e0ncia magn\u00e8tica nuclear<\/td><\/tr><tr><td>543.43 ()<\/td><td>An\u00e0lisi colorim\u00e8tric i nefelom\u00e8tric<\/td><\/tr><tr><td>543.45 ()<\/td><td>An\u00e0lisi refractom\u00e8tric i refractometria<\/td><\/tr><tr><td>543.46 ()<\/td><td>An\u00e0lisi interferom\u00e8tric i interferometria<\/td><\/tr><tr><td>543.47 ()<\/td><td>An\u00e0lisi polarim\u00e8tric, polarimetria<\/td><\/tr><tr><td>543.5 ()<\/td><td>M\u00e8todes fisicoqu\u00edmics d&#8217; an\u00e0lisi (excepte els \u00f2ptics)<\/td><\/tr><tr><td>543.51 ()<\/td><td>Espectrometria de masses. An\u00e0lisi de raigs positius<\/td><\/tr><tr><td>543.52 ()<\/td><td>An\u00e0lisi radiom\u00e8tric<\/td><\/tr><tr><td>543.53 ()<\/td><td>M\u00e8todes d&#8217; an\u00e0lisi radioqu\u00edmica. Activaci\u00f3 anal\u00edtica<\/td><\/tr><tr><td>543.54 ()<\/td><td>An\u00e0lisi de capil\u00b7laritat, d&#8217; absorci\u00f3, cromatogr\u00e0fic i electrofor\u00e8sic<\/td><\/tr><tr><td>543.7 ()<\/td><td>An\u00e0lisi de subst\u00e0ncies inorg\u00e0niques<\/td><\/tr><tr><td>543.8 ()<\/td><td>An\u00e0lisi de subst\u00e0ncies org\u00e0niques<\/td><\/tr><tr><td>543.9 ()<\/td><td>An\u00e0lisi per reaccions biol\u00f2giques o bioqu\u00edmiques. Sensors.&nbsp;Biosensors<\/td><\/tr><tr><td>546 ()<\/td><td>Qu\u00edmica inorg\u00e0nica<\/td><\/tr><tr><td>546(08)<\/td><td>Formulaci\u00f3 i Nomenclatura qu\u00edmica inorg\u00e0nica<\/td><\/tr><tr><td>546.08 ()<\/td><td>T\u00e8cniques i manuals de laboratori en qu\u00edmica inorg\u00e0nica<\/td><\/tr><tr><td>546.1 ()<\/td><td>No metalls i metal\u00b7loides en general <\/td><\/tr><tr><td>546.3 ()<\/td><td>Metalls<\/td><\/tr><tr><td>547 ()<\/td><td>Qu\u00edmica org\u00e0nica<\/td><\/tr><tr><td>547(08)<\/td><td>Formulaci\u00f3 i nomenclatura qu\u00edmica org\u00e0nica<\/td><\/tr><tr><td>547.08 ()<\/td><td>T\u00e8cniques i manuals de laboratori en qu\u00edmica org\u00e0nica<\/td><\/tr><tr><td>547.12 ()<\/td><td>Enlla\u00e7os de carboni. Arranjament dels \u00e0toms de carboni a la mol\u00e8cula.&nbsp;Reaccions qu\u00edmiques en qu\u00edmica org\u00e0nica<\/td><\/tr><tr><td>547.2 ()<\/td><td>Compostos ac\u00edclics en general<\/td><\/tr><tr><td>547.3 ()<\/td><td>Hidrocarburs ac\u00edclics no saturats i els seus derivats monosubstitu\u00efts<\/td><\/tr><tr><td>547.4 ()<\/td><td>Compostos ac\u00edclics polisubstitu\u00efts.&nbsp;Organomet\u00e0l\u00b7lics<\/td><\/tr><tr><td>547.5 ()<\/td><td>Compostos isoc\u00edclics en general. Compostos amb un sol anell<\/td><\/tr><tr><td>547.7 ()<\/td><td>Compostos heteroc\u00edclics en general. Compostos heteroc\u00edclics amb un anell de tres, quatre o cinc membres en particular <\/td><\/tr><tr><td>547.9 ()<\/td><td>Subst\u00e0ncies naturals. Subst\u00e0ncies de composici\u00f3 desconeguda<\/td><\/tr><tr><td>548 ()<\/td><td>Cristal\u00b7lografia<br><sup>Agregats cristal\u00b7lins<\/sup><\/td><\/tr><tr><td>548.1 ()<\/td><td>Cristal\u00b7lografia matem\u00e0tica. Teoria dels cristalls com s\u00f2lids geom\u00e8trics (continus)<\/td><\/tr><tr><td>548.3 ()<\/td><td>Qu\u00edmica dels cristalls. Propietats qu\u00edmiques morfol\u00f2giques dels cristalls<\/td><\/tr><tr><td>548.4 ()<\/td><td>Irregularitats dels cristalls. Inclusions. Anomalies. Distorsions<\/td><\/tr><tr><td>548.5 ()<\/td><td>Formaci\u00f3, creixement i solucions de cristalls<\/td><\/tr><tr><td>548.6 ()<\/td><td>Pseudomorfologia de cristalls<\/td><\/tr><tr><td>548.7 ()<\/td><td>Estructura fina dels cristalls. Teoria discont\u00ednua dels cristalls<\/td><\/tr><tr><td>549 ()<\/td><td>Mineralogia i estudi especial de minerals<\/td><\/tr><tr><td>549.091 ()<\/td><td>Gemmologia i pedres precioses<\/td><\/tr><tr><td>549.2 ()<\/td><td>Elements i aliatges en estat natural. Carburs. Fosfurs. Nitrurs<\/td><\/tr><tr><td>549.3 ()<\/td><td>Sulfurs. Sulfosals<\/td><\/tr><tr><td>549.4 ()<\/td><td>Halogenurs<\/td><\/tr><tr><td>549.5 ()<\/td><td>Compostos oxigenats<\/td><\/tr><tr><td>549.6 ()<\/td><td>Silicats. Titanats. Zirconats. Estannats<\/td><\/tr><tr><td>549.7 ()<\/td><td>Altres derivats d&#8217;oxi\u00e0cids<\/td><\/tr><tr><td>549.8 ()<\/td><td>Minerals org\u00e0nics<\/td><\/tr><\/tbody><\/table><\/figure>\n\n\n\n<p class=\"has-gris-londres-background-color has-background\">Revisada el 12\/05\/2025<\/p>\n","protected":false},"excerpt":{"rendered":"<p>CDU DESCRIPCI\u00d3 54&nbsp; Qu\u00edmica. Ci\u00e8ncies mineral\u00f2giques 54(05) Revistes tipus Annual Reports 54(08) Formulaci\u00f3 i Nomenclatura generals 54-16 Qu\u00edmica de l&#8217; estat s\u00f2lid 54:57 Qu\u00edmica aplicada a la biologia.&nbsp;Qu\u00edmica bioinorg\u00e0nica 54:68 Qu\u00edmica computacional 541 () Qu\u00edmica te\u00f2rica 541.1 () Qu\u00edmica f\u00edsica 541.11 () Termoqu\u00edmica 541.12 () Mec\u00e0nica qu\u00edmica.&nbsp;Mec\u00e0nica qu\u00e0ntica molecular 541.121 () Est\u00e0tica qu\u00edmica. Equilibri en [&hellip;]<\/p>\n","protected":false},"author":20,"featured_media":0,"parent":0,"menu_order":0,"comment_status":"closed","ping_status":"closed","template":"","meta":{"footnotes":""},"class_list":["post-42","page","type-page","status-publish","hentry"],"_links":{"self":[{"href":"https:\/\/webs.uab.cat\/recursosbct\/wp-json\/wp\/v2\/pages\/42","targetHints":{"allow":["GET"]}}],"collection":[{"href":"https:\/\/webs.uab.cat\/recursosbct\/wp-json\/wp\/v2\/pages"}],"about":[{"href":"https:\/\/webs.uab.cat\/recursosbct\/wp-json\/wp\/v2\/types\/page"}],"author":[{"embeddable":true,"href":"https:\/\/webs.uab.cat\/recursosbct\/wp-json\/wp\/v2\/users\/20"}],"replies":[{"embeddable":true,"href":"https:\/\/webs.uab.cat\/recursosbct\/wp-json\/wp\/v2\/comments?post=42"}],"version-history":[{"count":15,"href":"https:\/\/webs.uab.cat\/recursosbct\/wp-json\/wp\/v2\/pages\/42\/revisions"}],"predecessor-version":[{"id":771,"href":"https:\/\/webs.uab.cat\/recursosbct\/wp-json\/wp\/v2\/pages\/42\/revisions\/771"}],"wp:attachment":[{"href":"https:\/\/webs.uab.cat\/recursosbct\/wp-json\/wp\/v2\/media?parent=42"}],"curies":[{"name":"wp","href":"https:\/\/api.w.org\/{rel}","templated":true}]}}