{"id":43,"date":"2020-03-16T20:21:35","date_gmt":"2020-03-16T20:21:35","guid":{"rendered":"https:\/\/webs.uab.cat\/recursosbct\/55-2\/"},"modified":"2025-05-12T13:55:37","modified_gmt":"2025-05-12T13:55:37","slug":"55-2","status":"publish","type":"page","link":"https:\/\/webs.uab.cat\/recursosbct\/55-2\/","title":{"rendered":"55, CI\u00c8NCIES DE LA TERRA. GEOLOGIA"},"content":{"rendered":"\n<figure class=\"wp-block-table\"><table><tbody><tr><td>CDU<\/td><td>DESCRIPCI\u00d3<\/td><\/tr><tr><td>55<\/td><td>Ci\u00e8ncies de la terra. Geografia f\u00edsica<sub><em><br>Per a la geologia regional vegeu el <\/em><strong>551(&#8230;)<\/strong><em>.<\/em> <\/sub><\/td><\/tr><tr><td>550.3<\/td><td>Geof\u00edsica. Geologia f\u00edsica. <br><sub>La geografia f\u00edsica va al <strong>55<\/strong><\/sub><\/td><\/tr><tr><td>550.34 ()<\/td><td>Sismologia. Terratr\u00e8mols en general<\/td><\/tr><tr><td>550.38<\/td><td>Magnetisme terrestre (geomagnetisme)<\/td><\/tr><tr><td>550.4<\/td><td>Geoqu\u00edmica<\/td><\/tr><tr><td>550.8<\/td><td>Geologia i geof\u00edsica aplicada. Prospecci\u00f3 i exploracions geol\u00f2giques. Interpretaci\u00f3 dels resultats <br><p align=\"left\"><\/p><\/td><\/tr><tr><td>550.8:504 ()                          <\/td><td>Geologia ambiental<\/td><\/tr><tr><td>550.8:528 ()<\/td><td>Interpretaci\u00f3 de mapes geol\u00f2gics <br><sub>Per a la Interpretaci\u00f3 de Mapes en general, la Cartografia, la Topografia i la Fotogrametria vegeu el <strong>528<\/strong><\/sub><\/td><\/tr><tr><td>550.93<\/td><td>Geocronologia<\/td><\/tr><tr><td>551<\/td><td>Geologia. Meteorologia. Climatologia. Geologia hist\u00f2rica. Estratigrafia. Paleogeografia <\/td><\/tr><tr><td>551(08)<\/td><td>Itineraris geol\u00f2gics<\/td><\/tr><tr><td>551(..)<\/td><td>Geologia regional<\/td><\/tr><tr><td>551.1<\/td><td>Estructura general de la terra<\/td><\/tr><tr><td>551.2<\/td><td>Geodin\u00e0mica interna (processos end\u00f2gens)<\/td><\/tr><tr><td>551.21 ()<\/td><td>Vulcanisme. Volcans. Erupcions <\/td><\/tr><tr><td>551.24 ()<\/td><td>Geotect\u00f2nica i geologia estructural <\/td><\/tr><tr><td>551.3<\/td><td>Geodin\u00e0mica externa (processos ex\u00f2gens)<\/td><\/tr><tr><td>551.3.051 ()<\/td><td>Sedimentaci\u00f3. Estratificaci\u00f3.\u00a0Dip\u00f2sits <br><sub>Per a la Estratigrafia vegeu el <strong>551.7<\/strong><\/sub><br><sub>Per a les Roques sediment\u00e0ries el <strong>552.5<\/strong><\/sub><\/td><\/tr><tr><td>551.3.053 ()<\/td><td>Erosi\u00f3. Corrosi\u00f3. Exposici\u00f3 a la intemp\u00e8rie<\/td><\/tr><tr><td>551.31<\/td><td>Formacions terrestres<\/td><\/tr><tr><td>551.32<\/td><td>Glaciologia. Geologia glacial <\/td><\/tr><tr><td>551.35 ()<\/td><td>Dip\u00f2sits marins<\/td><\/tr><tr><td>551.4 ()<\/td><td>Geomorfologia. Estudi de la forma f\u00edsica de la terra <\/td><\/tr><tr><td>551.46 ()<\/td><td>Oceanografia f\u00edsica. Topografia submarina. Fons oce\u00e0nic.&nbsp;Propietats de l&#8217; aigua de mar<\/td><\/tr><tr><td>551.5 ()<\/td><td>Meteorologia <\/td><\/tr><tr><td>551.58 ()<\/td><td>Climatologia<\/td><\/tr><tr><td>551.7 ()<\/td><td><p>Geologia hist\u00f2rica. Estratigrafia<\/p><sub>Per a la Sedimentologia vegeu el <strong>552.4<\/strong><br>Per a la Sedimentaci\u00f3 vegeu <strong>551.3.051<\/strong><br>Per a les Roques sediment\u00e0ries vegeu <strong>el 552.5<br><\/strong>Per als Dip\u00f2sits vegeu el <strong>552.4<\/strong><\/sub><\/td><\/tr><tr><td>551.8 ()<\/td><td>Paleogeografia<\/td><\/tr><tr><td>552<\/td><td>Petrologia <\/td><\/tr><tr><td>552.3<\/td><td>Roques \u00edgnies. Roques magm\u00e0tiques<\/td><\/tr><tr><td>552.4<\/td><td>Roques metam\u00f2rfiques<\/td><\/tr><tr><td>552.5<\/td><td>Roques sediment\u00e0ries. Sedimentologia <br><sub><strong>Sedimentologia (roques sed.)<\/strong>: Geologia din\u00e0mica dels sediments i de les roques sediment\u00e0ries (en oposici\u00f3 a la petrografia sediment\u00e0ria cl\u00e0ssica), la qual a m\u00e9s de fer-ne la descripci\u00f3, estudia les estructures sediment\u00e0ries i les relacions entre els sediments, llur g\u00e8nesi i diag\u00e8nesi, els ambients i processos sedimentaris, la conca sediment\u00e0ria, l&#8217;\u00e0rea font dels materials, etc.<br><strong>Dip\u00f2sit<\/strong>. En sedimentologia, petrologia sediment\u00e0ria<p align=\"left\"><\/p>Per a la Sedimentologia vegeu el <strong>551.7<\/strong><\/sub><br><sub>Per als Dip\u00f2sits vegeu el <strong>551.7<\/strong><\/sub><\/td><\/tr><tr><td>553 ()<\/td><td>Geologia econ\u00f2mica. Jaciments minerals<\/td><\/tr><tr><td>556 ()<\/td><td>Hidrosfera. Aigua en general. Hidrologia <br><sub>Nota:&nbsp; Inclou el <strong>556.1<\/strong><br>Hidrologia forestal<strong> 556(25)<\/strong><\/sub><\/td><\/tr><tr><td>556(23)<\/td><td>Hidrologia forestal. <br><sup>(ep 28\/3\/2025: els llibres estan en aquest n\u00famero)<\/sup><\/td><\/tr><tr><td>556.3 ()<\/td><td>Hidrologia subterr\u00e0nia. Geohidrologia. Hidrogeologia<\/td><\/tr><tr><td>556.5 ()<\/td><td>Hidrologia de l&#8217; aigua de superf\u00edcie. Hidrologia terrestre<\/td><\/tr><tr><td colspan=\"2\"><sub><strong><em>Definicions extretes de: <\/em> <\/strong><br>Diccionari de geologia \/ direcci\u00f3: Oriol Riba i Arderiu ; principals col\u00b7laboradors: Salvador Gal\u00ed i Medina &#8230; [et al.]. Barcelona : Institut d&#8217;Estudis Catalans: Enciclop\u00e8dia Catalana, 1997. 1407 p. ; 22 cm. 84-412-2793-4<\/sub><\/td><\/tr><\/tbody><\/table><\/figure>\n\n\n\n<figure class=\"wp-block-table\"><table><tbody><tr><td class=\"has-text-align-right\" data-align=\"right\"> <strong>Concreci\u00f3 <\/strong><span style=\"font-weight: inherit;color: var(--color-negre);letter-spacing: 0.05rem;font-family: Verdana, Arial, Helvetica, sans-serif;font-size: xx-small\"><strong>Revisada el 21\/06\/2012<\/strong><\/span> <\/td><\/tr><\/tbody><\/table><\/figure>\n","protected":false},"excerpt":{"rendered":"<p>CDU DESCRIPCI\u00d3 55 Ci\u00e8ncies de la terra. Geografia f\u00edsicaPer a la geologia regional vegeu el 551(&#8230;). 550.3 Geof\u00edsica. Geologia f\u00edsica. La geografia f\u00edsica va al 55 550.34 () Sismologia. Terratr\u00e8mols en general 550.38 Magnetisme terrestre (geomagnetisme) 550.4 Geoqu\u00edmica 550.8 Geologia i geof\u00edsica aplicada. Prospecci\u00f3 i exploracions geol\u00f2giques. Interpretaci\u00f3 dels resultats 550.8:504 () Geologia ambiental 550.8:528 [&hellip;]<\/p>\n","protected":false},"author":20,"featured_media":0,"parent":0,"menu_order":0,"comment_status":"closed","ping_status":"closed","template":"","meta":{"footnotes":""},"class_list":["post-43","page","type-page","status-publish","hentry"],"_links":{"self":[{"href":"https:\/\/webs.uab.cat\/recursosbct\/wp-json\/wp\/v2\/pages\/43","targetHints":{"allow":["GET"]}}],"collection":[{"href":"https:\/\/webs.uab.cat\/recursosbct\/wp-json\/wp\/v2\/pages"}],"about":[{"href":"https:\/\/webs.uab.cat\/recursosbct\/wp-json\/wp\/v2\/types\/page"}],"author":[{"embeddable":true,"href":"https:\/\/webs.uab.cat\/recursosbct\/wp-json\/wp\/v2\/users\/20"}],"replies":[{"embeddable":true,"href":"https:\/\/webs.uab.cat\/recursosbct\/wp-json\/wp\/v2\/comments?post=43"}],"version-history":[{"count":7,"href":"https:\/\/webs.uab.cat\/recursosbct\/wp-json\/wp\/v2\/pages\/43\/revisions"}],"predecessor-version":[{"id":765,"href":"https:\/\/webs.uab.cat\/recursosbct\/wp-json\/wp\/v2\/pages\/43\/revisions\/765"}],"wp:attachment":[{"href":"https:\/\/webs.uab.cat\/recursosbct\/wp-json\/wp\/v2\/media?parent=43"}],"curies":[{"name":"wp","href":"https:\/\/api.w.org\/{rel}","templated":true}]}}